000
CXUS55 KCTP 180700
CF6JST
PRELIMINARY LOCAL CLIMATOLOGICAL DATA (WS FORM: F-6)

                                          STATION:   JOHNSTOWN
                                          MONTH:     OCTOBER
                                          YEAR:      2017
                                          LATITUDE:   40 18 N
                                          LONGITUDE:  78 50 W

  TEMPERATURE IN F:       :PCPN:    SNOW:  WIND      :SUNSHINE: SKY     :PK WND
================================================================================
1   2   3   4   5  6A  6B    7    8   9   10  11  12  13   14  15   16   17  18
                                     12Z  AVG MX 2MIN
DY MAX MIN AVG DEP HDD CDD  WTR  SNW DPTH SPD SPD DIR MIN PSBL S-S WX    SPD DR
================================================================================

 1  63  39  51  -3  14   0 0.00    M    M  3.4 10 150   M    M   0        15 160
 2  72  43  58   4   7   0 0.00    M    M  4.8  9 130   M    M   0        14 130
 3  72  51  62   9   3   0 0.00    M    M  7.9 14 160   M    M   0        20 170
 4  77  51  64  11   1   0 0.00    M    M  8.2 10 240   M    M   0         M  M
 5  74  61  68  15   0   3 0.19    M    M  7.9 17 270   M    M   8 1      22 250
 6  70  58  64  12   1   0 0.00    M    M  5.0 14 250   M    M  10 12     16 260
 7  79  62  71  19   0   6    T    M    M  9.3 21 170   M    M   1        26 170
 8  72  67  70  18   0   5 0.38    M    M  8.7 18 240   M    M   8 1      26 260
 9  71  67  69  17   0   4 0.50    M    M 10.2 18 250   M    M   8 12     28 150
10  76  61  69  18   0   4 0.00    M    M  5.0 12 330   M    M   4 12     15 280
11  69  60  65  14   0   0 0.51    M    M  4.0 10 110   M    M   8 12     15 110
12  61  53  57   6   8   0    T    M    M  8.7 16 150   M    M  10 12     24 150
13  56  51  54   4  11   0 0.00    M    M  9.5 16 160   M    M  10 1      24 150
14  73  55  64  14   1   0 0.00    M    M  5.2 12 170   M    M   5 12     17 170
15  76  54  65  15   0   0 0.29    M    M 11.7 29 300   M    M   5 18     37 320
16  54  39  47  -3  18   0    T    M    M 12.0 22 300   M    M   5        29 310
17  57  33  45  -4  20   0 0.00    M    M  6.3 13 280   M    M   0        19 280
================================================================================
SM 1172  905        84  22  1.87    M    127.8          M       82
================================================================================
AV 68.9 53.2                               7.5 FASTST   M    M   5    MAX(MPH)
                                 MISC ---->  # 29 300               # 37  320
================================================================================
NOTES:
# LAST OF SEVERAL OCCURRENCES

COLUMN 17 PEAK WIND IN M.P.H.

PRELIMINARY LOCAL CLIMATOLOGICAL DATA (WS FORM: F-6) , PAGE 2

                                          STATION:  JOHNSTOWN
                                          MONTH:    OCTOBER
                                          YEAR:     2017
                                          LATITUDE:   40 18 N
                                          LONGITUDE:  78 50 W

[TEMPERATURE DATA]      [PRECIPITATION DATA]       SYMBOLS USED IN COLUMN 16

AVERAGE MONTHLY: 61.1   TOTAL FOR MONTH:   1.87    1 = FOG OR MIST
DPTR FM NORMAL:   9.5   DPTR FM NORMAL:    0.12    2 = FOG REDUCING VISIBILITY
HIGHEST:    79 ON  7    GRTST 24HR  0.51 ON 11-11      TO 1/4 MILE OR LESS
LOWEST:     33 ON 17                               3 = THUNDER
                        SNOW, ICE PELLETS, HAIL    4 = ICE PELLETS
                        TOTAL MONTH:    M          5 = HAIL
                        GRTST 24HR    M  ON   M    6 = FREEZING RAIN OR DRIZZLE
                        GRTST DEPTH:  M  ON   M    7 = DUSTSTORM OR SANDSTORM:
                                                       VSBY 1/2 MILE OR LESS
                                                   8 = SMOKE OR HAZE
[NO. OF DAYS WITH]      [WEATHER - DAYS WITH]      9 = BLOWING SNOW
                                                   X = TORNADO
MAX 32 OR BELOW:   0    0.01 INCH OR MORE:   5
MAX 90 OR ABOVE:   0    0.10 INCH OR MORE:   5
MIN 32 OR BELOW:   0    0.50 INCH OR MORE:   2
MIN  0 OR BELOW:   0    1.00 INCH OR MORE:   0

[HDD (BASE 65) ]
TOTAL THIS MO.    84    CLEAR  (SCALE 0-3)   6
DPTR FM NORMAL  -146    PTCLDY (SCALE 4-7)   7
TOTAL FM JUL 1   252    CLOUDY (SCALE 8-10)  4
DPTR FM NORMAL  -196

[CDD (BASE 65) ]
TOTAL THIS MO.    22
DPTR FM NORMAL    22    [PRESSURE DATA]
TOTAL FM JAN 1   497    HIGHEST SLP M ON M
DPTR FM NORMAL   115    LOWEST  SLP 29.71 ON 15

[REMARKS]
