000
CXUS53 KGID 280730
CF6JYR
PRELIMINARY LOCAL CLIMATOLOGICAL DATA (WS FORM: F-6)

                                          STATION:   YORK
                                          MONTH:     MAY
                                          YEAR:      2017
                                          LATITUDE:   40 54 N
                                          LONGITUDE:  97 37 W

  TEMPERATURE IN F:       :PCPN:    SNOW:  WIND      :SUNSHINE: SKY     :PK WND
================================================================================
1   2   3   4   5  6A  6B    7    8   9   10  11  12  13   14  15   16   17  18
                                     12Z  AVG MX 2MIN
DY MAX MIN AVG DEP HDD CDD  WTR  SNW DPTH SPD SPD DIR MIN PSBL S-S WX    SPD DR
================================================================================

 1  63  32  48   M  17   0 0.03    M    M 19.4 33 320   M    M   4        41 330
 2  63  39  51   M  14   0 0.00    M    M  8.9 17 330   M    M   2        23 330
 3  63  45  54   M  11   0 0.32    M    M  4.5 14  30   M    M   8 3      17  50
 4  68  41  55   M  10   0 0.00    M    M 11.1 20  20   M    M   1        27  20
 5  75  39  57   M   8   0 0.00    M    M  5.7 10 300   M    M   0         M  M
 6  79  52  66   M   0   1 0.00    M    M  8.6 14 340   M    M   0        23 340
 7  86  54  70   M   0   5 0.00    M    M 14.8 27 160   M    M   0        30 160
 8  91  63  77   M   0  12 0.00    M    M 13.6 20 260   M    M   0        24 260
 9  77  57  67   M   0   2 0.00    M    M 10.2 20  80   M    M   3        24  10
10  61  50  56   M   9   0 0.11    M    M 11.7 22  10   M    M   7 1      27  10
11  68  48  58   M   7   0 0.00    M    M 10.2 21  20   M    M   2        29  20
12  73  45  59   M   6   0 0.00    M    M  5.9 12  60   M    M   0        17  30
13  79  48  64   M   1   0 0.00    M    M 14.0 22 180   M    M   0        30 170
14  84  59  72   M   0   7 0.00    M    M 10.5 21 170   M    M   0        27 170
15  90  59  75   M   0  10 0.15    M    M 10.7 21 200   M    M   1 8      36 280
16  84  61  73   M   0   8 0.20    M    M 11.1 28 290   M    M   3        25 190
17  66  54  60   M   5   0 0.45    M    M 14.0 25 270   M    M   7        32 280
18  59  50  55   M  10   0 0.45    M    M 18.5 24  40   M    M   9 3      32  40
19  54  46  50   M  15   0 0.69    M    M 16.6 25  60   M    M   8 1      35  60
20  48  39  44   M  21   0 0.13    M    M 15.2 21 290   M    M   8 1      25  20
21  68  37  53   M  12   0 0.00    M    M 10.6 18 300   M    M   1        22 300
22  73  50  62   M   3   0 0.00    M    M 11.3 16 360   M    M   2 3      23 360
23  59  46  53   M  12   0    T    M    M 14.7 25 320   M    M   6        32 320
24  66  45  56   M   9   0 0.00    M    M  7.0 13  30   M    M   2        16  20
25  75  50  63   M   2   0    T    M    M 12.3 24 170   M    M   0        30 160
26  77  59  68   M   0   3 0.00    M    M  9.8 23 360   M    M   1        28 360
27  75  55  65   M   0   0 0.05    M    M 10.1 17 360   M    M   4 3      24 360
================================================================================
SM 1924 1323       172  48  2.58    M    311.0          M       79
================================================================================
AV 71.3 49.0                              11.5 FASTST   M    M   3    MAX(MPH)
                                 MISC ---->  # 33 320               # 41  330
================================================================================
NOTES:
# LAST OF SEVERAL OCCURRENCES

COLUMN 17 PEAK WIND IN M.P.H.

PRELIMINARY LOCAL CLIMATOLOGICAL DATA (WS FORM: F-6) , PAGE 2

                                          STATION:  YORK
                                          MONTH:    MAY
                                          YEAR:     2017
                                          LATITUDE:   40 54 N
                                          LONGITUDE:  97 37 W

[TEMPERATURE DATA]      [PRECIPITATION DATA]       SYMBOLS USED IN COLUMN 16

AVERAGE MONTHLY: 60.1   TOTAL FOR MONTH:   2.58    1 = FOG OR MIST
DPTR FM NORMAL:     M   DPTR FM NORMAL:       M    2 = FOG REDUCING VISIBILITY
HIGHEST:    91 ON  8    GRTST 24HR  0.69 ON 19-19      TO 1/4 MILE OR LESS
LOWEST:     32 ON  1                               3 = THUNDER
                        SNOW, ICE PELLETS, HAIL    4 = ICE PELLETS
                        TOTAL MONTH:    M          5 = HAIL
                        GRTST 24HR    M  ON   M    6 = FREEZING RAIN OR DRIZZLE
                        GRTST DEPTH:  M  ON   M    7 = DUSTSTORM OR SANDSTORM:
                                                       VSBY 1/2 MILE OR LESS
                                                   8 = SMOKE OR HAZE
[NO. OF DAYS WITH]      [WEATHER - DAYS WITH]      9 = BLOWING SNOW
                                                   X = TORNADO
MAX 32 OR BELOW:   0    0.01 INCH OR MORE:  10
MAX 90 OR ABOVE:   2    0.10 INCH OR MORE:   8
MIN 32 OR BELOW:   1    0.50 INCH OR MORE:   1
MIN  0 OR BELOW:   0    1.00 INCH OR MORE:   0

[HDD (BASE 65) ]
TOTAL THIS MO.   172    CLEAR  (SCALE 0-3)  18
DPTR FM NORMAL     M    PTCLDY (SCALE 4-7)   8
TOTAL FM JUL 1  5352    CLOUDY (SCALE 8-10)  1
DPTR FM NORMAL     M

[CDD (BASE 65) ]
TOTAL THIS MO.    48
DPTR FM NORMAL     M    [PRESSURE DATA]
TOTAL FM JAN 1    49    HIGHEST SLP M ON M
DPTR FM NORMAL     M    LOWEST  SLP M ON M

[REMARKS]
