000
CXUS55 KPUB 201059
CF6LAA
PRELIMINARY LOCAL CLIMATOLOGICAL DATA (WS FORM: F-6)

                                          STATION:   LAMAR CO
                                          MONTH:     SEPTEMBER
                                          YEAR:      2017
                                          LATITUDE:   38  4 N
                                          LONGITUDE: 102 41 W

  TEMPERATURE IN F:       :PCPN:    SNOW:  WIND      :SUNSHINE: SKY     :PK WND
================================================================================
1   2   3   4   5  6A  6B    7    8   9   10  11  12  13   14  15   16   17  18
                                     12Z  AVG MX 2MIN
DY MAX MIN AVG DEP HDD CDD  WTR  SNW DPTH SPD SPD DIR MIN PSBL S-S WX    SPD DR
================================================================================

 1  92  55  74   2   0   9 0.00  0.0    0  5.3 17 360   M    M   0        23 360
 2  94  53  74   2   0   9 0.00  0.0    0  5.8 14 160   M    M   0        18 160
 3  97  51  74   3   0   9 0.00  0.0    0  6.8 16 220   M    M   0 18     33 210
 4  89  54  72   1   0   7 0.00  0.0    0  7.8 17  70   M    M   4 8      24  80
 5  74  48  61 -10   4   0 0.00  0.0    0  5.9 15  70   M    M   4        19  70
 6  84  45  65  -5   0   0 0.00  0.0    0  5.4 12 120   M    M   0        15 120
 7  87  45  66  -4   0   1 0.00  0.0    0  4.9 12 140   M    M   0 1      14 120
 8  93  48  71   1   0   6 0.00  0.0    0  7.5 22 180   M    M   0        28 200
 9  96  52  74   5   0   9 0.00  0.0    0 11.0 28 180   M    M   0 8      37 180
10  95  52  74   5   0   9 0.00  0.0    0  8.8 22 160   M    M   0        28 170
11  94  49  72   3   0   7 0.00  0.0    0  5.6 12 320   M    M   0        15 310
12  93  54  74   6   0   9 0.00  0.0    0  5.2 15 160   M    M   0        20 170
13  96  51  74   6   0   9    T  0.0    0  5.8 18  90   M    M   0 13     23 280
14  96  53  75   8   0  10 0.00  0.0    0  8.6 22 250   M    M   0        27 260
15  93  59  76   9   0  11 0.00  0.0    0 11.0 23 250   M    M   0        37 300
16  81  52  67   1   0   2 0.00  0.0    0  9.7 20  80   M    M   0        23  80
17  73  54  64  -2   1   0    T  0.0    0  8.1 25 180   M    M   6        34 180
18  89  49  69   3   0   4 0.00  0.0    0  8.6 17 150   M    M   0        22 150
19  96  39  68   3   0   3 0.00  0.0    0 12.4 29 230   M    M   0        35 230
================================================================================
SM 1712  963         5 114    T      0.0 144.2          M       14
================================================================================
AV 90.1 50.7                               7.6 FASTST   M    M   1    MAX(MPH)
                                 MISC ---->  # 29 230               # 37  180
================================================================================
NOTES:
# LAST OF SEVERAL OCCURRENCES

COLUMN 17 PEAK WIND IN M.P.H.

PRELIMINARY LOCAL CLIMATOLOGICAL DATA (WS FORM: F-6) , PAGE 2

                                          STATION:  LAMAR CO
                                          MONTH:    SEPTEMBER
                                          YEAR:     2017
                                          LATITUDE:   38  4 N
                                          LONGITUDE: 102 41 W

[TEMPERATURE DATA]      [PRECIPITATION DATA]       SYMBOLS USED IN COLUMN 16

AVERAGE MONTHLY: 70.4   TOTAL FOR MONTH:      T    1 = FOG OR MIST
DPTR FM NORMAL:   1.6   DPTR FM NORMAL:   -0.89    2 = FOG REDUCING VISIBILITY
HIGHEST:    97 ON  3    GRTST 24HR    T  ON 17-17      TO 1/4 MILE OR LESS
LOWEST:     39 ON 19                               3 = THUNDER
                        SNOW, ICE PELLETS, HAIL    4 = ICE PELLETS
                        TOTAL MONTH:   0.0 INCH    5 = HAIL
                        GRTST 24HR     0.0         6 = FREEZING RAIN OR DRIZZLE
                        GRTST DEPTH:   0           7 = DUSTSTORM OR SANDSTORM:
                                                       VSBY 1/2 MILE OR LESS
                                                   8 = SMOKE OR HAZE
[NO. OF DAYS WITH]      [WEATHER - DAYS WITH]      9 = BLOWING SNOW
                                                   X = TORNADO
MAX 32 OR BELOW:   0    0.01 INCH OR MORE:   0
MAX 90 OR ABOVE:  12    0.10 INCH OR MORE:   0
MIN 32 OR BELOW:   0    0.50 INCH OR MORE:   0
MIN  0 OR BELOW:   0    1.00 INCH OR MORE:   0

[HDD (BASE 65) ]
TOTAL THIS MO.     5    CLEAR  (SCALE 0-3)  16
DPTR FM NORMAL   -23    PTCLDY (SCALE 4-7)   3
TOTAL FM JUL 1     5    CLOUDY (SCALE 8-10)  0
DPTR FM NORMAL   -28

[CDD (BASE 65) ]
TOTAL THIS MO.   114
DPTR FM NORMAL    16    [PRESSURE DATA]
TOTAL FM JAN 1  1127    HIGHEST SLP M ON M
DPTR FM NORMAL    40    LOWEST  SLP 29.65 ON 19

[REMARKS]
