000
CXUS53 KIND 270730
CF6LAF
PRELIMINARY LOCAL CLIMATOLOGICAL DATA (WS FORM: F-6)

                                          STATION:   LAFAYETTE IN
                                          MONTH:     DECEMBER
                                          YEAR:      2014
                                          LATITUDE:   40 25 N
                                          LONGITUDE:  86 56 W

  TEMPERATURE IN F:       :PCPN:    SNOW:  WIND      :SUNSHINE: SKY     :PK WND
================================================================================
1   2   3   4   5  6A  6B    7    8   9   10  11  12  13   14  15   16   17  18
                                     12Z  AVG MX 2MIN
DY MAX MIN AVG DEP HDD CDD  WTR  SNW DPTH SPD SPD DIR MIN PSBL S-S WX    SPD DR
================================================================================

 1  35  22  29  -7  36   0 0.00    M    M 12.3 20 360   M    M   5 1      26  30
 2  32  22  27  -8  38   0 0.00    M    M  7.8 13  90   M    M   9 1      17  90
 3  40  21  31  -4  34   0    T    M    M  6.9 17 270   M    M   3 1      23 270
 4  36  20  28  -6  37   0 0.00    M    M  4.7  9  90   M    M   7 1       M  M
 5  40  33  37   3  28   0 0.43    M    M  6.5 12  30   M    M  10 1      16  30
 6  42  28  35   2  30   0 0.03    M    M 11.0 21  20   M    M   7 18     27  30
 7  37  24  31  -2  34   0 0.00    M    M 10.0 16 100   M    M   0        20 100
 8  38  28  33   0  32   0 0.18    M    M  5.2 17 290   M    M   6 1      21 280
 9  41  32  37   5  28   0    T    M    M  9.9 20 290   M    M  10 1      25 290
10  34  31  33   1  32   0 0.00    M    M  7.4 14 350   M    M  10        19  20
11  34  24  29  -3  36   0 0.00    M    M  7.7 15 280   M    M   8        18 260
12  33  19  26  -5  39   0 0.00    M    M  6.1 14 280   M    M   6 1      17 290
13  47  33  40   9  25   0 0.00    M    M  4.3  9 230   M    M  10 18     13 260
14  48  42  45  15  20   0 0.00    M    M  5.7 13 180   M    M  10 1      18 180
15  45  41  43  13  22   0 0.02    M    M  8.8 17 110   M    M  10 18     21 120
16  45  30  38   8  27   0 0.27    M    M 13.6 29 270   M    M  10 1      37 280
17  30  23  27  -3  38   0 0.00    M    M 10.3 21 280   M    M  10        26 280
18  27  21  24  -5  41   0 0.00    M    M  3.0  8 330   M    M  10        11 320
19  29  17  23  -6  42   0 0.00    M    M  0.9  6 230   M    M   8 1       7 230
20  33  27  30   1  35   0 0.00    M    M  1.2  6 250   M    M  10 1       6 140
21  38  25  32   3  33   0 0.00    M    M  5.8 13 150   M    M   5 18     16 140
22  44  26  35   7  30   0 0.13    M    M  9.1 17 110   M    M   8 1      22 110
23  51  42  47  19  18   0 0.15    M    M  5.5 12 220   M    M   9 1      18 160
24  43  35  39  11  26   0 0.46    M    M  8.8 20 280   M    M  10 1      25 260
25  41  34  38  10  27   0    T    M    M 10.2 18 230   M    M   7 1      26 210
26  51  33  42  14  23   0 0.00    M    M  7.1 17 210   M    M   2        22 210
================================================================================
SM 1014  733       811   0  1.67    M    189.8          M      200
================================================================================
AV 39.0 28.2                               7.3 FASTST   M    M   8    MAX(MPH)
                                 MISC ---->  # 29 270               # 37  280
================================================================================
NOTES:
# LAST OF SEVERAL OCCURRENCES

COLUMN 17 PEAK WIND IN M.P.H.

PRELIMINARY LOCAL CLIMATOLOGICAL DATA (WS FORM: F-6) , PAGE 2

                                          STATION:  LAFAYETTE IN
                                          MONTH:    DECEMBER
                                          YEAR:     2014
                                          LATITUDE:   40 25 N
                                          LONGITUDE:  86 56 W

[TEMPERATURE DATA]      [PRECIPITATION DATA]       SYMBOLS USED IN COLUMN 16

AVERAGE MONTHLY: 33.6   TOTAL FOR MONTH:   1.67    1 = FOG OR MIST
DPTR FM NORMAL:   2.6   DPTR FM NORMAL:   -0.50    2 = FOG REDUCING VISIBILITY
HIGHEST:    51 ON 26,23 GRTST 24HR  0.48 ON 23-24      TO 1/4 MILE OR LESS
LOWEST:     17 ON 19                               3 = THUNDER
                        SNOW, ICE PELLETS, HAIL    4 = ICE PELLETS
                        TOTAL MONTH:    M          5 = HAIL
                        GRTST 24HR    M  ON   M    6 = FREEZING RAIN OR DRIZZLE
                        GRTST DEPTH:  M  ON   M    7 = DUSTSTORM OR SANDSTORM:
                                                       VSBY 1/2 MILE OR LESS
                                                   8 = SMOKE OR HAZE
[NO. OF DAYS WITH]      [WEATHER - DAYS WITH]      9 = BLOWING SNOW
                                                   X = TORNADO
MAX 32 OR BELOW:   4    0.01 INCH OR MORE:   8
MAX 90 OR ABOVE:   0    0.10 INCH OR MORE:   6
MIN 32 OR BELOW:  18    0.50 INCH OR MORE:   0
MIN  0 OR BELOW:   0    1.00 INCH OR MORE:   0

[HDD (BASE 65) ]
TOTAL THIS MO.   811    CLEAR  (SCALE 0-3)   2
DPTR FM NORMAL   -73    PTCLDY (SCALE 4-7)  10
TOTAL FM JUL 1  2263    CLOUDY (SCALE 8-10) 14
DPTR FM NORMAL   278

[CDD (BASE 65) ]
TOTAL THIS MO.     0
DPTR FM NORMAL     0    [PRESSURE DATA]
TOTAL FM JAN 1   743    HIGHEST SLP M ON M
DPTR FM NORMAL  -240    LOWEST  SLP 29.47 ON 24

[REMARKS]
