000
CXUS55 KVEF 290940
CF6LAS
PRELIMINARY LOCAL CLIMATOLOGICAL DATA (WS FORM: F-6)

                                          STATION:   LAS VEGAS NV
                                          MONTH:     MAY
                                          YEAR:      2015
                                          LATITUDE:   36  4 N
                                          LONGITUDE: 115 10 W

  TEMPERATURE IN F:       :PCPN:    SNOW:  WIND      :SUNSHINE: SKY     :PK WND
================================================================================
1   2   3   4   5  6A  6B    7    8   9   10  11  12  13   14  15   16   17  18
                                     12Z  AVG MX 2MIN
DY MAX MIN AVG DEP HDD CDD  WTR  SNW DPTH SPD SPD DIR MIN PSBL S-S WX    SPD DR
================================================================================

 1  96  70  83  11   0  18 0.00  0.0    0 10.7 23 230   M    M   7        34 240
 2  92  71  82   9   0  17 0.00  0.0    0 11.7 22 210   M    M   3        28 210
 3  90  69  80   7   0  15 0.00  0.0    0 10.4 21 220   M    M   2        25 180
 4  83  68  76   3   0  11 0.01  0.0    0 10.4 21 210   M    M   6 3      28  80
 5  87  65  76   2   0  11 0.00  0.0    0 11.1 23 190   M    M   4        29 190
 6  85  65  75   1   0  10 0.00  0.0    0 12.0 26 190   M    M   4        36 180
 7  77  56  67  -7   0   2 0.00  0.0    0 17.1 28 180   M    M   3        37 170
 8  63  51  57 -18   8   0 0.01  0.0    0 12.2 24 190   M    M   6        31 190
 9  75  52  64 -11   1   0 0.00  0.0    0  5.4 23  30   M    M   6        29  30
10  82  57  70  -6   0   5 0.00  0.0    0  6.2 12 190   M    M   1        16  90
11  88  63  76   0   0  11 0.00  0.0    0  9.2 24 200   M    M   6        30 180
12  87  68  78   2   0  13 0.00  0.0    0 16.0 29 190   M    M   7        38 190
13  84  66  75  -1   0  10 0.00  0.0    0 16.1 29 220   M    M   7        42 210
14  75  57  66 -11   0   1    T  0.0    0 17.4 29 210   M    M   7 3      37 220
15  71  53  62 -15   3   0 0.00  0.0    0 14.2 24 190   M    M   6        33 190
16  78  55  67 -11   0   2 0.00  0.0    0  8.5 18 190   M    M   4        23 190
17  82  62  72  -6   0   7 0.00  0.0    0 10.7 20 170   M    M   7        27 180
18  73  60  67 -11   0   2 0.07  0.0    0  8.8 22 320   M    M   7 3      26 190
19  83  55  69  -9   0   4 0.00  0.0    0  9.2 18 190   M    M   3 8      24 170
20  84  65  75  -4   0  10 0.00  0.0    0  9.2 20 170   M    M   7        27 180
21  82  65  74  -5   0   9 0.00  0.0    0 11.0 22 240   M    M   7        31 130
22  74  61  68 -11   0   3 0.14  0.0    0 12.1 29 190   M    M   7        38 190
23  82  59  71  -9   0   6 0.00  0.0    0  9.5 17 210   M    M   6        23 210
24  82  64  73  -7   0   8 0.01  0.0    0  8.4 23  20   M    M   7 3      28 200
25  87  62  75  -5   0  10 0.00  0.0    0  5.6 17 200   M    M   4        23 200
26  92  72  82   2   0  17 0.00  0.0    0  9.8 20 180   M    M   5        25 200
27  93  70  82   1   0  17 0.00  0.0    0  8.4 18 170   M    M   5        25 160
28  97  71  84   3   0  19 0.00  0.0    0  8.2 17 180   M    M   3        25 180
================================================================================
SM 2324 1752        12 238  0.24     0.0 299.5          M      147
================================================================================
AV 83.0 62.6                              10.7 FASTST   M    M   5    MAX(MPH)
                                 MISC ---->  # 29 190               # 42  210
================================================================================
NOTES:
# LAST OF SEVERAL OCCURRENCES

COLUMN 17 PEAK WIND IN M.P.H.

PRELIMINARY LOCAL CLIMATOLOGICAL DATA (WS FORM: F-6) , PAGE 2

                                          STATION:  LAS VEGAS NV
                                          MONTH:    MAY
                                          YEAR:     2015
                                          LATITUDE:   36  4 N
                                          LONGITUDE: 115 10 W

[TEMPERATURE DATA]      [PRECIPITATION DATA]       SYMBOLS USED IN COLUMN 16

AVERAGE MONTHLY: 72.8   TOTAL FOR MONTH:   0.24    1 = FOG OR MIST
DPTR FM NORMAL:  -4.1   DPTR FM NORMAL:    0.13    2 = FOG REDUCING VISIBILITY
HIGHEST:    97 ON 28    GRTST 24HR  0.14 ON 22-22      TO 1/4 MILE OR LESS
LOWEST:     51 ON  8                               3 = THUNDER
                        SNOW, ICE PELLETS, HAIL    4 = ICE PELLETS
                        TOTAL MONTH:   0.0 INCH    5 = HAIL
                        GRTST 24HR     0.0         6 = FREEZING RAIN OR DRIZZLE
                        GRTST DEPTH:   0           7 = DUSTSTORM OR SANDSTORM:
                                                       VSBY 1/2 MILE OR LESS
                                                   8 = SMOKE OR HAZE
[NO. OF DAYS WITH]      [WEATHER - DAYS WITH]      9 = BLOWING SNOW
                                                   X = TORNADO
MAX 32 OR BELOW:   0    0.01 INCH OR MORE:   5
MAX 90 OR ABOVE:   6    0.10 INCH OR MORE:   1
MIN 32 OR BELOW:   0    0.50 INCH OR MORE:   0
MIN  0 OR BELOW:   0    1.00 INCH OR MORE:   0

[HDD (BASE 65) ]
TOTAL THIS MO.    12    CLEAR  (SCALE 0-3)   4
DPTR FM NORMAL     8    PTCLDY (SCALE 4-7)  24
TOTAL FM JUL 1  1221    CLOUDY (SCALE 8-10)  0
DPTR FM NORMAL  -726

[CDD (BASE 65) ]
TOTAL THIS MO.   238
DPTR FM NORMAL  -102    [PRESSURE DATA]
TOTAL FM JAN 1   533    HIGHEST SLP M ON M
DPTR FM NORMAL    33    LOWEST  SLP 29.49 ON  6

[REMARKS]
