000
CXUS52 KILM 221000
CF6LBT
PRELIMINARY LOCAL CLIMATOLOGICAL DATA (WS FORM: F-6)

                                          STATION:   LUMBERTON NORTH CAROLINA
                                          MONTH:     SEPTEMBER
                                          YEAR:      2017
                                          LATITUDE:   34 35 N
                                          LONGITUDE:  79  4 W

  TEMPERATURE IN F:       :PCPN:    SNOW:  WIND      :SUNSHINE: SKY     :PK WND
================================================================================
1   2   3   4   5  6A  6B    7    8   9   10  11  12  13   14  15   16   17  18
                                     12Z  AVG MX 2MIN
DY MAX MIN AVG DEP HDD CDD  WTR  SNW DPTH SPD SPD DIR MIN PSBL S-S WX    SPD DR
================================================================================

 1  89  69  79   2   0  14 0.14    M    M  3.5 20 290   M    M   3 13     30 290
 2  83  70  77   1   0  12 0.02    M    M  3.9 10 150   M    M   4 1      14 190
 3  84  64  74  -2   0   9 0.00    M    M  4.1 12 240   M    M   0        15 240
 4  88  59  74  -2   0   9 0.00    M    M  2.9  9 220   M    M   0 1      14 170
 5  89  68  79   3   0  14 0.41    M    M  7.1 23 260   M    M   2 138    29 280
 6  82  65  74  -2   0   9 2.13    M    M  4.2 30 270   M    M   7 138    40 230
 7  78  56  67  -8   0   2 0.00    M    M  4.7 15 280   M    M   2 1      18 260
 8  80  53  67  -8   0   2    T    M    M  4.9 14  30   M    M   0        17  40
 9  80  56  68  -7   0   3 0.00    M    M  9.2 18  30   M    M   0        25  70
10  72  57  65 -10   0   0 0.00    M    M 11.7 21  40   M    M   0        29  30
11  70  62  66  -8   0   1 0.11    M    M 14.8 24  60   M    M   7 1      36  60
12  86  66  76   2   0  11 1.87    M    M  7.2 21  70   M    M   5 1      29  60
13  85  57  71  -3   0   6    T    M    M  3.7 12 210   M    M   1 12     15 210
14  86  68  77   3   0  12 0.07    M    M  3.4 17 310   M    M   4 1      22 320
15  87  63  75   2   0  10    T    M    M  1.2  8 270   M    M   3 12     11 310
16  87  64  76   3   0  11    T    M    M  4.4 14  70   M    M   2 1      17  60
17  87  67  77   4   0  12    T    M    M  6.6 14  10   M    M   1 1      18  30
18  86  65  76   4   0  11 0.00    M    M  5.7 15  20   M    M   2        23 360
19  86  64  75   3   0  10 0.00    M    M  4.0 15 320   M    M   0 1      18 330
20  89  61  75   3   0  10 0.19    M    M  3.7 12 120   M    M   1 13     15 300
21  93  64  79   7   0  14 0.00    M    M  2.4 20 100   M    M   1 13     27 110
================================================================================
SM 1767 1318         0 182  4.94    M    113.3          M       45
================================================================================
AV 84.1 62.8                               5.4 FASTST   M    M   2    MAX(MPH)
                                 MISC ---->  # 30 270               # 40  230
================================================================================
NOTES:
# LAST OF SEVERAL OCCURRENCES

COLUMN 17 PEAK WIND IN M.P.H.

PRELIMINARY LOCAL CLIMATOLOGICAL DATA (WS FORM: F-6) , PAGE 2

                                          STATION:  LUMBERTON NORTH CAROLINA
                                          MONTH:    SEPTEMBER
                                          YEAR:     2017
                                          LATITUDE:   34 35 N
                                          LONGITUDE:  79  4 W

[TEMPERATURE DATA]      [PRECIPITATION DATA]       SYMBOLS USED IN COLUMN 16

AVERAGE MONTHLY: 73.5   TOTAL FOR MONTH:   4.94    1 = FOG OR MIST
DPTR FM NORMAL:  -0.8   DPTR FM NORMAL:    1.54    2 = FOG REDUCING VISIBILITY
HIGHEST:    93 ON 21    GRTST 24HR  2.13 ON  6- 6      TO 1/4 MILE OR LESS
LOWEST:     53 ON  8                               3 = THUNDER
                        SNOW, ICE PELLETS, HAIL    4 = ICE PELLETS
                        TOTAL MONTH:    M          5 = HAIL
                        GRTST 24HR    M  ON   M    6 = FREEZING RAIN OR DRIZZLE
                        GRTST DEPTH:  M  ON   M    7 = DUSTSTORM OR SANDSTORM:
                                                       VSBY 1/2 MILE OR LESS
                                                   8 = SMOKE OR HAZE
[NO. OF DAYS WITH]      [WEATHER - DAYS WITH]      9 = BLOWING SNOW
                                                   X = TORNADO
MAX 32 OR BELOW:   0    0.01 INCH OR MORE:   8
MAX 90 OR ABOVE:   1    0.10 INCH OR MORE:   6
MIN 32 OR BELOW:   0    0.50 INCH OR MORE:   2
MIN  0 OR BELOW:   0    1.00 INCH OR MORE:   2

[HDD (BASE 65) ]
TOTAL THIS MO.     0    CLEAR  (SCALE 0-3)  16
DPTR FM NORMAL     0    PTCLDY (SCALE 4-7)   5
TOTAL FM JUL 1     0    CLOUDY (SCALE 8-10)  0
DPTR FM NORMAL     0

[CDD (BASE 65) ]
TOTAL THIS MO.   182
DPTR FM NORMAL   -14    [PRESSURE DATA]
TOTAL FM JAN 1  1916    HIGHEST SLP M ON M
DPTR FM NORMAL   148    LOWEST  SLP 29.76 ON 12

[REMARKS]
