000
CXUS54 KHGX 231326
CF6LBX
PRELIMINARY LOCAL CLIMATOLOGICAL DATA (WS FORM: F-6)

                                          STATION:   ANGLETON/LAKE_JACKS
                                          MONTH:     AUGUST
                                          YEAR:      2014
                                          LATITUDE:   29  6 N
                                          LONGITUDE:  95 28 W

  TEMPERATURE IN F:       :PCPN:    SNOW:  WIND      :SUNSHINE: SKY     :PK WND
================================================================================
1   2   3   4   5  6A  6B    7    8   9   10  11  12  13   14  15   16   17  18
                                     12Z  AVG MX 2MIN
DY MAX MIN AVG DEP HDD CDD  WTR  SNW DPTH SPD SPD DIR MIN PSBL S-S WX    SPD DR
================================================================================

 1  90  74  82  -1   0  17 0.09  0.0    0  4.1 14 180   M    M   7 13     22 310
 2  84  69  77  -6   0  12 0.00  0.0    0  5.1 12 350   M    M   5 1       M  M
 3  89  69  79  -4   0  14 0.00  0.0    0  3.5 13  70   M    M   4 1      16  80
 4  91  72  82  -1   0  17 0.02  0.0    0  3.9 15 100   M    M   2 1      19  80
 5  91  72  82  -1   0  17 0.02  0.0    0  5.8 15 140   M    M   2 1      18 130
 6  92  73  83   0   0  18 0.00  0.0    0  5.7 17 170   M    M   2        21 180
 7  93  74  84   1   0  19    T  0.0    0  8.1 18 190   M    M   1 1      24 190
 8  92  75  84   1   0  19 0.00  0.0    0  9.0 21 180   M    M   1 1      23 180
 9  93  75  84   1   0  19 0.21  0.0    0  4.3 20 160   M    M   2 13     24 160
10  91  75  83   0   0  18 0.06  0.0    0  3.7 18 140   M    M   1 13     22 150
11  93  72  83   0   0  18 0.02  0.0    0  2.8 30 350   M    M   1 13     41 350
12  97  71  84   1   0  19 0.00  0.0    0  3.1 13 150   M    M   0 3      22  40
13  95  73  84   1   0  19 0.00  0.0    0  3.4 14 120   M    M   1 13     20 110
14  95  73  84   1   0  19 0.00  0.0    0  3.4 14 120   M    M   3 13     19 110
15  92  72  82  -1   0  17 0.00  0.0    0  6.1 17 190   M    M   1 1      24 180
16  93  76  85   2   0  20 0.00  0.0    0  9.2 21 180   M    M   1        25 180
17  93  78  86   3   0  21 0.00  0.0    0 11.1 22 180   M    M   2        27 190
18  91  77  84   1   0  19 0.42  0.0    0  9.1 25 190   M    M   1 38     36 190
19  93  77  85   2   0  20 0.00  0.0    0  9.1 22 180   M    M   1 3      26 170
20  93  76  85   2   0  20 0.01  0.0    0 10.2 22 180   M    M   1 3      27 160
21  92  78  85   2   0  20 0.00  0.0    0 11.6 20 170   M    M   2        26 170
22  93  74  84   1   0  19 0.00  0.0    0  5.6 16 170   M    M   1 1      21 190
================================================================================
SM 2026 1625         0 401  0.85     0.0 137.9          M       42
================================================================================
AV 92.1 73.9                               6.3 FASTST   M    M   2    MAX(MPH)
                                 MISC ---->  # 30 350               # 41  350
================================================================================
NOTES:
# LAST OF SEVERAL OCCURRENCES

COLUMN 17 PEAK WIND IN M.P.H.

PRELIMINARY LOCAL CLIMATOLOGICAL DATA (WS FORM: F-6) , PAGE 2

                                          STATION:  ANGLETON/LAKE_JACKS
                                          MONTH:    AUGUST
                                          YEAR:     2014
                                          LATITUDE:   29  6 N
                                          LONGITUDE:  95 28 W

[TEMPERATURE DATA]      [PRECIPITATION DATA]       SYMBOLS USED IN COLUMN 16

AVERAGE MONTHLY: 83.0   TOTAL FOR MONTH:   0.85    1 = FOG OR MIST
DPTR FM NORMAL:  -0.0   DPTR FM NORMAL:   -1.05    2 = FOG REDUCING VISIBILITY
HIGHEST:    97 ON 12    GRTST 24HR  0.42 ON 17-18      TO 1/4 MILE OR LESS
LOWEST:     69 ON  3, 2                            3 = THUNDER
                        SNOW, ICE PELLETS, HAIL    4 = ICE PELLETS
                        TOTAL MONTH:   0.0 INCH    5 = HAIL
                        GRTST 24HR     0.0         6 = FREEZING RAIN OR DRIZZLE
                        GRTST DEPTH:   0           7 = DUSTSTORM OR SANDSTORM:
                                                       VSBY 1/2 MILE OR LESS
                                                   8 = SMOKE OR HAZE
[NO. OF DAYS WITH]      [WEATHER - DAYS WITH]      9 = BLOWING SNOW
                                                   X = TORNADO
MAX 32 OR BELOW:   0    0.01 INCH OR MORE:   8
MAX 90 OR ABOVE:  20    0.10 INCH OR MORE:   2
MIN 32 OR BELOW:   0    0.50 INCH OR MORE:   0
MIN  0 OR BELOW:   0    1.00 INCH OR MORE:   0

[HDD (BASE 65) ]
TOTAL THIS MO.     0    CLEAR  (SCALE 0-3)  19
DPTR FM NORMAL     0    PTCLDY (SCALE 4-7)   3
TOTAL FM JUL 1     0    CLOUDY (SCALE 8-10)  0
DPTR FM NORMAL     0

[CDD (BASE 65) ]
TOTAL THIS MO.   401
DPTR FM NORMAL     5    [PRESSURE DATA]
TOTAL FM JAN 1  1900    HIGHEST SLP M ON M
DPTR FM NORMAL   -86    LOWEST  SLP 29.83 ON  7

[REMARKS]
