000
CXUS52 KMLB 281115
CF6LEE
PRELIMINARY LOCAL CLIMATOLOGICAL DATA (WS FORM: F-6)

                                          STATION:   LEESBURG
                                          MONTH:     MARCH
                                          YEAR:      2015
                                          LATITUDE:   28 49 N
                                          LONGITUDE:  81 49 W

  TEMPERATURE IN F:       :PCPN:    SNOW:  WIND      :SUNSHINE: SKY     :PK WND
================================================================================
1   2   3   4   5  6A  6B    7    8   9   10  11  12  13   14  15   16   17  18
                                     12Z  AVG MX 2MIN
DY MAX MIN AVG DEP HDD CDD  WTR  SNW DPTH SPD SPD DIR MIN PSBL S-S WX    SPD DR
================================================================================

 1  81  59  70   6   0   5 0.00  0.0    0  6.6 14 130   M    M   7 1      17 130
 2  81  62  72   8   0   7 0.00  0.0    0  2.8  9  70   M    M   6 12     11  70
 3  83  62  73   9   0   8 0.00  0.0    0  5.0 13 130   M    M   2 12     17 130
 4  85  62  74  10   0   9 0.00  0.0    0  3.9 13 180   M    M   3 12     17 190
 5  86  66  76  12   0  11 0.00  0.0    0  7.2 16 270   M    M   4        22 240
 6  71  48  60  -4   5   0    T  0.0    0 10.7 21  10   M    M  10 1      26  20
 7  69  48  59  -5   6   0 0.00  0.0    0 11.1 18  30   M    M   9        23  30
 8  78  51  65   0   0   0 0.00  0.0    0  6.5 13 100   M    M   1        17 110
 9  81  56  69   4   0   4 0.00  0.0    0  5.8 14 100   M    M   3        19  90
10  86  62  74   9   0   9 0.00  0.0    0  6.1 15 130   M    M   3 12     18 120
11  88  69  79  14   0  14 0.59  0.0    0  3.5 15 110   M    M   7 13     19 100
12  85  71  78  13   0  13 0.01  0.0    0  5.2 14 110   M    M   5 1      19 110
13  85  68  77  12   0  12 0.00  0.0    0 12.3 20 130   M    M   4        25 150
14  86  69  78  12   0  13 0.00  0.0    0  7.1 16 190   M    M   3        21 190
15  87  68  78  12   0  13 0.00  0.0    0  5.4 14 280   M    M   3 1      19 270
16  84  61  73   7   0   8 0.00  0.0    0  4.5 14 270   M    M   0        18 280
17  85  63  74   8   0   9 0.00  0.0    0  7.2 18 270   M    M   0        25 270
18  88  64  76  10   0  11 0.00  0.0    0  7.2 16  60   M    M   2 1      20  60
19  86  66  76  10   0  11    T  0.0    0  4.8 13 100   M    M   7 18     17 110
20  87  66  77  11   0  12 0.00  0.0    0  3.5 13 300   M    M   3 128    16 270
21  86  65  76  10   0  11 0.00  0.0    0  4.6 12 290   M    M   1 1      16 300
22  84  70  77  10   0  12 0.00  0.0    0  6.9 14 290   M    M   3 18     19 270
23  81  65  73   6   0   8 0.58  0.0    0  8.6 17  30   M    M   7 1      20  30
24  78  62  70   3   0   5 0.00  0.0    0  6.7 12  40   M    M   8 1      15 360
25  80  62  71   4   0   6 0.00  0.0    0  3.0 10 100   M    M   5 1      14 110
26  83  65  74   7   0   9 0.19  0.0    0  5.7 26 290   M    M   5 13     36 280
27  77  56  67  -1   0   2 0.34  0.0    0 10.9 21 290   M    M   5 1      27 290
================================================================================
SM 2231 1686        11 222  1.71     0.0 172.8          M      116
================================================================================
AV 82.6 62.4                               6.4 FASTST   M    M   4    MAX(MPH)
                                 MISC ---->  # 26 290               # 36  280
================================================================================
NOTES:
# LAST OF SEVERAL OCCURRENCES

COLUMN 17 PEAK WIND IN M.P.H.

PRELIMINARY LOCAL CLIMATOLOGICAL DATA (WS FORM: F-6) , PAGE 2

                                          STATION:  LEESBURG
                                          MONTH:    MARCH
                                          YEAR:     2015
                                          LATITUDE:   28 49 N
                                          LONGITUDE:  81 49 W

[TEMPERATURE DATA]      [PRECIPITATION DATA]       SYMBOLS USED IN COLUMN 16

AVERAGE MONTHLY: 72.5   TOTAL FOR MONTH:   1.71    1 = FOG OR MIST
DPTR FM NORMAL:   7.0   DPTR FM NORMAL:   -2.23    2 = FOG REDUCING VISIBILITY
HIGHEST:    88 ON 18,11 GRTST 24HR  0.59 ON 11-11      TO 1/4 MILE OR LESS
LOWEST:     48 ON  7, 6                            3 = THUNDER
                        SNOW, ICE PELLETS, HAIL    4 = ICE PELLETS
                        TOTAL MONTH:   0.0 INCH    5 = HAIL
                        GRTST 24HR     0.0         6 = FREEZING RAIN OR DRIZZLE
                        GRTST DEPTH:   0           7 = DUSTSTORM OR SANDSTORM:
                                                       VSBY 1/2 MILE OR LESS
                                                   8 = SMOKE OR HAZE
[NO. OF DAYS WITH]      [WEATHER - DAYS WITH]      9 = BLOWING SNOW
                                                   X = TORNADO
MAX 32 OR BELOW:   0    0.01 INCH OR MORE:   5
MAX 90 OR ABOVE:   0    0.10 INCH OR MORE:   4
MIN 32 OR BELOW:   0    0.50 INCH OR MORE:   2
MIN  0 OR BELOW:   0    1.00 INCH OR MORE:   0

[HDD (BASE 65) ]
TOTAL THIS MO.    11    CLEAR  (SCALE 0-3)  12
DPTR FM NORMAL   -57    PTCLDY (SCALE 4-7)  13
TOTAL FM JUL 1   670    CLOUDY (SCALE 8-10)  2
DPTR FM NORMAL   -11

[CDD (BASE 65) ]
TOTAL THIS MO.   222
DPTR FM NORMAL   137    [PRESSURE DATA]
TOTAL FM JAN 1   262    HIGHEST SLP M ON M
DPTR FM NORMAL   100    LOWEST  SLP 29.75 ON 27

[REMARKS]
