000
CXUS51 KOKX 290702
CF6LGA
PRELIMINARY LOCAL CLIMATOLOGICAL DATA (WS FORM: F-6)

                                          STATION:   LAGUARDIA NY
                                          MONTH:     APRIL
                                          YEAR:      2017
                                          LATITUDE:   40 46 N
                                          LONGITUDE:  73 54 W

  TEMPERATURE IN F:       :PCPN:    SNOW:  WIND      :SUNSHINE: SKY     :PK WND
================================================================================
1   2   3   4   5  6A  6B    7    8   9   10  11  12  13   14  15   16   17  18
                                     12Z  AVG MX 2MIN
DY MAX MIN AVG DEP HDD CDD  WTR  SNW DPTH SPD SPD DIR MIN PSBL S-S WX    SPD DR
================================================================================

 1  48  39  44  -3  21   0 0.01  0.0    0 16.3 35  50   M    M  10 1      42  50
 2  63  43  53   5  12   0 0.00  0.0    0 10.9 25 310   M    M   4        33 310
 3  63  48  56   8   9   0 0.03  0.0    0  9.2 21 160   M    M   7        24 170
 4  54  45  50   2  15   0 1.60  0.0    0 11.4 25  50   M    M  10 12     30  40
 5  63  45  54   5  11   0 0.00  0.0    0  7.8 18 130   M    M   9 18     22 130
 6  54  43  49   0  16   0 0.85  0.0    0 14.5 32  50   M    M   9 1238   39  50
 7  53  43  48  -2  17   0    T  0.0    0 16.8 32 300   M    M   8        42 300
 8  58  42  50   0  15   0 0.00  0.0    0 17.0 28 300   M    M   5        35 310
 9  68  46  57   7   8   0 0.00  0.0    0  9.1 22 170   M    M   4        27 170
10  73  52  63  12   2   0 0.00  0.0    0  9.0 16 160   M    M   7        19 170
11  78  57  68  17   0   3 0.00  0.0    0  8.0 18 160   M    M   6 8      21 160
12  77  54  66  14   0   1 0.03  0.0    0  5.4 22 310   M    M   6        26 300
13  66  50  58   6   7   0 0.00  0.0    0 12.1 21 320   M    M   6        26 330
14  66  50  58   6   7   0 0.00  0.0    0  7.9 16 190   M    M   4        21 180
15  63  52  58   5   7   0 0.00  0.0    0  9.9 20 160   M    M   6        25 180
16  88  60  74  21   0   9    T  0.0    0 12.8 30 270   M    M   7        44 260
17  73  59  66  13   0   1    T  0.0    0 13.8 23 350   M    M   6        33 350
18  65  49  57   3   8   0 0.00  0.0    0 11.4 20 160   M    M   3        24 190
19  54  46  50  -4  15   0    T  0.0    0 11.0 20 160   M    M   8        25 190
20  66  49  58   4   7   0 0.24  0.0    0  8.7 18 120   M    M   9 18     22 120
21  54  48  51  -4  14   0 0.27  0.0    0 13.4 21  50   M    M  10 12     24  50
22  56  49  53  -2  12   0 0.07  0.0    0  6.8 18 350   M    M  10 12     24 340
23  65  48  57   2   8   0 0.00  0.0    0  8.3 16 170   M    M   6        21 170
24  59  48  54  -2  11   0    T  0.0    0  7.0 15  40   M    M   9        20  60
25  57  50  54  -2  11   0 0.64  0.0    0 21.4 32  60   M    M  10 1      39  60
26  62  53  58   2   7   0 0.28  0.0    0  9.3 25  50   M    M  10 128    30  50
27  69  56  63   6   2   0 0.01  0.0    0  6.9 17 150   M    M  10 128    22 150
28  85  55  70  13   0   5    T  0.0    0  7.4 20 170   M    M   6 128    25 170
================================================================================
SM 1800 1379       242  19  4.03     0.0 303.5          M      205
================================================================================
AV 64.3 49.3                              10.8 FASTST   M    M   7    MAX(MPH)
                                 MISC ---->  # 35  50               # 44  260
================================================================================
NOTES:
# LAST OF SEVERAL OCCURRENCES

COLUMN 17 PEAK WIND IN M.P.H.

PRELIMINARY LOCAL CLIMATOLOGICAL DATA (WS FORM: F-6) , PAGE 2

                                          STATION:  LAGUARDIA NY
                                          MONTH:    APRIL
                                          YEAR:     2017
                                          LATITUDE:   40 46 N
                                          LONGITUDE:  73 54 W

[TEMPERATURE DATA]      [PRECIPITATION DATA]       SYMBOLS USED IN COLUMN 16

AVERAGE MONTHLY: 56.8   TOTAL FOR MONTH:   4.03    1 = FOG OR MIST
DPTR FM NORMAL:   4.4   DPTR FM NORMAL:    0.27    2 = FOG REDUCING VISIBILITY
HIGHEST:    88 ON 16    GRTST 24HR  2.10 ON 31- 1      TO 1/4 MILE OR LESS
LOWEST:     39 ON  1                               3 = THUNDER
                        SNOW, ICE PELLETS, HAIL    4 = ICE PELLETS
                        TOTAL MONTH:   0.0 INCH    5 = HAIL
                        GRTST 24HR     0.0         6 = FREEZING RAIN OR DRIZZLE
                        GRTST DEPTH:   0           7 = DUSTSTORM OR SANDSTORM:
                                                       VSBY 1/2 MILE OR LESS
                                                   8 = SMOKE OR HAZE
[NO. OF DAYS WITH]      [WEATHER - DAYS WITH]      9 = BLOWING SNOW
                                                   X = TORNADO
MAX 32 OR BELOW:   0    0.01 INCH OR MORE:  11
MAX 90 OR ABOVE:   0    0.10 INCH OR MORE:   6
MIN 32 OR BELOW:   0    0.50 INCH OR MORE:   3
MIN  0 OR BELOW:   0    1.00 INCH OR MORE:   1

[HDD (BASE 65) ]
TOTAL THIS MO.   242    CLEAR  (SCALE 0-3)   1
DPTR FM NORMAL  -120    PTCLDY (SCALE 4-7)  16
TOTAL FM JUL 1  3664    CLOUDY (SCALE 8-10) 11
DPTR FM NORMAL  -834

[CDD (BASE 65) ]
TOTAL THIS MO.    19
DPTR FM NORMAL    19    [PRESSURE DATA]
TOTAL FM JAN 1    19    HIGHEST SLP M ON M
DPTR FM NORMAL    19    LOWEST  SLP 29.19 ON  6

[REMARKS]
