000
CXUS55 KBOU 240757
CF6LIC
PRELIMINARY LOCAL CLIMATOLOGICAL DATA (WS FORM: F-6)

                                          STATION:   LIMON CO
                                          MONTH:     APRIL
                                          YEAR:      2017
                                          LATITUDE:   39 10 N
                                          LONGITUDE: 103 42 W

  TEMPERATURE IN F:       :PCPN:    SNOW:  WIND      :SUNSHINE: SKY     :PK WND
================================================================================
1   2   3   4   5  6A  6B    7    8   9   10  11  12  13   14  15   16   17  18
                                     12Z  AVG MX 2MIN
DY MAX MIN AVG DEP HDD CDD  WTR  SNW DPTH SPD SPD DIR MIN PSBL S-S WX    SPD DR
================================================================================

 1  37  32  35   M  30   0 0.14    M    M  6.5 15 190   M    M   9 1      18 170
 2  61  25  43   M  22   0 0.00    M    M  5.9 17 340   M    M   4        23  10
 3  58  33  46   M  19   0 0.03    M    M 12.2 30 320   M    M   5 12     37 330
 4  40  31  36   M  29   0 0.18    M    M 12.8 24  10   M    M   9 1      29  30
 5  52  25  39   M  26   0 0.00    M    M 10.1 21 320   M    M   1        29 340
 6  63  26  45   M  20   0 0.00    M    M  6.9 17 190   M    M   1        24 190
 7  76  26  51   M  14   0 0.00    M    M  6.6 17 260   M    M   0        23 260
 8  74  45  60   M   5   0 0.00    M    M 11.8 30 190   M    M   1        36 200
 9  67  31  49   M  16   0 0.00    M    M 14.8 35 340   M    M   1        41 340
10  58  23  41   M  24   0 0.00    M    M  9.4 24 360   M    M   0        28 360
11  67  17  42   M  23   0 0.00    M    M  6.8 23 160   M    M   0        32 150
12  73  31  52   M  13   0 0.00    M    M  8.4 21 350   M    M   0        26  10
13  73  31  52   M  13   0 0.00    M    M 14.0 28 140   M    M   1        35 140
14  81  39  60   M   5   0 0.00    M    M  9.8 24 210   M    M   3 12     32 180
15  68  38  53   M  12   0    T    M    M 10.9 21  10   M    M   1        25  20
16  66  35  51   M  14   0    T    M    M 10.0 21 150   M    M   4 13     26 140
17  71  41  56   M   9   0 0.00    M    M 12.7 31 160   M    M   4 1      37 160
18  74  36  55   M  10   0 0.00    M    M 11.0 25 150   M    M   0        33 150
19  75  36  56   M   9   0 0.00    M    M 13.3 31  20   M    M   1        36  20
20  62  27  45   M  20   0 0.44    M    M 10.8 31 150   M    M   6 1      41 150
21  49  35  42   M  23   0 0.21    M    M 12.6 25  70   M    M   9 1      30 120
22  54  33  44   M  21   0 0.06    M    M  4.8 14  70   M    M   6 1      19  40
23  66  33  50   M  15   0 0.00    M    M 12.4 23 160   M    M   0        32 160
================================================================================
SM 1465  729       392   0  1.06    M    234.5          M       66
================================================================================
AV 63.7 31.7                              10.2 FASTST   M    M   3    MAX(MPH)
                                 MISC ---->  # 35 340               # 41  340
================================================================================
NOTES:
# LAST OF SEVERAL OCCURRENCES

COLUMN 17 PEAK WIND IN M.P.H.

PRELIMINARY LOCAL CLIMATOLOGICAL DATA (WS FORM: F-6) , PAGE 2

                                          STATION:  LIMON CO
                                          MONTH:    APRIL
                                          YEAR:     2017
                                          LATITUDE:   39 10 N
                                          LONGITUDE: 103 42 W

[TEMPERATURE DATA]      [PRECIPITATION DATA]       SYMBOLS USED IN COLUMN 16

AVERAGE MONTHLY: 47.7   TOTAL FOR MONTH:   1.06    1 = FOG OR MIST
DPTR FM NORMAL:     M   DPTR FM NORMAL:       M    2 = FOG REDUCING VISIBILITY
HIGHEST:    81 ON 14    GRTST 24HR  0.44 ON 20-20      TO 1/4 MILE OR LESS
LOWEST:     17 ON 11                               3 = THUNDER
                        SNOW, ICE PELLETS, HAIL    4 = ICE PELLETS
                        TOTAL MONTH:    M          5 = HAIL
                        GRTST 24HR    M  ON   M    6 = FREEZING RAIN OR DRIZZLE
                        GRTST DEPTH:  M  ON   M    7 = DUSTSTORM OR SANDSTORM:
                                                       VSBY 1/2 MILE OR LESS
                                                   8 = SMOKE OR HAZE
[NO. OF DAYS WITH]      [WEATHER - DAYS WITH]      9 = BLOWING SNOW
                                                   X = TORNADO
MAX 32 OR BELOW:   0    0.01 INCH OR MORE:   6
MAX 90 OR ABOVE:   0    0.10 INCH OR MORE:   4
MIN 32 OR BELOW:  12    0.50 INCH OR MORE:   0
MIN  0 OR BELOW:   0    1.00 INCH OR MORE:   0

[HDD (BASE 65) ]
TOTAL THIS MO.   392    CLEAR  (SCALE 0-3)  14
DPTR FM NORMAL     M    PTCLDY (SCALE 4-7)   6
TOTAL FM JUL 1  5780    CLOUDY (SCALE 8-10)  3
DPTR FM NORMAL     M

[CDD (BASE 65) ]
TOTAL THIS MO.     0
DPTR FM NORMAL     M    [PRESSURE DATA]
TOTAL FM JAN 1     0    HIGHEST SLP M ON M
DPTR FM NORMAL     M    LOWEST  SLP 29.45 ON  8

[REMARKS]
