000
CXUS54 KLZK 271130
CF6LIT
PRELIMINARY LOCAL CLIMATOLOGICAL DATA (WS FORM: F-6)

                                          STATION:   Little Rock Adams Field
                                          MONTH:     JUNE
                                          YEAR:      2017
                                          LATITUDE:   34 43 N
                                          LONGITUDE:  92 14 W

  TEMPERATURE IN F:       :PCPN:    SNOW:  WIND      :SUNSHINE: SKY     :PK WND
================================================================================
1   2   3   4   5  6A  6B    7    8   9   10  11  12  13   14  15   16   17  18
                                     12Z  AVG MX 2MIN
DY MAX MIN AVG DEP HDD CDD  WTR  SNW DPTH SPD SPD DIR MIN PSBL S-S WX    SPD DR
================================================================================

 1  83  65  74  -2   0   9 0.02  0.0    0  4.2 26 140   M    M   9 3      32 160
 2  82  65  74  -2   0   9 0.01  0.0    0  5.9 18  90   M    M   7 12     22 100
 3  86  68  77   1   0  12 0.35  0.0    0  4.3 20 310   M    M   8 13     23 310
 4  80  70  75  -2   0  10 0.51  0.0    0  3.8 13 160   M    M   9 1      17 160
 5  78  69  74  -3   0   9 0.16  0.0    0  6.4 15  30   M    M   9 138    20  30
 6  89  67  78   1   0  13 0.00  0.0    0  9.3 17  20   M    M   3        22  20
 7  83  62  73  -4   0   8 0.00  0.0    0  7.0 17  50   M    M   3        22  20
 8  83  59  71  -7   0   6 0.00  0.0    0  5.2 15  20   M    M   4        20  20
 9  84  57  71  -7   0   6 0.00  0.0    0  4.9 12 140   M    M   4        16  90
10  86  60  73  -5   0   8 0.00  0.0    0  7.4 17 160   M    M   3        24 160
11  89  66  78   0   0  13 0.00  0.0    0  7.4 16 170   M    M   4        24 140
12  88  71  80   1   0  15 0.08  0.0    0  7.4 16 170   M    M   7 18     20 180
13  87  69  78  -1   0  13 0.04  0.0    0  6.2 15 140   M    M   5        21 140
14  91  72  82   3   0  17    T  0.0    0  8.1 17 210   M    M   5        22 220
15  87  69  78  -1   0  13 0.14  0.0    0  6.0 26  20   M    M   5 138    36  30
16  92  72  82   2   0  17 0.00  0.0    0  6.4 17 100   M    M   8        22 110
17  88  68  78  -2   0  13 0.00  0.0    0  6.8 17 200   M    M   8        23 190
18  83  71  77  -3   0  12 0.24  0.0    0  5.7 28 300   M    M   9 13     36 250
19  88  63  76  -4   0  11 0.34  0.0    0  5.3 13 330   M    M   6 13     16  30
20  90  66  78  -2   0  13 0.00  0.0    0  4.4 12 110   M    M   3        14  70
21  87  67  77  -3   0  12    T  0.0    0  8.6 21 110   M    M   8 1      28 100
22  86  74  80  -1   0  15 0.71  0.0    0  9.3 18 110   M    M  10 13     26 160
23  90  70  80  -1   0  15 0.50  0.0    0  8.2 37 350   M    M   9 138    46 340
24  83  68  76  -5   0  11 0.00  0.0    0  7.7 14  20   M    M   9        23  20
25  85  65  75  -6   0  10 0.00  0.0    0  4.4 12  70   M    M   4        16  80
26  84  66  75  -6   0  10    T  0.0    0  4.0 10 150   M    M   8        14 140
================================================================================
SM 2232 1739         0 300  3.10     0.0 164.3          M      167
================================================================================
AV 85.9 66.9                               6.3 FASTST   M    M   6    MAX(MPH)
                                 MISC ---->  # 37 350               # 46  340
================================================================================
NOTES:
# LAST OF SEVERAL OCCURRENCES

COLUMN 17 PEAK WIND IN M.P.H.

PRELIMINARY LOCAL CLIMATOLOGICAL DATA (WS FORM: F-6) , PAGE 2

                                          STATION:  Little Rock Adams Field
                                          MONTH:    JUNE
                                          YEAR:     2017
                                          LATITUDE:   34 43 N
                                          LONGITUDE:  92 14 W

[TEMPERATURE DATA]      [PRECIPITATION DATA]       SYMBOLS USED IN COLUMN 16

AVERAGE MONTHLY: 76.4   TOTAL FOR MONTH:   3.10    1 = FOG OR MIST
DPTR FM NORMAL:  -2.4   DPTR FM NORMAL:   -0.10    2 = FOG REDUCING VISIBILITY
HIGHEST:    92 ON 16    GRTST 24HR  0.71 ON 22-22      TO 1/4 MILE OR LESS
LOWEST:     57 ON  9                               3 = THUNDER
                        SNOW, ICE PELLETS, HAIL    4 = ICE PELLETS
                        TOTAL MONTH:   0.0 INCH    5 = HAIL
                        GRTST 24HR     0.0         6 = FREEZING RAIN OR DRIZZLE
                        GRTST DEPTH:   0           7 = DUSTSTORM OR SANDSTORM:
                                                       VSBY 1/2 MILE OR LESS
                                                   8 = SMOKE OR HAZE
[NO. OF DAYS WITH]      [WEATHER - DAYS WITH]      9 = BLOWING SNOW
                                                   X = TORNADO
MAX 32 OR BELOW:   0    0.01 INCH OR MORE:  12
MAX 90 OR ABOVE:   4    0.10 INCH OR MORE:   8
MIN 32 OR BELOW:   0    0.50 INCH OR MORE:   3
MIN  0 OR BELOW:   0    1.00 INCH OR MORE:   0

[HDD (BASE 65) ]
TOTAL THIS MO.     0    CLEAR  (SCALE 0-3)   3
DPTR FM NORMAL     0    PTCLDY (SCALE 4-7)  15
TOTAL FM JUL 1  2294    CLOUDY (SCALE 8-10)  8
DPTR FM NORMAL  -758

[CDD (BASE 65) ]
TOTAL THIS MO.   300
DPTR FM NORMAL   -58    [PRESSURE DATA]
TOTAL FM JAN 1   566    HIGHEST SLP M ON M
DPTR FM NORMAL   -73    LOWEST  SLP 29.59 ON 23

[REMARKS]
