000
CXUS55 KRIW 190945
CF6LND
PRELIMINARY LOCAL CLIMATOLOGICAL DATA (WS FORM: F-6)

                                          STATION:   LANDER WY
                                          MONTH:     JANUARY
                                          YEAR:      2017
                                          LATITUDE:   42 49 N
                                          LONGITUDE: 108 44 W

  TEMPERATURE IN F:       :PCPN:    SNOW:  WIND      :SUNSHINE: SKY     :PK WND
================================================================================
1   2   3   4   5  6A  6B    7    8   9   10  11  12  13   14  15   16   17  18
                                     12Z  AVG MX 2MIN
DY MAX MIN AVG DEP HDD CDD  WTR  SNW DPTH SPD SPD DIR MIN PSBL S-S WX    SPD DR
================================================================================

 1  29   3  16  -5  49   0 0.02  0.1    4  6.0 17 270   M    M   2 128    20 260
 2  13  -3   5 -16  60   0 0.20  3.7    8  3.9 14 340   M    M  10 12     20 320
 3   4  -2   1 -20  64   0    T    T    7  2.2  9 320   M    M  10 18     11 330
 4   6  -2   2 -19  63   0 0.21  3.8    8  2.9 10 300   M    M  10 18     11 300
 5   3 -17  -7 -28  72   0 0.01  0.0    8  1.5  7 230   M    M   3 1       8 250
 6  -4 -25 -14 -35  79   0 0.00  0.0    7  3.0  9 250   M    M   0 18      9 280
 7   3 -18  -7 -28  72   0 0.00  0.0    7  2.6  9 300   M    M   0 18     13 290
 8  22  -6   8 -13  57   0 0.00  0.0    7  4.1 18 270   M    M   1        28 230
 9  48  22  35  13  30   0 0.02    T    6 12.8 41 240   M    M   2 1      56 240
10  42  25  34  12  31   0    T    T    4 14.9 43 230   M    M   3        58 230
11  40   5  23   1  42   0 0.00  0.0    4  9.0 24  30   M    M   1        34 240
12  16   2   9 -13  56   0 0.00  0.0    4  2.3 12 250   M    M   0 1      14 320
13  20   1  11 -11  54   0 0.00  0.0    4  1.5  9 340   M    M   0 18     10 340
14  22   2  12 -10  53   0 0.00  0.0    4  2.3  8  10   M    M   0 18      9 130
15  15  -1   7 -15  58   0 0.00  0.0    4  2.8  8 270   M    M   0 1       9  20
16  18  -1   9 -13  56   0 0.00  0.0    4  2.4  8 280   M    M   0 18      9 280
17  19  -2   9 -13  56   0 0.00  0.0    4  1.6  7 350   M    M   0 18      8 330
18  24   3  14  -8  51   0 0.00  0.0    4  2.9 10 120   M    M   0 18     20 150
================================================================================
SM  340  -14      1003   0  0.46     7.6  78.7          M       42
================================================================================
AV 18.9 -0.8                               4.4 FASTST   M    M   2    MAX(MPH)
                                 MISC ---->  # 43 230               # 58  230
================================================================================
NOTES:
# LAST OF SEVERAL OCCURRENCES

COLUMN 17 PEAK WIND IN M.P.H.

PRELIMINARY LOCAL CLIMATOLOGICAL DATA (WS FORM: F-6) , PAGE 2

                                          STATION:  LANDER WY
                                          MONTH:    JANUARY
                                          YEAR:     2017
                                          LATITUDE:   42 49 N
                                          LONGITUDE: 108 44 W

[TEMPERATURE DATA]      [PRECIPITATION DATA]       SYMBOLS USED IN COLUMN 16

AVERAGE MONTHLY:  9.1   TOTAL FOR MONTH:   0.46    1 = FOG OR MIST
DPTR FM NORMAL: -12.5   DPTR FM NORMAL:    0.22    2 = FOG REDUCING VISIBILITY
HIGHEST:    48 ON  9    GRTST 24HR  0.22 ON  1- 2      TO 1/4 MILE OR LESS
LOWEST:    -25 ON  6                               3 = THUNDER
                        SNOW, ICE PELLETS, HAIL    4 = ICE PELLETS
                        TOTAL MONTH:   7.6 INCHES  5 = HAIL
                        GRTST 24HR   3.8 ON   M    6 = FREEZING RAIN OR DRIZZLE
                        GRTST DEPTH:   8 ON  5, 4  7 = DUSTSTORM OR SANDSTORM:
                                                       VSBY 1/2 MILE OR LESS
                                                   8 = SMOKE OR HAZE
[NO. OF DAYS WITH]      [WEATHER - DAYS WITH]      9 = BLOWING SNOW
                                                   X = TORNADO
MAX 32 OR BELOW:  15    0.01 INCH OR MORE:   5
MAX 90 OR ABOVE:   0    0.10 INCH OR MORE:   2
MIN 32 OR BELOW:  18    0.50 INCH OR MORE:   0
MIN  0 OR BELOW:  10    1.00 INCH OR MORE:   0

[HDD (BASE 65) ]
TOTAL THIS MO.  1003    CLEAR  (SCALE 0-3)  15
DPTR FM NORMAL   220    PTCLDY (SCALE 4-7)   0
TOTAL FM JUL 1  4050    CLOUDY (SCALE 8-10)  3
DPTR FM NORMAL    21

[CDD (BASE 65) ]
TOTAL THIS MO.     0
DPTR FM NORMAL     0    [PRESSURE DATA]
TOTAL FM JAN 1     0    HIGHEST SLP M ON M
DPTR FM NORMAL     0    LOWEST  SLP 29.34 ON 11

[REMARKS]
