000
CXUS53 KLMK 300800
CF6LOU
PRELIMINARY LOCAL CLIMATOLOGICAL DATA (WS FORM: F-6)

                                          STATION:   LOUISVILLE BOWMAN KY
                                          MONTH:     AUGUST
                                          YEAR:      2015
                                          LATITUDE:   38 13 N
                                          LONGITUDE:  85 40 W

  TEMPERATURE IN F:       :PCPN:    SNOW:  WIND      :SUNSHINE: SKY     :PK WND
================================================================================
1   2   3   4   5  6A  6B    7    8   9   10  11  12  13   14  15   16   17  18
                                     12Z  AVG MX 2MIN
DY MAX MIN AVG DEP HDD CDD  WTR  SNW DPTH SPD SPD DIR MIN PSBL S-S WX    SPD DR
================================================================================

 1  88  67  78   0   0  13 0.00    M    M  3.2 13 360   M    M   0        19 360
 2  90  65  78   0   0  13 0.00    M    M  3.4 13 250   M    M   0        15 260
 3  93  71  82   4   0  17 0.00    M    M  8.0 23  70   M    M   1        29  60
 4  89  69  79   1   0  14 0.30    M    M  4.7 26 240   M    M   3 13     37 240
 5  88  69  79   1   0  14 0.46    M    M  2.9 23 240   M    M   2 138    31 250
 6  77  67  72  -6   0   7 0.98    M    M  4.5 14  40   M    M  10 138    17  40
 7  86  64  75  -3   0  10 0.00    M    M  3.6  8 310   M    M   8 1      12 320
 8  86  64  75  -3   0  10 0.00    M    M  2.3  8 310   M    M   2 12     12 320
 9  86  67  77  -1   0  12 0.00    M    M  2.0 13 150   M    M   1 1      17 140
10  85  74  80   2   0  15    T    M    M  5.9 16 230   M    M   6 3      21 230
11  85  71  78   0   0  13 0.00    M    M  6.2 15 310   M    M   1        21 310
12  83  64  74  -4   0   9 0.00    M    M  5.6 14  20   M    M   1        23 360
13  84  61  73  -5   0   8 0.00    M    M  1.4 10  30   M    M   1        14  20
14  85  63  74  -4   0   9 0.00    M    M  1.4 10  70   M    M   0        12  80
15  89  63  76  -2   0  11 0.00    M    M  2.6  9 240   M    M   0 18     14 240
16  89  68  79   1   0  14 0.00    M    M  1.7  9 240   M    M   1        12 230
17  81  72  77  -1   0  12    T    M    M  2.9 12 190   M    M   2        14 180
18  86  68  77  -1   0  12 0.00    M    M  3.2 10 190   M    M   4 1      14 210
19  86  73  80   2   0  15 0.43    M    M  5.8 18 290   M    M   5 1      26 200
20  79  62  71  -7   0   6 0.03    M    M  7.5 16 300   M    M   3 1      23 270
21  81  58  70  -8   0   5 0.00    M    M  2.3 10  60   M    M   1        14  70
22  84  59  72  -6   0   7 0.00    M    M  3.1 10 120   M    M   0        14 110
23  88  69  79   2   0  14 0.05    M    M  6.1 18 310   M    M   5 1      26 310
24  80  61  71  -6   0   6 0.00    M    M  5.5 16 270   M    M   0        24 250
25  77  56  67 -10   0   2 0.00    M    M  4.0 16 280   M    M   1        20 320
26  80  55  68  -9   0   3 0.00    M    M  2.5 12  50   M    M   3        17  40
27  81  60  71  -6   0   6 0.00    M    M  3.6 12  80   M    M   3        16  60
28  84  56  70  -6   0   5 0.00    M    M  2.8  9 100   M    M   0        13 150
29  88  69  79   3   0  14 0.00    M    M  5.7 14 190   M    M   2        19 170
================================================================================
SM 2458 1885         0 296  2.25    M    114.4          M       66
================================================================================
AV 84.8 65.0                               3.9 FASTST   M    M   2    MAX(MPH)
                                 MISC ---->  # 26 240               # 37  240
================================================================================
NOTES:
# LAST OF SEVERAL OCCURRENCES

COLUMN 17 PEAK WIND IN M.P.H.

PRELIMINARY LOCAL CLIMATOLOGICAL DATA (WS FORM: F-6) , PAGE 2

                                          STATION:  LOUISVILLE BOWMAN KY
                                          MONTH:    AUGUST
                                          YEAR:     2015
                                          LATITUDE:   38 13 N
                                          LONGITUDE:  85 40 W

[TEMPERATURE DATA]      [PRECIPITATION DATA]       SYMBOLS USED IN COLUMN 16

AVERAGE MONTHLY: 74.9   TOTAL FOR MONTH:   2.25    1 = FOG OR MIST
DPTR FM NORMAL:  -2.8   DPTR FM NORMAL:   -0.85    2 = FOG REDUCING VISIBILITY
HIGHEST:    93 ON  3    GRTST 24HR  1.03 ON  5- 6      TO 1/4 MILE OR LESS
LOWEST:     55 ON 26                               3 = THUNDER
                        SNOW, ICE PELLETS, HAIL    4 = ICE PELLETS
                        TOTAL MONTH:    M          5 = HAIL
                        GRTST 24HR    M  ON   M    6 = FREEZING RAIN OR DRIZZLE
                        GRTST DEPTH:  M  ON   M    7 = DUSTSTORM OR SANDSTORM:
                                                       VSBY 1/2 MILE OR LESS
                                                   8 = SMOKE OR HAZE
[NO. OF DAYS WITH]      [WEATHER - DAYS WITH]      9 = BLOWING SNOW
                                                   X = TORNADO
MAX 32 OR BELOW:   0    0.01 INCH OR MORE:   6
MAX 90 OR ABOVE:   2    0.10 INCH OR MORE:   4
MIN 32 OR BELOW:   0    0.50 INCH OR MORE:   1
MIN  0 OR BELOW:   0    1.00 INCH OR MORE:   0

[HDD (BASE 65) ]
TOTAL THIS MO.     0    CLEAR  (SCALE 0-3)  20
DPTR FM NORMAL     0    PTCLDY (SCALE 4-7)   8
TOTAL FM JUL 1     0    CLOUDY (SCALE 8-10)  1
DPTR FM NORMAL     0

[CDD (BASE 65) ]
TOTAL THIS MO.   296
DPTR FM NORMAL   -71    [PRESSURE DATA]
TOTAL FM JAN 1  1273    HIGHEST SLP  0.00 ON 17
DPTR FM NORMAL    56    LOWEST  SLP  0.00 ON 17

[REMARKS]
