000
CXUS54 KCRP 311300
CF6LRD
PRELIMINARY LOCAL CLIMATOLOGICAL DATA (WS FORM: F-6)

                                          STATION:   LAREDO
                                          MONTH:     AUGUST
                                          YEAR:      2016
                                          LATITUDE:   27 31 N
                                          LONGITUDE:  99 28 W

  TEMPERATURE IN F:       :PCPN:    SNOW:  WIND      :SUNSHINE: SKY     :PK WND
================================================================================
1   2   3   4   5  6A  6B    7    8   9   10  11  12  13   14  15   16   17  18
                                     12Z  AVG MX 2MIN
DY MAX MIN AVG DEP HDD CDD  WTR  SNW DPTH SPD SPD DIR MIN PSBL S-S WX    SPD DR
================================================================================

 1 103  77  90   1   0  25 0.00  0.0    0 15.5 25 110   M    M   0        35 110
 2 103  77  90   1   0  25 0.00  0.0    0 11.7 18 110   M    M   1        26 120
 3 102  77  90   1   0  25 0.00  0.0    0 11.7 18 110   M    M   1        28 100
 4 103  77  90   1   0  25 0.00  0.0    0 11.7 18 110   M    M   2        27 110
 5 103  78  91   2   0  26 0.00  0.0    0 12.5 24 120   M    M   1        31 110
 6 104  79  92   3   0  27 0.00  0.0    0 12.7 21 110   M    M   2        30 100
 7 103  80  92   3   0  27 0.00  0.0    0 13.2 23 120   M    M   1        31 120
 8 106  79  93   4   0  28 0.00  0.0    0 12.4 24 110   M    M   1        31 110
 9 106  80  93   4   0  28 0.00  0.0    0 13.1 24 120   M    M   1        35 120
10 107  80  94   5   0  29 0.00  0.0    0 12.7 20 120   M    M   2        33 130
11 108  81  95   6   0  30 0.00  0.0    0 13.0 24 140   M    M   1        30 140
12 108  80  94   5   0  29 0.00  0.0    0 12.1 20 150   M    M   0        25 150
13  97  80  89   0   0  24 0.00  0.0    0  7.4 14 150   M    M   2        20 350
14  90  76  83  -6   0  18 0.65  0.0    0  6.1 12 150   M    M   6 13      M  M
15  89  75  82  -7   0  17 0.40  0.0    0  5.6 12 340   M    M   7 1       M  M
16  91  77  84  -5   0  19 0.12  0.0    0  5.7 10  70   M    M   6 3       M  M
17  95  76  86  -3   0  21 0.02  0.0    0  9.5 15 130   M    M   4         M  M
18  98  75  87  -2   0  22 0.00  0.0    0 11.7 20 110   M    M   2        23 150
19  99  78  89   0   0  24 0.00  0.0    0 15.3 23 130   M    M   2        32 140
20  96  75  86  -3   0  21 0.54  0.0    0 11.6 21 130   M    M   5 13     28 130
21  88  73  81  -7   0  16 1.10  0.0    0  6.7 13  40   M    M   5 138     M  M
22  95  76  86  -2   0  21 0.02  0.0    0 12.5 18 130   M    M   5 1      25 140
23  98  76  87  -1   0  22 0.00  0.0    0 15.5 23 140   M    M   0        31 140
24  99  77  88   0   0  23 0.00  0.0    0 14.5 18 150   M    M   0        27 150
25  98  75  87  -1   0  22 0.00  0.0    0 10.8 17 100   M    M   0        25 110
26  97  75  86  -2   0  21 0.00  0.0    0  9.2 15 100   M    M   1         M  M
27  98  75  87  -1   0  22 0.00  0.0    0  7.8 15 100   M    M   1        16 120
28  96  76  86  -1   0  21 0.00  0.0    0  7.2 14  40   M    M   2         M  M
29  94  76  85  -2   0  20 0.00  0.0    0  9.6 16  20   M    M   3        20  20
30  89  75  82  -5   0  17 0.46  0.0    0  9.0 15  50   M    M   8 1      21  50
================================================================================
SM 2963 2311         0 695  3.31     0.0 328.0          M       72
================================================================================
AV 98.8 77.0                              10.9 FASTST   M    M   2    MAX(MPH)
                                 MISC ---->    25   M               # 35  110
================================================================================
NOTES:
# LAST OF SEVERAL OCCURRENCES

COLUMN 17 PEAK WIND IN M.P.H.

PRELIMINARY LOCAL CLIMATOLOGICAL DATA (WS FORM: F-6) , PAGE 2

                                          STATION:  LAREDO
                                          MONTH:    AUGUST
                                          YEAR:     2016
                                          LATITUDE:   27 31 N
                                          LONGITUDE:  99 28 W

[TEMPERATURE DATA]      [PRECIPITATION DATA]       SYMBOLS USED IN COLUMN 16

AVERAGE MONTHLY: 87.9   TOTAL FOR MONTH:   3.31    1 = FOG OR MIST
DPTR FM NORMAL:  -0.7   DPTR FM NORMAL:    1.53    2 = FOG REDUCING VISIBILITY
HIGHEST:   108 ON 12,11 GRTST 24HR  1.63 ON 20-21      TO 1/4 MILE OR LESS
LOWEST:     73 ON 21                               3 = THUNDER
                        SNOW, ICE PELLETS, HAIL    4 = ICE PELLETS
                        TOTAL MONTH:   0.0 INCH    5 = HAIL
                        GRTST 24HR     0.0         6 = FREEZING RAIN OR DRIZZLE
                        GRTST DEPTH:   0           7 = DUSTSTORM OR SANDSTORM:
                                                       VSBY 1/2 MILE OR LESS
                                                   8 = SMOKE OR HAZE
[NO. OF DAYS WITH]      [WEATHER - DAYS WITH]      9 = BLOWING SNOW
                                                   X = TORNADO
MAX 32 OR BELOW:   0    0.01 INCH OR MORE:   8
MAX 90 OR ABOVE:  27    0.10 INCH OR MORE:   6
MIN 32 OR BELOW:   0    0.50 INCH OR MORE:   3
MIN  0 OR BELOW:   0    1.00 INCH OR MORE:   1

[HDD (BASE 65) ]
TOTAL THIS MO.     0    CLEAR  (SCALE 0-3)  21
DPTR FM NORMAL     0    PTCLDY (SCALE 4-7)   9
TOTAL FM JUL 1     0    CLOUDY (SCALE 8-10)  0
DPTR FM NORMAL     0

[CDD (BASE 65) ]
TOTAL THIS MO.   695
DPTR FM NORMAL   -12    [PRESSURE DATA]
TOTAL FM JAN 1  3399    HIGHEST SLP M ON M
DPTR FM NORMAL   176    LOWEST  SLP M ON M

[REMARKS]
