000
CXUS53 KARX 230930
CF6LSE
PRELIMINARY LOCAL CLIMATOLOGICAL DATA (WS FORM: F-6)

                                          STATION:   LA CROSSE WI
                                          MONTH:     APRIL
                                          YEAR:      2014
                                          LATITUDE:   43 52 N
                                          LONGITUDE:  91 15 W

  TEMPERATURE IN F:       :PCPN:    SNOW:  WIND      :SUNSHINE: SKY     :PK WND
================================================================================
1   2   3   4   5  6A  6B    7    8   9   10  11  12  13   14  15   16   17  18
                                     12Z  AVG MX 2MIN
DY MAX MIN AVG DEP HDD CDD  WTR  SNW DPTH SPD SPD DIR MIN PSBL S-S WX    SPD DR
================================================================================

 1  39  26  33  -9  32   0    T    T    0 15.3 30 220   M    M   6 16     42 230
 2  52  21  37  -5  28   0    T  0.0    0  6.8 20 110   M    M   2 1      27 100
 3  42  33  38  -5  27   0 0.47    T    0 10.9 21  70   M    M   8 14     28  50
 4  39  28  34  -9  31   0 0.09  0.6    T 14.2 30 320   M    M   8 1      36 310
 5  53  25  39  -5  26   0 0.00  0.0    0  6.7 20 210   M    M   0 1      23 210
 6  66  40  53   9  12   0    T  0.0    0 12.5 26 210   M    M   7        31 210
 7  59  39  49   4  16   0    T  0.0    0  6.9 20 330   M    M   7        24 340
 8  60  34  47   2  18   0 0.00  0.0    0  9.1 20 310   M    M   2        24 310
 9  69  29  49   3  16   0 0.00  0.0    0 12.0 24 220   M    M   1        30 200
10  65  41  53   7  12   0 0.00  0.0    0 11.4 25 200   M    M   1        30 310
11  68  39  54   7  11   0 0.01  0.0    0  7.4 22 220   M    M   3        26 220
12  53  44  49   2  16   0 1.77    T    0  8.1 37 320   M    M   9 15     52 320
13  47  34  41  -7  24   0 1.22    T    0 10.6 23 350   M    M  10 18     31 360
14  36  26  31 -17  34   0 0.18  1.7    2 14.8 24 340   M    M   9 1      31 350
15  39  26  33 -15  32   0    T    T    T  7.4 15 340   M    M   6        19 340
16  55  32  44  -5  21   0 0.00  0.0    0 16.0 25 140   M    M   8        36 160
17  50  37  44  -5  21   0    T  0.0    0 10.4 18 140   M    M  10 8      23 180
18  56  28  42  -8  23   0 0.00  0.0    0  5.2 13 120   M    M   2        17 120
19  70  37  54   4  11   0 0.00  0.0    0 13.1 22 160   M    M   2        26 190
20  63  53  58   7   7   0 0.28  0.0    0  5.7 20 180   M    M   9 1      25 180
21  74  49  62  11   3   0    T  0.0    0  9.1 24 350   M    M   4 1      33 330
22  61  39  50  -2  15   0 0.00  0.0    0  9.9 24 340   M    M   0        29 350
================================================================================
SM 1216  760       436   0  4.02     2.3 223.5          M      114
================================================================================
AV 55.3 34.5                              10.2 FASTST   M    M   5    MAX(MPH)
                                 MISC ---->  # 37 320               # 52  320
================================================================================
NOTES:
# LAST OF SEVERAL OCCURRENCES

COLUMN 17 PEAK WIND IN M.P.H.

PRELIMINARY LOCAL CLIMATOLOGICAL DATA (WS FORM: F-6) , PAGE 2

                                          STATION:  LA CROSSE WI
                                          MONTH:    APRIL
                                          YEAR:     2014
                                          LATITUDE:   43 52 N
                                          LONGITUDE:  91 15 W

[TEMPERATURE DATA]      [PRECIPITATION DATA]       SYMBOLS USED IN COLUMN 16

AVERAGE MONTHLY: 44.9   TOTAL FOR MONTH:   4.02    1 = FOG OR MIST
DPTR FM NORMAL:  -1.9   DPTR FM NORMAL:    1.66    2 = FOG REDUCING VISIBILITY
HIGHEST:    74 ON 21    GRTST 24HR  1.77 ON 12-12      TO 1/4 MILE OR LESS
LOWEST:     21 ON  2                               3 = THUNDER
                        SNOW, ICE PELLETS, HAIL    4 = ICE PELLETS
                        TOTAL MONTH:   2.3 INCHES  5 = HAIL
                        GRTST 24HR   1.7 ON   M    6 = FREEZING RAIN OR DRIZZLE
                        GRTST DEPTH:   2 ON 14     7 = DUSTSTORM OR SANDSTORM:
                                                       VSBY 1/2 MILE OR LESS
                                                   8 = SMOKE OR HAZE
[NO. OF DAYS WITH]      [WEATHER - DAYS WITH]      9 = BLOWING SNOW
                                                   X = TORNADO
MAX 32 OR BELOW:   0    0.01 INCH OR MORE:   7
MAX 90 OR ABOVE:   0    0.10 INCH OR MORE:   5
MIN 32 OR BELOW:   9    0.50 INCH OR MORE:   2
MIN  0 OR BELOW:   0    1.00 INCH OR MORE:   2

[HDD (BASE 65) ]
TOTAL THIS MO.   436    CLEAR  (SCALE 0-3)   9
DPTR FM NORMAL    33    PTCLDY (SCALE 4-7)   5
TOTAL FM JUL 1  7781    CLOUDY (SCALE 8-10)  8
DPTR FM NORMAL   925

[CDD (BASE 65) ]
TOTAL THIS MO.     0
DPTR FM NORMAL     0    [PRESSURE DATA]
TOTAL FM JAN 1     0    HIGHEST SLP M ON M
DPTR FM NORMAL     0    LOWEST  SLP 29.53 ON 10

[REMARKS]
