000
CXUS55 KBYZ 291055
CF6LVM
PRELIMINARY LOCAL CLIMATOLOGICAL DATA (WS FORM: F-6)

                                          STATION:   LIVINGSTON MT
                                          MONTH:     APRIL
                                          YEAR:      2017
                                          LATITUDE:   45 41 N
                                          LONGITUDE: 110 26 W

  TEMPERATURE IN F:       :PCPN:    SNOW:  WIND      :SUNSHINE: SKY     :PK WND
================================================================================
1   2   3   4   5  6A  6B    7    8   9   10  11  12  13   14  15   16   17  18
                                     12Z  AVG MX 2MIN
DY MAX MIN AVG DEP HDD CDD  WTR  SNW DPTH SPD SPD DIR MIN PSBL S-S WX    SPD DR
================================================================================

 1  64  31  48   9  17   0 0.00    M    M 12.5 28 240   M    M   4 12     35 290
 2  58  35  47   8  18   0 0.01    M    M 11.8 32 280   M    M   6 3      39 290
 3  42  26  34  -5  31   0    T    M    M 10.3 28 330   M    M   7        34 330
 4  49  28  39   0  26   0 0.01    M    M 10.3 23 230   M    M   5 1      32 230
 5  60  38  49   9  16   0 0.00    M    M 21.6 36 220   M    M   4        48 240
 6  71  34  53  13  12   0 0.00    M    M 15.4 39 220   M    M   2        48 220
 7  68  41  55  15  10   0 0.03    M    M 21.3 51 230   M    M   3 1      62 230
 8  60  37  49   9  16   0 0.04    M    M 14.0 31 220   M    M   4        37 230
 9  42  24  33  -7  32   0    T    M    M 13.9 26 240   M    M   8        32 240
10  54  19  37  -4  28   0 0.07    M    M 11.8 31 230   M    M   7 12     39 230
11  54  22  38  -3  27   0 0.07    M    M 10.5 18  80   M    M   4        25 310
12  60  36  48   7  17   0 0.02    M    M 13.8 26  80   M    M   5        31  80
13  75  30  53  12  12   0 0.02    M    M 12.5 37 260   M    M   2        45 250
14  49  33  41  -1  24   0 0.07    M    M 15.4 35 260   M    M   8 1      43 260
15  50  29  40  -2  25   0    T    M    M 19.6 35 290   M    M   5 1      42 290
16  58  31  45   3  20   0 0.00    M    M 13.4 23  80   M    M   2        29  80
17  53  34  44   2  21   0 0.16    M    M 12.0 39 250   M    M   4 13     48 230
18  61  35  48   6  17   0 0.00    M    M  9.6 26 240   M    M   5 1      33 250
19  58  28  43   0  22   0 0.11    M    M 12.5 29 250   M    M   2 1      35 250
20  61  24  43   0  22   0 0.03    M    M  9.8 28 240   M    M   4        35 240
21  43  35  39  -4  26   0 0.24    M    M 12.4 28 240   M    M  10 1      34 240
22  61  34  48   4  17   0 0.00    M    M  8.0 24 210   M    M   3        29 210
23  61  38  50   6  15   0 0.05    M    M 14.1 39 260   M    M   4 1      49 270
24  55  35  45   1  20   0 0.47    M    M  7.8 17 220   M    M   7 1      22 220
25  51  33  42  -2  23   0 0.35    M    M  7.8 17  60   M    M   8 1      21  60
26  55  33  44  -1  21   0 0.23    M    M  6.0 32 260   M    M   9 138    38 270
27  46  33  40  -5  25   0 0.19    M    M 14.2 23 340   M    M  10 1      29 340
28  44  34  39  -6  26   0 0.17    M    M  7.2 20 100   M    M  10 1      27  80
================================================================================
SM 1563  890       586   0  2.34    M    349.5          M      152
================================================================================
AV 55.8 31.8                              12.5 FASTST   M    M   5    MAX(MPH)
                                 MISC ---->  # 51 230               # 62  230
================================================================================
NOTES:
# LAST OF SEVERAL OCCURRENCES

COLUMN 17 PEAK WIND IN M.P.H.

PRELIMINARY LOCAL CLIMATOLOGICAL DATA (WS FORM: F-6) , PAGE 2

                                          STATION:  LIVINGSTON MT
                                          MONTH:    APRIL
                                          YEAR:     2017
                                          LATITUDE:   45 41 N
                                          LONGITUDE: 110 26 W

[TEMPERATURE DATA]      [PRECIPITATION DATA]       SYMBOLS USED IN COLUMN 16

AVERAGE MONTHLY: 43.8   TOTAL FOR MONTH:   2.34    1 = FOG OR MIST
DPTR FM NORMAL:   2.0   DPTR FM NORMAL:    0.72    2 = FOG REDUCING VISIBILITY
HIGHEST:    75 ON 13    GRTST 24HR  0.47 ON 24-24      TO 1/4 MILE OR LESS
LOWEST:     19 ON 10                               3 = THUNDER
                        SNOW, ICE PELLETS, HAIL    4 = ICE PELLETS
                        TOTAL MONTH:    M          5 = HAIL
                        GRTST 24HR    M  ON   M    6 = FREEZING RAIN OR DRIZZLE
                        GRTST DEPTH:  M  ON   M    7 = DUSTSTORM OR SANDSTORM:
                                                       VSBY 1/2 MILE OR LESS
                                                   8 = SMOKE OR HAZE
[NO. OF DAYS WITH]      [WEATHER - DAYS WITH]      9 = BLOWING SNOW
                                                   X = TORNADO
MAX 32 OR BELOW:   0    0.01 INCH OR MORE:  19
MAX 90 OR ABOVE:   0    0.10 INCH OR MORE:   8
MIN 32 OR BELOW:  11    0.50 INCH OR MORE:   0
MIN  0 OR BELOW:   0    1.00 INCH OR MORE:   0

[HDD (BASE 65) ]
TOTAL THIS MO.   586    CLEAR  (SCALE 0-3)   6
DPTR FM NORMAL   -65    PTCLDY (SCALE 4-7)  18
TOTAL FM JUL 1  6531    CLOUDY (SCALE 8-10)  4
DPTR FM NORMAL  -379

[CDD (BASE 65) ]
TOTAL THIS MO.     0
DPTR FM NORMAL     0    [PRESSURE DATA]
TOTAL FM JAN 1     0    HIGHEST SLP M ON M
DPTR FM NORMAL     0    LOWEST  SLP 29.37 ON 13

[REMARKS]
