000
CXUS55 KBYZ 171055
CF6LVM
PRELIMINARY LOCAL CLIMATOLOGICAL DATA (WS FORM: F-6)

                                          STATION:   LIVINGSTON MT
                                          MONTH:     JANUARY
                                          YEAR:      2017
                                          LATITUDE:   45 41 N
                                          LONGITUDE: 110 26 W

  TEMPERATURE IN F:       :PCPN:    SNOW:  WIND      :SUNSHINE: SKY     :PK WND
================================================================================
1   2   3   4   5  6A  6B    7    8   9   10  11  12  13   14  15   16   17  18
                                     12Z  AVG MX 2MIN
DY MAX MIN AVG DEP HDD CDD  WTR  SNW DPTH SPD SPD DIR MIN PSBL S-S WX    SPD DR
================================================================================

 1  21   6  14 -12  51   0 0.07    M    M 10.8 21 100   M    M   8 128    25  90
 2   6 -12  -3 -29  68   0    T    M    M  8.1 17  70   M    M   7 18     21  70
 3  -2 -17  -9 -35  74   0    T    M    M  2.3  9 320   M    M   8 18     10 320
 4   6  -6   0 -26  65   0 0.00    M    M 11.7 23 240   M    M   5        28 240
 5  12  -8   2 -25  63   0 0.00    M    M 17.0 26 250   M    M   2        32 250
 6  22  -2  10 -17  55   0    T    M    M 25.3 45 220   M    M   6 8      54 220
 7  33   5  19  -8  46   0    T    M    M  7.6 30 260   M    M   3        41 260
 8  38  12  25  -2  40   0 0.03    M    M 19.7 40 230   M    M   8 1      51 250
 9  46  13  30   3  35   0 0.07    M    M 18.0 41 210   M    M   9 18     53 210
10  34  -2  16 -11  49   0 0.01    M    M 13.5 35 100   M    M   7 1      42  90
11  13  -1   6 -21  59   0    T    M    M  9.7 17  80   M    M  10 1      21  80
12  17   1   9 -18  56   0    T    M    M  8.1 18 330   M    M   5 1      23 290
13  27   6  17 -10  48   0 0.00    M    M 19.3 33 250   M    M   0        42 260
14  33   5  19  -8  46   0 0.00    M    M 19.1 33 250   M    M   0        40 250
15  32   9  21  -6  44   0 0.00    M    M 18.2 30 260   M    M   0        36 260
16  34  10  22  -5  43   0 0.00    M    M 19.6 35 260   M    M   0        41 240
================================================================================
SM  372   19       842   0  0.18    M    228.0          M       78
================================================================================
AV 23.3  1.2                              14.3 FASTST   M    M   5    MAX(MPH)
                                 MISC ---->  # 45 220               # 54  220
================================================================================
NOTES:
# LAST OF SEVERAL OCCURRENCES

COLUMN 17 PEAK WIND IN M.P.H.

PRELIMINARY LOCAL CLIMATOLOGICAL DATA (WS FORM: F-6) , PAGE 2

                                          STATION:  LIVINGSTON MT
                                          MONTH:    JANUARY
                                          YEAR:     2017
                                          LATITUDE:   45 41 N
                                          LONGITUDE: 110 26 W

[TEMPERATURE DATA]      [PRECIPITATION DATA]       SYMBOLS USED IN COLUMN 16

AVERAGE MONTHLY: 12.2   TOTAL FOR MONTH:   0.18    1 = FOG OR MIST
DPTR FM NORMAL: -14.5   DPTR FM NORMAL:   -0.08    2 = FOG REDUCING VISIBILITY
HIGHEST:    46 ON  9    GRTST 24HR  0.16 ON 11-12      TO 1/4 MILE OR LESS
LOWEST:    -17 ON  3                               3 = THUNDER
                        SNOW, ICE PELLETS, HAIL    4 = ICE PELLETS
                        TOTAL MONTH:    M          5 = HAIL
                        GRTST 24HR    M  ON   M    6 = FREEZING RAIN OR DRIZZLE
                        GRTST DEPTH:  M  ON   M    7 = DUSTSTORM OR SANDSTORM:
                                                       VSBY 1/2 MILE OR LESS
                                                   8 = SMOKE OR HAZE
[NO. OF DAYS WITH]      [WEATHER - DAYS WITH]      9 = BLOWING SNOW
                                                   X = TORNADO
MAX 32 OR BELOW:  10    0.01 INCH OR MORE:   4
MAX 90 OR ABOVE:   0    0.10 INCH OR MORE:   0
MIN 32 OR BELOW:  16    0.50 INCH OR MORE:   0
MIN  0 OR BELOW:   7    1.00 INCH OR MORE:   0

[HDD (BASE 65) ]
TOTAL THIS MO.   842    CLEAR  (SCALE 0-3)   6
DPTR FM NORMAL   230    PTCLDY (SCALE 4-7)   8
TOTAL FM JUL 1  3769    CLOUDY (SCALE 8-10)  2
DPTR FM NORMAL    -8

[CDD (BASE 65) ]
TOTAL THIS MO.     0
DPTR FM NORMAL     0    [PRESSURE DATA]
TOTAL FM JAN 1     0    HIGHEST SLP M ON M
DPTR FM NORMAL     0    LOWEST  SLP 29.46 ON  9

[REMARKS]
