000
CXUS53 KDMX 170920
CF6LWD
PRELIMINARY LOCAL CLIMATOLOGICAL DATA (WS FORM: F-6)

                                          STATION:   LAMONI IA
                                          MONTH:     OCTOBER
                                          YEAR:      2017
                                          LATITUDE:   40 37 N
                                          LONGITUDE:  93 56 W

  TEMPERATURE IN F:       :PCPN:    SNOW:  WIND      :SUNSHINE: SKY     :PK WND
================================================================================
1   2   3   4   5  6A  6B    7    8   9   10  11  12  13   14  15   16   17  18
                                     12Z  AVG MX 2MIN
DY MAX MIN AVG DEP HDD CDD  WTR  SNW DPTH SPD SPD DIR MIN PSBL S-S WX    SPD DR
================================================================================

 1  77  56  67   8   0   2 0.03  0.0    0 10.7 17 160   M    M   1        27 150
 2  84  63  74  16   0   9 0.00  0.0    0 14.0 24 180   M    M   2        34 170
 3  77  60  69  11   0   4 0.07  0.0    0 10.4 22 190   M    M   7 1      29 200
 4  65  54  60   2   5   0 0.18  0.0    0  5.8 17  10   M    M   5 13     26  20
 5  69  57  63   6   2   0 2.77  0.0    0  5.7 18 210   M    M  10 13     22 210
 6  72  65  69  12   0   4 0.17  0.0    0 10.6 18 160   M    M  10 13     25 170
 7  68  55  62   6   3   0 0.41  0.0    0 14.3 30 220   M    M   6 13     38 210
 8  79  51  65   9   0   0 0.00  0.0    0  8.4 16 190   M    M   0        21 180
 9  70  49  60   4   5   0    T  0.0    0 14.6 28  20   M    M   0        35  20
10  50  43  47  -8  18   0 0.55  0.0    0 15.0 24  30   M    M  10 13     32  20
11  60  43  52  -3  13   0 0.00  0.0    0  5.5 12 340   M    M   7        15 350
12  63  46  55   1  10   0 0.00  0.0    0  7.6 14 140   M    M   5 1      21 130
13  72  53  63   9   2   0 0.08  0.0    0  7.6 20 360   M    M   6 1      25 360
14  73  52  63   9   2   0 0.86  0.0    0 11.3 26 310   M    M   9 123    35 320
15  58  44  51  -2  14   0 0.00  0.0    0 13.0 31 330   M    M   5 8      42 330
16  68  41  55   2  10   0 0.00  0.0    0  9.2 16 200   M    M   0 8      22 230
================================================================================
SM 1105  832        84  19  5.12     0.0 163.7          M       83
================================================================================
AV 69.1 52.0                              10.2 FASTST   M    M   5    MAX(MPH)
                                 MISC ---->  # 31 330               # 42  330
================================================================================
NOTES:
# LAST OF SEVERAL OCCURRENCES

COLUMN 17 PEAK WIND IN M.P.H.

PRELIMINARY LOCAL CLIMATOLOGICAL DATA (WS FORM: F-6) , PAGE 2

                                          STATION:  LAMONI IA
                                          MONTH:    OCTOBER
                                          YEAR:     2017
                                          LATITUDE:   40 37 N
                                          LONGITUDE:  93 56 W

[TEMPERATURE DATA]      [PRECIPITATION DATA]       SYMBOLS USED IN COLUMN 16

AVERAGE MONTHLY: 60.5   TOTAL FOR MONTH:   5.12    1 = FOG OR MIST
DPTR FM NORMAL:   4.7   DPTR FM NORMAL:    3.80    2 = FOG REDUCING VISIBILITY
HIGHEST:    84 ON  2    GRTST 24HR  2.90 ON  5- 6      TO 1/4 MILE OR LESS
LOWEST:     41 ON 16                               3 = THUNDER
                        SNOW, ICE PELLETS, HAIL    4 = ICE PELLETS
                        TOTAL MONTH:   0.0 INCH    5 = HAIL
                        GRTST 24HR     0.0         6 = FREEZING RAIN OR DRIZZLE
                        GRTST DEPTH:   0           7 = DUSTSTORM OR SANDSTORM:
                                                       VSBY 1/2 MILE OR LESS
                                                   8 = SMOKE OR HAZE
[NO. OF DAYS WITH]      [WEATHER - DAYS WITH]      9 = BLOWING SNOW
                                                   X = TORNADO
MAX 32 OR BELOW:   0    0.01 INCH OR MORE:   9
MAX 90 OR ABOVE:   0    0.10 INCH OR MORE:   6
MIN 32 OR BELOW:   0    0.50 INCH OR MORE:   3
MIN  0 OR BELOW:   0    1.00 INCH OR MORE:   1

[HDD (BASE 65) ]
TOTAL THIS MO.    84    CLEAR  (SCALE 0-3)   5
DPTR FM NORMAL   -73    PTCLDY (SCALE 4-7)   7
TOTAL FM JUL 1   110    CLOUDY (SCALE 8-10)  4
DPTR FM NORMAL  -147

[CDD (BASE 65) ]
TOTAL THIS MO.    19
DPTR FM NORMAL     8    [PRESSURE DATA]
TOTAL FM JAN 1  1150    HIGHEST SLP M ON M
DPTR FM NORMAL   206    LOWEST  SLP 29.37 ON  7

[REMARKS]
