000
CXUS53 KDMX 250920
CF6LWD
PRELIMINARY LOCAL CLIMATOLOGICAL DATA (WS FORM: F-6)

                                          STATION:   LAMONI IA
                                          MONTH:     MARCH
                                          YEAR:      2017
                                          LATITUDE:   40 37 N
                                          LONGITUDE:  93 56 W

  TEMPERATURE IN F:       :PCPN:    SNOW:  WIND      :SUNSHINE: SKY     :PK WND
================================================================================
1   2   3   4   5  6A  6B    7    8   9   10  11  12  13   14  15   16   17  18
                                     12Z  AVG MX 2MIN
DY MAX MIN AVG DEP HDD CDD  WTR  SNW DPTH SPD SPD DIR MIN PSBL S-S WX    SPD DR
================================================================================

 1  43  24  34   1  31   0    T  0.0    0 17.9 29 300   M    M   8 1      36 300
 2  46  20  33  -1  32   0 0.00  0.0    0  7.2 21 300   M    M   3        25 320
 3  45  16  31  -3  34   0 0.00  0.0    0  8.6 20 160   M    M   1        28 160
 4  71  29  50  15  15   0 0.00  0.0    0 11.8 23 200   M    M   0        30 200
 5  59  47  53  18  12   0 0.00  0.0    0 15.4 26 190   M    M   8        35 180
 6  75  46  61  25   4   0 0.24  0.0    0 22.7 51 250   M    M   7 13     77 260
 7  55  32  44   8  21   0 0.00  0.0    0 17.3 32 250   M    M   1        43 250
 8  59  32  46  10  19   0 0.00  0.0    0  9.5 24 280   M    M   0        30 290
 9  50  29  40   3  25   0 0.00  0.0    0 13.8 24  20   M    M   0        30  20
10  33  18  26 -12  39   0 0.00  0.0    0 11.2 24 360   M    M   M        31  10
11  33  21  27 -11  38   0    T    M    M  8.2 17  50   M    M   M        20  50
12  39  26  33  -5  32   0    T    M    0  8.4 23 150   M    M   9        31 140
13  38  22  30  -9  35   0 0.08    M    M 12.2 22  10   M    M  10 18     30  20
14  32  14  23 -16  42   0 0.00  0.0    0  8.1 15  40   M    M   5        20  50
15  39  11  25 -15  40   0 0.00  0.0    0  5.4 13 190   M    M   3        17 200
16  61  28  45   5  20   0 0.00  0.0    0 12.0 25 140   M    M   2        34 140
17  69  42  56  15   9   0 0.00  0.0    0 14.8 24 330   M    M   1        31 320
18  60  27  44   3  21   0 0.00  0.0    0  8.2 17 340   M    M   0        23 320
19  70  39  55  13  10   0 0.00  0.0    0 12.8 25 150   M    M   4        33 150
20  71  46  59  17   6   0 0.00  0.0    0 11.6 22  40   M    M   0        29  30
21  53  36  45   3  20   0    T    M    0 13.4 28  30   M    M   1        36  30
22  49  31  40  -3  25   0 0.00  0.0    0 11.3 17  40   M    M   7        23 130
23  77  42  60  17   5   0 0.01    M    0 14.9 25 140   M    M   5        36 150
24  67  45  56  12   9   0 0.46  0.0    0  9.9 21  20   M    M   7 1      25  30
================================================================================
SM 1294  723       544   0  0.79     0.0 286.6          M       82
================================================================================
AV 53.9 30.1                              11.9 FASTST   M    M   4    MAX(MPH)
                                 MISC ---->  # 51 250               # 77  260
================================================================================
NOTES:
# LAST OF SEVERAL OCCURRENCES

COLUMN 17 PEAK WIND IN M.P.H.

PRELIMINARY LOCAL CLIMATOLOGICAL DATA (WS FORM: F-6) , PAGE 2

                                          STATION:  LAMONI IA
                                          MONTH:    MARCH
                                          YEAR:     2017
                                          LATITUDE:   40 37 N
                                          LONGITUDE:  93 56 W

[TEMPERATURE DATA]      [PRECIPITATION DATA]       SYMBOLS USED IN COLUMN 16

AVERAGE MONTHLY: 42.0   TOTAL FOR MONTH:   0.79    1 = FOG OR MIST
DPTR FM NORMAL:   3.4   DPTR FM NORMAL:   -0.83    2 = FOG REDUCING VISIBILITY
HIGHEST:    77 ON 23    GRTST 24HR  0.46 ON 24-24      TO 1/4 MILE OR LESS
LOWEST:     11 ON 15                               3 = THUNDER
                        SNOW, ICE PELLETS, HAIL    4 = ICE PELLETS
                        TOTAL MONTH:   0.0 INCH    5 = HAIL
                        GRTST 24HR     0.0         6 = FREEZING RAIN OR DRIZZLE
                        GRTST DEPTH:   0           7 = DUSTSTORM OR SANDSTORM:
                                                       VSBY 1/2 MILE OR LESS
                                                   8 = SMOKE OR HAZE
[NO. OF DAYS WITH]      [WEATHER - DAYS WITH]      9 = BLOWING SNOW
                                                   X = TORNADO
MAX 32 OR BELOW:   1    0.01 INCH OR MORE:   4
MAX 90 OR ABOVE:   0    0.10 INCH OR MORE:   2
MIN 32 OR BELOW:  16    0.50 INCH OR MORE:   0
MIN  0 OR BELOW:   0    1.00 INCH OR MORE:   0

[HDD (BASE 65) ]
TOTAL THIS MO.   544    CLEAR  (SCALE 0-3)  12
DPTR FM NORMAL   -90    PTCLDY (SCALE 4-7)   7
TOTAL FM JUL 1  4261    CLOUDY (SCALE 8-10)  3
DPTR FM NORMAL -1090

[CDD (BASE 65) ]
TOTAL THIS MO.     0
DPTR FM NORMAL     0    [PRESSURE DATA]
TOTAL FM JAN 1     0    HIGHEST SLP M ON M
DPTR FM NORMAL     0    LOWEST  SLP 29.22 ON  6

[REMARKS]
