000
CXUS53 KDMX 220920
CF6LWD
PRELIMINARY LOCAL CLIMATOLOGICAL DATA (WS FORM: F-6)

                                          STATION:   LAMONI IA
                                          MONTH:     OCTOBER
                                          YEAR:      2014
                                          LATITUDE:   40 37 N
                                          LONGITUDE:  93 56 W

  TEMPERATURE IN F:       :PCPN:    SNOW:  WIND      :SUNSHINE: SKY     :PK WND
================================================================================
1   2   3   4   5  6A  6B    7    8   9   10  11  12  13   14  15   16   17  18
                                     12Z  AVG MX 2MIN
DY MAX MIN AVG DEP HDD CDD  WTR  SNW DPTH SPD SPD DIR MIN PSBL S-S WX    SPD DR
================================================================================

 1  70  62  66   7   0   1 0.74  0.0    0  6.6 14 150   M    M   7 13     19 150
 2  65  53  59   1   6   0 0.82  0.0    0  6.7 25 320   M    M  10 13     32 310
 3  53  37  45 -13  20   0 0.00  0.0    0 17.0 30 300   M    M   5        42 300
 4  53  33  43 -15  22   0 0.00  0.0    0 11.6 22 280   M    M   1        29 300
 5  67  42  55  -2  10   0    T  0.0    0  8.9 20 290   M    M   3        28 300
 6  67  46  57   0   8   0    T  0.0    0 10.0 23 300   M    M   3        32 290
 7  71  51  61   5   4   0 0.00  0.0    0 11.3 31 300   M    M   1        41 300
 8  69  45  57   1   8   0 0.00    M    0  4.3 10 360   M    M   2        13 350
 9  65  51  58   2   7   0 0.01  0.0    0  9.9 17  50   M    M  10        22  50
10  56  40  48  -7  17   0 0.00  0.0    0  9.3 15  20   M    M   1        21  30
11  61  35  48  -7  17   0 0.00  0.0    0  4.5  9 160   M    M   0        14 150
12  55  44  50  -4  15   0 0.07  0.0    0  5.9 10 150   M    M   9 13     15 160
13  55  52  54   0  11   0 1.71  0.0    0 15.6 31 350   M    M  10 12     40 330
14  62  50  56   2   9   0 0.06  0.0    0 20.9 32 350   M    M   9        42 320
15  68  45  57   4   8   0 0.00    M    0 11.0 21 360   M    M   0        27 360
16  76  39  58   5   7   0 0.00  0.0    0  8.1 20 200   M    M   0        25 210
17  64  45  55   2  10   0 0.00    M    0 14.3 25 300   M    M   3        34 310
18  58  39  49  -3  16   0 0.00  0.0    0  6.7 16 350   M    M   1        19 340
19  65  39  52   0  13   0 0.00  0.0    0 11.0 21 210   M    M   0 1      26 200
20  71  47  59   7   6   0 0.00  0.0    0  8.1 15 340   M    M   0 8      19 350
21  71  42  57   6   8   0 0.00  0.0    0  4.3  8 110   M    M   0        12 100
================================================================================
SM 1342  937       222   1  3.41     0.0 206.0          M       75
================================================================================
AV 63.9 44.6                               9.8 FASTST   M    M   4    MAX(MPH)
                                 MISC ---->  # 32 350               # 42  300
================================================================================
NOTES:
# LAST OF SEVERAL OCCURRENCES

COLUMN 17 PEAK WIND IN M.P.H.

PRELIMINARY LOCAL CLIMATOLOGICAL DATA (WS FORM: F-6) , PAGE 2

                                          STATION:  LAMONI IA
                                          MONTH:    OCTOBER
                                          YEAR:     2014
                                          LATITUDE:   40 37 N
                                          LONGITUDE:  93 56 W

[TEMPERATURE DATA]      [PRECIPITATION DATA]       SYMBOLS USED IN COLUMN 16

AVERAGE MONTHLY: 54.3   TOTAL FOR MONTH:   3.41    1 = FOG OR MIST
DPTR FM NORMAL:  -0.6   DPTR FM NORMAL:    1.54    2 = FOG REDUCING VISIBILITY
HIGHEST:    76 ON 16    GRTST 24HR  1.76 ON 12-13      TO 1/4 MILE OR LESS
LOWEST:     33 ON  4                               3 = THUNDER
                        SNOW, ICE PELLETS, HAIL    4 = ICE PELLETS
                        TOTAL MONTH:   0.0 INCH    5 = HAIL
                        GRTST 24HR     0.0         6 = FREEZING RAIN OR DRIZZLE
                        GRTST DEPTH:   0           7 = DUSTSTORM OR SANDSTORM:
                                                       VSBY 1/2 MILE OR LESS
                                                   8 = SMOKE OR HAZE
[NO. OF DAYS WITH]      [WEATHER - DAYS WITH]      9 = BLOWING SNOW
                                                   X = TORNADO
MAX 32 OR BELOW:   0    0.01 INCH OR MORE:   6
MAX 90 OR ABOVE:   0    0.10 INCH OR MORE:   3
MIN 32 OR BELOW:   0    0.50 INCH OR MORE:   3
MIN  0 OR BELOW:   0    1.00 INCH OR MORE:   1

[HDD (BASE 65) ]
TOTAL THIS MO.   222    CLEAR  (SCALE 0-3)  12
DPTR FM NORMAL    -2    PTCLDY (SCALE 4-7)   4
TOTAL FM JUL 1   328    CLOUDY (SCALE 8-10)  5
DPTR FM NORMAL     4

[CDD (BASE 65) ]
TOTAL THIS MO.     1
DPTR FM NORMAL   -10    [PRESSURE DATA]
TOTAL FM JAN 1   907    HIGHEST SLP M ON M
DPTR FM NORMAL   -37    LOWEST  SLP 29.56 ON M

[REMARKS]
