000
CXUS53 KILX 272300
CF6LWV
PRELIMINARY LOCAL CLIMATOLOGICAL DATA (WS FORM: F-6)

                                          STATION:   LAWRENCEVILLE IL AIRPORT
                                          MONTH:     JUNE
                                          YEAR:      2017
                                          LATITUDE:   38 45 N
                                          LONGITUDE:  87 36 W

  TEMPERATURE IN F:       :PCPN:    SNOW:  WIND      :SUNSHINE: SKY     :PK WND
================================================================================
1   2   3   4   5  6A  6B    7    8   9   10  11  12  13   14  15   16   17  18
                                     12Z  AVG MX 2MIN
DY MAX MIN AVG DEP HDD CDD  WTR  SNW DPTH SPD SPD DIR MIN PSBL S-S WX    SPD DR
================================================================================

 1  84  57  71   0   0   6    T  0.0    0  4.4 15 330   M    M   0 8      22 350
 2  88  58  73   2   0   8 0.00  0.0    0  2.5  8 130   M    M   3        14 280
 3  89  65  77   6   0  12 0.00    M    M  4.1 12 200   M    M   3 8      16 200
 4  89  65  77   5   0  12 0.00    M    M  5.2 15 200   M    M   1 1      17 200
 5  92  68  80   8   0  15 0.00    M    M  7.1 15  20   M    M   3 1      18  10
 6  82  65  74   2   0   9 0.00    M    M 10.8 15  10   M    M   1        30  99
 7  79  57  68  -4   0   3 0.00    M    M  9.5 22  20   M    M   2        28  20
 8  81  51  66  -7   0   1 0.00    M    M  6.7 16 350   M    M   0        27 360
 9  86  57  72  -1   0   7 0.00    M    M  7.4 18 230   M    M   0        25 240
10  87  58  73   0   0   8 0.00    M    M 10.3 22 200   M    M   0        29 180
11  91  63  77   3   0  12 0.00    M    M 11.5 23 190   M    M   2        34 200
12  95  67  81   7   0  16 0.00    M    M  8.4 18 220   M    M   2        23 200
13  95  73  84  10   0  19 0.00    M    M  8.3 18 220   M    M   2 3      25 230
14  95  70  83   9   0  18 0.33    M    M  9.0 41 310   M    M   2 13     48 310
15  88  69  79   4   0  14 0.02    M    M  4.6 15 260   M    M   3 138    19 260
16  91  66  79   4   0  14 0.00    M    M  5.6 20 200   M    M   1 1238   25 200
17  91  68  80   5   0  15 0.00    M    M 11.3 21 220   M    M   1 1      25 170
18  86  67  77   2   0  12 0.12    M    M 10.1 18 330   M    M   6 13     23 230
19  86  61  74  -2   0   9 0.00    M    M  9.7 25 310   M    M   1        30 310
20  91  61  76   0   0  11    T    M    M  7.7 20 290   M    M   2        31 250
21  94  65  80   4   0  15    T    M    M  9.0 17 220   M    M   2 8      22 210
22  80  69  75  -1   0  10 0.08    M    M 11.0 24 180   M    M   7 1      31 170
23  79  67  73  -3   0   8 1.78    M    M  8.8 20 350   M    M   6 123    25 340
24  79  60  70  -6   0   5 0.00    M    M  8.7 20 290   M    M   1        26 290
25  81  54  68  -9   0   3 0.00    M    M 10.2 23 300   M    M   0        28 300
26  79  52  66 -11   0   1    T    M    M  5.8 24 330   M    M   3        30 330
================================================================================
SM 2258 1633         0 263  2.33     0.0 207.7          M       54
================================================================================
AV 86.9 62.8                               8.0 FASTST   M    M   2    MAX(MPH)
                                 MISC ---->  # 41 310               # 48  310
================================================================================
NOTES:
# LAST OF SEVERAL OCCURRENCES

COLUMN 17 PEAK WIND IN M.P.H.

PRELIMINARY LOCAL CLIMATOLOGICAL DATA (WS FORM: F-6) , PAGE 2

                                          STATION:  LAWRENCEVILLE IL AIRPORT
                                          MONTH:    JUNE
                                          YEAR:     2017
                                          LATITUDE:   38 45 N
                                          LONGITUDE:  87 36 W

[TEMPERATURE DATA]      [PRECIPITATION DATA]       SYMBOLS USED IN COLUMN 16

AVERAGE MONTHLY: 74.8   TOTAL FOR MONTH:   2.33    1 = FOG OR MIST
DPTR FM NORMAL:   0.8   DPTR FM NORMAL:   -1.09    2 = FOG REDUCING VISIBILITY
HIGHEST:    95 ON 14,13 GRTST 24HR  1.78 ON 23-23      TO 1/4 MILE OR LESS
LOWEST:     51 ON  8                               3 = THUNDER
                        SNOW, ICE PELLETS, HAIL    4 = ICE PELLETS
                        TOTAL MONTH:   0.0 INCH    5 = HAIL
                        GRTST 24HR     0.0         6 = FREEZING RAIN OR DRIZZLE
                        GRTST DEPTH:   0           7 = DUSTSTORM OR SANDSTORM:
                                                       VSBY 1/2 MILE OR LESS
                                                   8 = SMOKE OR HAZE
[NO. OF DAYS WITH]      [WEATHER - DAYS WITH]      9 = BLOWING SNOW
                                                   X = TORNADO
MAX 32 OR BELOW:   0    0.01 INCH OR MORE:   5
MAX 90 OR ABOVE:   9    0.10 INCH OR MORE:   3
MIN 32 OR BELOW:   0    0.50 INCH OR MORE:   1
MIN  0 OR BELOW:   0    1.00 INCH OR MORE:   1

[HDD (BASE 65) ]
TOTAL THIS MO.     0    CLEAR  (SCALE 0-3)  20
DPTR FM NORMAL    -6    PTCLDY (SCALE 4-7)   6
TOTAL FM JUL 1  3881    CLOUDY (SCALE 8-10)  0
DPTR FM NORMAL  -798

[CDD (BASE 65) ]
TOTAL THIS MO.   263
DPTR FM NORMAL    20    [PRESSURE DATA]
TOTAL FM JAN 1   436    HIGHEST SLP M ON M
DPTR FM NORMAL    54    LOWEST  SLP 29.66 ON 23

[REMARKS]
