000
CXUS55 KEAX 310736
CF6LXT
PRELIMINARY LOCAL CLIMATOLOGICAL DATA (WS FORM: F-6)

                                          STATION:   Lee`s Summit MO
                                          MONTH:     AUGUST
                                          YEAR:      2015
                                          LATITUDE:   38 57 N
                                          LONGITUDE:  94 22 W

  TEMPERATURE IN F:       :PCPN:    SNOW:  WIND      :SUNSHINE: SKY     :PK WND
================================================================================
1   2   3   4   5  6A  6B    7    8   9   10  11  12  13   14  15   16   17  18
                                     12Z  AVG MX 2MIN
DY MAX MIN AVG DEP HDD CDD  WTR  SNW DPTH SPD SPD DIR MIN PSBL S-S WX    SPD DR
================================================================================

 1  93  72  83   4   0  18 0.00    M    M  5.8 22  90   M    M   1 3      28  90
 2  93  71  82   3   0  17 0.00    M    M  9.0 17 240   M    M   0        23 230
 3  90  69  80   1   0  15 0.00    M    M  6.2 18  30   M    M   0        22  40
 4  88  70  79   0   0  14 0.38    M    M  6.2 21  30   M    M   2 13     26 230
 5  74  67  71  -7   0   6 0.55    M    M  6.5 13  40   M    M  10 1      16  40
 6  82  68  75  -3   0  10 0.00    M    M  5.5 15 100   M    M   6 1      19  90
 7  91  73  82   4   0  17 0.00    M    M  4.9 10  20   M    M   2        15 170
 8  89  73  81   3   0  16 0.12    M    M  9.0 26  90   M    M   1 3      31  80
 9  90  78  84   6   0  19 0.05    M    M  5.0 14 190   M    M   2        21 180
10  89  72  81   3   0  16 0.45    M    M  6.4 24 350   M    M   3 13     30 350
11  84  66  75  -3   0  10 0.00    M    M  7.0 16  30   M    M   1        20  40
12  86  64  75  -3   0  10 0.00    M    M  2.4  9  70   M    M   1        12  60
13  87  63  75  -3   0  10 0.00    M    M  4.4  9 200   M    M   1        13 160
14  86  68  77  -1   0  12 0.00    M    M  4.3 10 220   M    M   1        14 150
15  88  66  77  -1   0  12 0.00    M    M  4.6 10 150   M    M   0        15 130
16  89  70  80   3   0  15 0.00    M    M  6.8 13 170   M    M   1        19 160
17  90  72  81   4   0  16 0.00    M    M  6.7 14 230   M    M   0        17 210
18  81  66  74  -3   0   9 1.51    M    M  7.1 31 340   M    M   4 13     35 340
19  73  57  65 -12   0   0 0.00    M    M  8.2 17 310   M    M   2        26 290
20  82  54  68  -9   0   3 0.00    M    M  6.7 14 210   M    M   0        20 220
21  81  62  72  -5   0   7 0.00    M    M  9.2 16 190   M    M   2 8      22 170
22  83  68  76   0   0  11 0.00    M    M  7.4 15 170   M    M   2        24 170
23  77  60  69  -7   0   4    T    M    M 10.5 31 360   M    M   2 13     41 350
24  80  52  66 -10   0   1 0.00    M    M  4.0 12 280   M    M   0        15 330
25  82  58  70  -6   0   5 0.00    M    M  3.3  8 350   M    M   0        11 300
26  82  60  71  -4   0   6 0.00    M    M  5.3 10 120   M    M   0        14 110
27  73  63  68  -7   0   3 1.27    M    M  7.5 17  80   M    M   2 13     21  80
28  79  67  73  -2   0   8 0.07    M    M 10.2 22 180   M    M   3 13     30 180
29  79  68  74  -1   0   9 0.00    M    M  5.8 12  10   M    M  10 1      14  20
30  84  67  76   2   0  11 0.00    M    M  5.5 10  90   M    M   6 12     13 110
================================================================================
SM 2525 1984         0 310  4.40    M    191.4          M       65
================================================================================
AV 84.2 66.1                               6.4 FASTST   M    M   2    MAX(MPH)
                                 MISC ---->  # 31 340               # 41  350
================================================================================
NOTES:
# LAST OF SEVERAL OCCURRENCES

COLUMN 17 PEAK WIND IN M.P.H.

PRELIMINARY LOCAL CLIMATOLOGICAL DATA (WS FORM: F-6) , PAGE 2

                                          STATION:  Lee`s Summit MO
                                          MONTH:    AUGUST
                                          YEAR:     2015
                                          LATITUDE:   38 57 N
                                          LONGITUDE:  94 22 W

[TEMPERATURE DATA]      [PRECIPITATION DATA]       SYMBOLS USED IN COLUMN 16

AVERAGE MONTHLY: 75.1   TOTAL FOR MONTH:   4.40    1 = FOG OR MIST
DPTR FM NORMAL:  -2.0   DPTR FM NORMAL:    0.06    2 = FOG REDUCING VISIBILITY
HIGHEST:    93 ON  2, 1 GRTST 24HR  1.51 ON 18-18      TO 1/4 MILE OR LESS
LOWEST:     52 ON 24                               3 = THUNDER
                        SNOW, ICE PELLETS, HAIL    4 = ICE PELLETS
                        TOTAL MONTH:    M          5 = HAIL
                        GRTST 24HR    M  ON   M    6 = FREEZING RAIN OR DRIZZLE
                        GRTST DEPTH:  M  ON   M    7 = DUSTSTORM OR SANDSTORM:
                                                       VSBY 1/2 MILE OR LESS
                                                   8 = SMOKE OR HAZE
[NO. OF DAYS WITH]      [WEATHER - DAYS WITH]      9 = BLOWING SNOW
                                                   X = TORNADO
MAX 32 OR BELOW:   0    0.01 INCH OR MORE:   8
MAX 90 OR ABOVE:   6    0.10 INCH OR MORE:   6
MIN 32 OR BELOW:   0    0.50 INCH OR MORE:   3
MIN  0 OR BELOW:   0    1.00 INCH OR MORE:   2

[HDD (BASE 65) ]
TOTAL THIS MO.     0    CLEAR  (SCALE 0-3)  25
DPTR FM NORMAL     0    PTCLDY (SCALE 4-7)   3
TOTAL FM JUL 1     1    CLOUDY (SCALE 8-10)  2
DPTR FM NORMAL     1

[CDD (BASE 65) ]
TOTAL THIS MO.   310
DPTR FM NORMAL   -57    [PRESSURE DATA]
TOTAL FM JAN 1  1156    HIGHEST SLP  0.00 ON M
DPTR FM NORMAL    22    LOWEST  SLP  0.00 ON M

[REMARKS]
