000
CXUS51 KRNK 190929
CF6LYH
PRELIMINARY LOCAL CLIMATOLOGICAL DATA (WS FORM: F-6)

                                          STATION:   LYNCHBURG VA
                                          MONTH:     APRIL
                                          YEAR:      2014
                                          LATITUDE:   37 19 N
                                          LONGITUDE:  79 12 W

  TEMPERATURE IN F:       :PCPN:    SNOW:  WIND      :SUNSHINE: SKY     :PK WND
================================================================================
1   2   3   4   5  6A  6B    7    8   9   10  11  12  13   14  15   16   17  18
                                     12Z  AVG MX 2MIN
DY MAX MIN AVG DEP HDD CDD  WTR  SNW DPTH SPD SPD DIR MIN PSBL S-S WX    SPD DR
================================================================================

 1  80  39  60   9   5   0 0.00  0.0    0  3.5 15 200   M    M   0        20 210
 2  88  45  67  16   0   2    T  0.0    0  4.6 15  50   M    M   1        21  50
 3  76  50  63  11   2   0    T  0.0    0  4.7 17  50   M    M   1         M  M
 4  81  53  67  15   0   2 0.00  0.0    0  6.7 18 270   M    M   2        30 270
 5  67  46  57   5   8   0 0.00  0.0    0  6.2 14 280   M    M   0        22 270
 6  64  38  51  -2  14   0    T  0.0    0  4.2 13  60   M    M   2        17  40
 7  54  44  49  -4  16   0 1.48  0.0    0  4.1 15  40   M    M   9 18     18  40
 8  70  50  60   7   5   0 0.01  0.0    0  5.5 14  10   M    M   6 1      24 260
 9  69  43  56   2   9   0 0.00  0.0    0  3.5 17 300   M    M   5        25 300
10  76  38  57   3   8   0 0.00  0.0    0  7.2 24 190   M    M   0        31 200
11  83  50  67  13   0   2    T  0.0    0  8.4 21 190   M    M   0        25 190
12  81  49  65  11   0   0 0.00  0.0    0  4.1 13 160   M    M   1        16 160
13  86  57  72  17   0   7 0.00  0.0    0  9.4 22 180   M    M   0        28 190
14  78  63  71  16   0   6 0.06  0.0    0 12.2 22 200   M    M   4 1      31 150
15  72  38  55   0  10   0 1.86    T    0  9.3 25 200   M    M   8 14     35 200
16  55  33  44 -12  21   0 0.00  0.0    0  6.5 15  20   M    M   0        20  10
17  63  32  48  -8  17   0 0.00  0.0    0  4.0 14  40   M    M   0        20  40
18  59  40  50  -6  15   0 0.00  0.0    0  2.5  9  40   M    M   2        12  50
================================================================================
SM 1302  808       130  19  3.41    T    106.6          M       41
================================================================================
AV 72.3 44.9                               5.9 FASTST   M    M   2    MAX(MPH)
                                 MISC ---->  # 25 200               # 35  200
================================================================================
NOTES:
# LAST OF SEVERAL OCCURRENCES

COLUMN 17 PEAK WIND IN M.P.H.

PRELIMINARY LOCAL CLIMATOLOGICAL DATA (WS FORM: F-6) , PAGE 2

                                          STATION:  LYNCHBURG VA
                                          MONTH:    APRIL
                                          YEAR:     2014
                                          LATITUDE:   37 19 N
                                          LONGITUDE:  79 12 W

[TEMPERATURE DATA]      [PRECIPITATION DATA]       SYMBOLS USED IN COLUMN 16

AVERAGE MONTHLY: 58.6   TOTAL FOR MONTH:   3.41    1 = FOG OR MIST
DPTR FM NORMAL:   4.9   DPTR FM NORMAL:    1.41    2 = FOG REDUCING VISIBILITY
HIGHEST:    88 ON  2    GRTST 24HR  1.92 ON 14-15      TO 1/4 MILE OR LESS
LOWEST:     32 ON 17                               3 = THUNDER
                        SNOW, ICE PELLETS, HAIL    4 = ICE PELLETS
                        TOTAL MONTH:    T          5 = HAIL
                        GRTST 24HR    T  ON 15-15  6 = FREEZING RAIN OR DRIZZLE
                        GRTST DEPTH:   0           7 = DUSTSTORM OR SANDSTORM:
                                                       VSBY 1/2 MILE OR LESS
                                                   8 = SMOKE OR HAZE
[NO. OF DAYS WITH]      [WEATHER - DAYS WITH]      9 = BLOWING SNOW
                                                   X = TORNADO
MAX 32 OR BELOW:   0    0.01 INCH OR MORE:   4
MAX 90 OR ABOVE:   0    0.10 INCH OR MORE:   2
MIN 32 OR BELOW:   1    0.50 INCH OR MORE:   2
MIN  0 OR BELOW:   0    1.00 INCH OR MORE:   2

[HDD (BASE 65) ]
TOTAL THIS MO.   130    CLEAR  (SCALE 0-3)  13
DPTR FM NORMAL   -79    PTCLDY (SCALE 4-7)   3
TOTAL FM JUL 1  4294    CLOUDY (SCALE 8-10)  2
DPTR FM NORMAL    66

[CDD (BASE 65) ]
TOTAL THIS MO.    19
DPTR FM NORMAL    13    [PRESSURE DATA]
TOTAL FM JAN 1    19    HIGHEST SLP M ON M
DPTR FM NORMAL    11    LOWEST  SLP 29.54 ON  8

[REMARKS]
