000
CXUS51 KRNK 260720
CF6LYH
PRELIMINARY LOCAL CLIMATOLOGICAL DATA (WS FORM: F-6)

                                          STATION:   LYNCHBURG VA
                                          MONTH:     MAY
                                          YEAR:      2015
                                          LATITUDE:   37 19 N
                                          LONGITUDE:  79 12 W

  TEMPERATURE IN F:       :PCPN:    SNOW:  WIND      :SUNSHINE: SKY     :PK WND
================================================================================
1   2   3   4   5  6A  6B    7    8   9   10  11  12  13   14  15   16   17  18
                                     12Z  AVG MX 2MIN
DY MAX MIN AVG DEP HDD CDD  WTR  SNW DPTH SPD SPD DIR MIN PSBL S-S WX    SPD DR
================================================================================

 1  62  45  54  -5  11   0 0.57  0.0    0  5.0 16  20   M    M   8 12     22  20
 2  71  41  56  -4   9   0 0.00  0.0    0  2.1 10  30   M    M   5 12     23 340
 3  76  43  60   0   5   0 0.00  0.0    0  1.8  9 200   M    M   2        13 210
 4  81  46  64   4   1   0 0.00  0.0    0  5.2 17 180   M    M   0        24 190
 5  85  54  70  10   0   5    T  0.0    0  5.1 14 190   M    M   3 3      18 200
 6  84  55  70   9   0   5 0.01  0.0    0  3.0 14  60   M    M   4 3      19 100
 7  78  59  69   8   0   4 0.00  0.0    0  3.7 12  40   M    M   2 1      15  40
 8  80  53  67   6   0   2 0.00  0.0    0  3.0 13  60   M    M   1 12     17 110
 9  79  56  68   7   0   3 0.00  0.0    0  4.9 10  90   M    M   5 12     15  70
10  80  62  71   9   0   6 0.14  0.0    0  4.7 15 160   M    M   6 13     21 170
11  85  62  74  12   0   9 0.72  0.0    0  4.8 29 310   M    M   3 13     48 300
12  85  64  75  13   0  10    T  0.0    0  6.2 15 210   M    M   0 3      24 230
13  75  52  64   2   1   0 0.00  0.0    0  5.8 15  50   M    M   0        20  50
14  67  43  55  -7  10   0 0.00  0.0    0  3.3 12  40   M    M   1        15  50
15  76  49  63   0   2   0    T  0.0    0  4.5 15 200   M    M   1 1      22 180
16  84  57  71   8   0   6 0.00  0.0    0  6.2 17 200   M    M   1 1      23 180
17  84  65  75  12   0  10 0.00  0.0    0  3.2 10 210   M    M   6        14 200
18  86  65  76  12   0  11 0.00  0.0    0  3.0 12  20   M    M   4 3      17  40
19  86  64  75  11   0  10 0.00  0.0    0  3.3 10 250   M    M   0        15 220
20  81  52  67   3   0   2 0.00  0.0    0  4.2 15  40   M    M   0 8      20  30
21  61  50  56  -8   9   0 0.12  0.0    0  7.3 15  40   M    M  10 1      21  30
22  73  47  60  -5   5   0 0.00  0.0    0  4.5 12 310   M    M   1        19 320
23  74  44  59  -6   6   0 0.00  0.0    0  3.5 13 190   M    M   0        16 200
24  81  48  65   0   0   0 0.00  0.0    0  5.5 17 180   M    M   0        22 200
25  82  57  70   4   0   5 0.00  0.0    0  7.0 18 190   M    M   0        26 210
================================================================================
SM 1956 1333        59  88  1.56     0.0 110.8          M       63
================================================================================
AV 78.2 53.3                               4.4 FASTST   M    M   3    MAX(MPH)
                                 MISC ---->  # 29 310               # 48  300
================================================================================
NOTES:
# LAST OF SEVERAL OCCURRENCES

COLUMN 17 PEAK WIND IN M.P.H.

PRELIMINARY LOCAL CLIMATOLOGICAL DATA (WS FORM: F-6) , PAGE 2

                                          STATION:  LYNCHBURG VA
                                          MONTH:    MAY
                                          YEAR:     2015
                                          LATITUDE:   37 19 N
                                          LONGITUDE:  79 12 W

[TEMPERATURE DATA]      [PRECIPITATION DATA]       SYMBOLS USED IN COLUMN 16

AVERAGE MONTHLY: 65.8   TOTAL FOR MONTH:   1.56    1 = FOG OR MIST
DPTR FM NORMAL:   3.4   DPTR FM NORMAL:   -1.37    2 = FOG REDUCING VISIBILITY
HIGHEST:    86 ON 19,18 GRTST 24HR  0.72 ON 11-11      TO 1/4 MILE OR LESS
LOWEST:     41 ON  2                               3 = THUNDER
                        SNOW, ICE PELLETS, HAIL    4 = ICE PELLETS
                        TOTAL MONTH:   0.0 INCH    5 = HAIL
                        GRTST 24HR     0.0         6 = FREEZING RAIN OR DRIZZLE
                        GRTST DEPTH:   0           7 = DUSTSTORM OR SANDSTORM:
                                                       VSBY 1/2 MILE OR LESS
                                                   8 = SMOKE OR HAZE
[NO. OF DAYS WITH]      [WEATHER - DAYS WITH]      9 = BLOWING SNOW
                                                   X = TORNADO
MAX 32 OR BELOW:   0    0.01 INCH OR MORE:   5
MAX 90 OR ABOVE:   0    0.10 INCH OR MORE:   4
MIN 32 OR BELOW:   0    0.50 INCH OR MORE:   2
MIN  0 OR BELOW:   0    1.00 INCH OR MORE:   0

[HDD (BASE 65) ]
TOTAL THIS MO.    59    CLEAR  (SCALE 0-3)  17
DPTR FM NORMAL   -51    PTCLDY (SCALE 4-7)   7
TOTAL FM JUL 1  4627    CLOUDY (SCALE 8-10)  1
DPTR FM NORMAL   194

[CDD (BASE 65) ]
TOTAL THIS MO.    88
DPTR FM NORMAL    45    [PRESSURE DATA]
TOTAL FM JAN 1    96    HIGHEST SLP M ON M
DPTR FM NORMAL    35    LOWEST  SLP 29.78 ON  1

[REMARKS]
