000
CXUS54 KLZK 261130
CF6M19
PRELIMINARY LOCAL CLIMATOLOGICAL DATA (WS FORM: F-6)

                                          STATION:   Newport Airport
                                          MONTH:     JULY
                                          YEAR:      2016
                                          LATITUDE:   35 35 N
                                          LONGITUDE:  91 16 W

  TEMPERATURE IN F:       :PCPN:    SNOW:  WIND      :SUNSHINE: SKY     :PK WND
================================================================================
1   2   3   4   5  6A  6B    7    8   9   10  11  12  13   14  15   16   17  18
                                     12Z  AVG MX 2MIN
DY MAX MIN AVG DEP HDD CDD  WTR  SNW DPTH SPD SPD DIR MIN PSBL S-S WX    SPD DR
================================================================================

 1  89  72  81   0   0  16 0.02    M    M  2.9  8  80   M    M   0         M  M
 2  93  73  83   2   0  18 0.00    M    M  5.2  8  70   M    M   2         M  M
 3  95  74  85   4   0  20    T    M    M  7.5 16 200   M    M   2 1       M  M
 4  90  76  83   2   0  18 0.06    M    M  9.3 14 200   M    M   3         M  M
 5  94  74  84   3   0  19 0.00    M    M  9.9 23 190   M    M   2 1      23 200
 6  93  78  86   5   0  21 0.02    M    M 12.3 17 190   M    M   3 8      24 180
 7  94  76  85   4   0  20 0.00    M    M 11.7 21 210   M    M   1        31 180
 8 100  76  88   7   0  23    T    M    M  9.1 18 250   M    M   2 3      25 200
 9  87  72  80  -1   0  15    T    M    M  3.2  8  70   M    M   2 3       M  M
10  89  70  80  -1   0  15    T    M    M  4.3  9 120   M    M   1 1       M  M
11  94  71  83   2   0  18    T    M    M  8.8 14 170   M    M   2 13     27 170
12  97  74  86   5   0  21 0.00    M    M 10.6 18 190   M    M   0        21 160
13  96  76  86   5   0  21 0.00  0.0    0 10.7 18 190   M    M   0        33 170
14  91  70  81   0   0  16    T  0.0    0  8.2 29 310   M    M   1 13     35 310
15  91  72  82   1   0  17 0.00  0.0    0  4.8 15  20   M    M   1        24  20
16  90  69  80  -1   0  15 0.00  0.0    0  3.7  6 100   M    M   0         M  M
17  97  74  86   5   0  21 0.00  0.0    0  6.5 10 180   M    M   0 1       M  M
18  96  74  85   4   0  20 0.00  0.0    0  3.5  9  90   M    M   0 1      21  90
19  97  76  87   6   0  22 0.00  0.0    0  3.0  7 150   M    M   0 1       M  M
20  98  77  88   7   0  23    T  0.0    0  3.4  7 150   M    M   1 1       M  M
21  99  76  88   7   0  23 0.00  0.0    0  4.1  8 150   M    M   0 1       M  M
22 100  78  89   8   0  24    T  0.0    0  4.4 22 290   M    M   1 3       M  M
23  97  76  87   6   0  22    T  0.0    0  4.4 13 170   M    M   1 3       M  M
24  97  75  86   5   0  21 0.00  0.0    0  5.6  9 130   M    M   1 3       M  M
25  96  76  86   5   0  21 0.00  0.0    0  4.5  9 250   M    M   3 13      M  M
================================================================================
SM 2360 1855         0 490  0.10     0.0 161.6          M       29
================================================================================
AV 94.4 74.2                               6.5 FASTST   M    M   1    MAX(MPH)
                                 MISC ---->    29   M               # 35  310
================================================================================
NOTES:
# LAST OF SEVERAL OCCURRENCES

COLUMN 17 PEAK WIND IN M.P.H.

PRELIMINARY LOCAL CLIMATOLOGICAL DATA (WS FORM: F-6) , PAGE 2

                                          STATION:  Newport Airport
                                          MONTH:    JULY
                                          YEAR:     2016
                                          LATITUDE:   35 35 N
                                          LONGITUDE:  91 16 W

[TEMPERATURE DATA]      [PRECIPITATION DATA]       SYMBOLS USED IN COLUMN 16

AVERAGE MONTHLY: 84.3   TOTAL FOR MONTH:   0.10    1 = FOG OR MIST
DPTR FM NORMAL:   3.3   DPTR FM NORMAL:   -3.07    2 = FOG REDUCING VISIBILITY
HIGHEST:   100 ON 22, 8 GRTST 24HR  0.06 ON  4- 4      TO 1/4 MILE OR LESS
LOWEST:     69 ON 16                               3 = THUNDER
                        SNOW, ICE PELLETS, HAIL    4 = ICE PELLETS
                        TOTAL MONTH:   0.0 INCH    5 = HAIL
                        GRTST 24HR     0.0         6 = FREEZING RAIN OR DRIZZLE
                        GRTST DEPTH:   0           7 = DUSTSTORM OR SANDSTORM:
                                                       VSBY 1/2 MILE OR LESS
                                                   8 = SMOKE OR HAZE
[NO. OF DAYS WITH]      [WEATHER - DAYS WITH]      9 = BLOWING SNOW
                                                   X = TORNADO
MAX 32 OR BELOW:   0    0.01 INCH OR MORE:   3
MAX 90 OR ABOVE:  22    0.10 INCH OR MORE:   0
MIN 32 OR BELOW:   0    0.50 INCH OR MORE:   0
MIN  0 OR BELOW:   0    1.00 INCH OR MORE:   0

[HDD (BASE 65) ]
TOTAL THIS MO.     0    CLEAR  (SCALE 0-3)  24
DPTR FM NORMAL     0    PTCLDY (SCALE 4-7)   1
TOTAL FM JUL 1     0    CLOUDY (SCALE 8-10)  0
DPTR FM NORMAL     0

[CDD (BASE 65) ]
TOTAL THIS MO.   490
DPTR FM NORMAL    90    [PRESSURE DATA]
TOTAL FM JAN 1  1224    HIGHEST SLP M ON M
DPTR FM NORMAL   215    LOWEST  SLP M ON M

[REMARKS]
