364
CXUS54 KMAF 251100
CF6MAF
PRELIMINARY LOCAL CLIMATOLOGICAL DATA (WS FORM: F-6)

                                          STATION:   Midland International Airport
                                          MONTH:     JUNE
                                          YEAR:      2017
                                          LATITUDE:   31 57 N
                                          LONGITUDE: 102 11 W

  TEMPERATURE IN F:       :PCPN:    SNOW:  WIND      :SUNSHINE: SKY     :PK WND
================================================================================
1   2   3   4   5  6A  6B    7    8   9   10  11  12  13   14  15   16   17  18
                                     12Z  AVG MX 2MIN
DY MAX MIN AVG DEP HDD CDD  WTR  SNW DPTH SPD SPD DIR MIN PSBL S-S WX    SPD DR
================================================================================

 1  85  64  75  -3   0  10 0.08  0.0    0  9.2 28 140   M    M   4 13     32 140
 2  89  66  78   0   0  13 0.01  0.0    0 10.2 29  20   M    M   2 3      36  10
 3  85  62  74  -4   0   9 0.30  0.0    0  8.5 26 300   M    M   3 13     33 300
 4  89  63  76  -2   0  11 0.00  0.0    0  8.0 17 350   M    M   1        22 330
 5  92  64  78  -1   0  13 0.00  0.0    0  9.3 20  20   M    M   0        25  20
 6  92  66  79   0   0  14 0.00  0.0    0  7.3 13  90   M    M   1        18  60
 7  93  68  81   2   0  16 0.00  0.0    0  6.2 16 100   M    M   2        19 100
 8  91  71  81   2   0  16 0.00  0.0    0  9.3 16 220   M    M   1        21 230
 9  98  71  85   5   0  20 0.00  0.0    0  9.5 30 350   M    M   0        36 360
10 101  74  88   8   0  23 0.00  0.0    0 17.1 25 160   M    M   0        30 170
11 102  73  88   8   0  23 0.00  0.0    0 16.7 28 170   M    M   0        35 170
12 103  67  85   5   0  20 0.52  0.0    0 12.5 55 250   M    M   0 3578   66 250
13 100  71  86   6   0  21 0.00  0.0    0 16.7 28 160   M    M   0 3      37 170
14 101  74  88   8   0  23 0.58  0.0    0 14.1 45 220   M    M   1 358    53 220
15 103  76  90  10   0  25 0.04  0.0    0 15.2 26 160   M    M   0 3      32 140
16 109  76  93  12   0  28 0.00  0.0    0 13.8 28 140   M    M   0        35 140
17 111  75  93  12   0  28 0.00  0.0    0 10.7 23 180   M    M   0        30 180
18 100  77  89   8   0  24 0.00  0.0    0 14.2 29  20   M    M   1 8      35  20
19  93  74  84   3   0  19 0.01  0.0    0 10.7 23  80   M    M   6        27  90
20  99  75  87   6   0  22 0.00  0.0    0  8.4 17 100   M    M   1        22 100
21 101  75  88   7   0  23 0.00  0.0    0  9.3 20 130   M    M   0        24 120
22 103  73  88   7   0  23 0.04  0.0    0  8.3 22  10   M    M   1 3      27 360
23 108  75  92  10   0  27    T  0.0    0 15.3 48  60   M    M   0 38     60  70
24  91  69  80  -2   0  15 0.00  0.0    0 15.7 28  80   M    M   2        36  80
================================================================================
SM 2339 1699         0 466  1.58     0.0 276.2          M       26
================================================================================
AV 97.5 70.8                              11.5 FASTST   M    M   1    MAX(MPH)
                                 MISC ---->  # 55 250               # 66  250
================================================================================
NOTES:
# LAST OF SEVERAL OCCURRENCES

COLUMN 17 PEAK WIND IN M.P.H.

PRELIMINARY LOCAL CLIMATOLOGICAL DATA (WS FORM: F-6) , PAGE 2

                                          STATION:  Midland International Airport
                                          MONTH:    JUNE
                                          YEAR:     2017
                                          LATITUDE:   31 57 N
                                          LONGITUDE: 102 11 W

[TEMPERATURE DATA]      [PRECIPITATION DATA]       SYMBOLS USED IN COLUMN 16

AVERAGE MONTHLY: 84.1   TOTAL FOR MONTH:   1.58    1 = FOG OR MIST
DPTR FM NORMAL:   4.2   DPTR FM NORMAL:    0.13    2 = FOG REDUCING VISIBILITY
HIGHEST:   111 ON 17    GRTST 24HR  0.58 ON 14-14      TO 1/4 MILE OR LESS
LOWEST:     62 ON  3                               3 = THUNDER
                        SNOW, ICE PELLETS, HAIL    4 = ICE PELLETS
                        TOTAL MONTH:   0.0 INCH    5 = HAIL
                        GRTST 24HR     0.0         6 = FREEZING RAIN OR DRIZZLE
                        GRTST DEPTH:   0           7 = DUSTSTORM OR SANDSTORM:
                                                       VSBY 1/2 MILE OR LESS
                                                   8 = SMOKE OR HAZE
[NO. OF DAYS WITH]      [WEATHER - DAYS WITH]      9 = BLOWING SNOW
                                                   X = TORNADO
MAX 32 OR BELOW:   0    0.01 INCH OR MORE:   8
MAX 90 OR ABOVE:  20    0.10 INCH OR MORE:   3
MIN 32 OR BELOW:   0    0.50 INCH OR MORE:   2
MIN  0 OR BELOW:   0    1.00 INCH OR MORE:   0

[HDD (BASE 65) ]
TOTAL THIS MO.     0    CLEAR  (SCALE 0-3)  21
DPTR FM NORMAL     0    PTCLDY (SCALE 4-7)   3
TOTAL FM JUL 1  1680    CLOUDY (SCALE 8-10)  0
DPTR FM NORMAL  -992

[CDD (BASE 65) ]
TOTAL THIS MO.   466
DPTR FM NORMAL   106    [PRESSURE DATA]
TOTAL FM JAN 1  1027    HIGHEST SLP M ON M
DPTR FM NORMAL   278    LOWEST  SLP 29.49 ON 17

[REMARKS]
