000
CXUS53 KDTX 210800
CF6MBS
PRELIMINARY LOCAL CLIMATOLOGICAL DATA (WS FORM: F-6)

                                          STATION:   TRI CITIES MI
                                          MONTH:     OCTOBER
                                          YEAR:      2017
                                          LATITUDE:   43 31 N
                                          LONGITUDE:  84  5 W

  TEMPERATURE IN F:       :PCPN:    SNOW:  WIND      :SUNSHINE: SKY     :PK WND
================================================================================
1   2   3   4   5  6A  6B    7    8   9   10  11  12  13   14  15   16   17  18
                                     12Z  AVG MX 2MIN
DY MAX MIN AVG DEP HDD CDD  WTR  SNW DPTH SPD SPD DIR MIN PSBL S-S WX    SPD DR
================================================================================

 1  69  38  54  -1  11   0 0.00  0.0    0  5.8 14 150   M    M   0 1      17 170
 2  79  47  63   8   2   0 0.00  0.0    0  8.9 17 140   M    M   0        23 160
 3  85  56  71  17   0   6 0.00  0.0    0 11.3 21 190   M    M   4        29 190
 4  78  52  65  11   0   0 0.07  0.0    0 12.7 23 290   M    M   5 1      28 280
 5  74  43  59   5   6   0 0.02    M    0  8.4 20 240   M    M   3 1      24 260
 6  67  55  61   8   4   0 0.04  0.0    0  4.6 14 150   M    M   9 1      16 150
 7  83  62  73  20   0   8 0.22  0.0    0 15.4 32 250   M    M   6 1      42 260
 8  78  55  67  15   0   2 0.01  0.0    0 10.7 25 220   M    M   3 1      32 230
 9  79  52  66  14   0   1 0.00  0.0    0  4.8 10 280   M    M   2 18     16 290
10  66  50  58   6   7   0    T  0.0    0 10.1 16  80   M    M   5        20  20
11  57  50  54   3  11   0 0.37  0.0    0 13.7 24  60   M    M   9 1      31  60
12  57  50  54   3  11   0 0.04  0.0    0  6.4 13  70   M    M   9 1      16  80
13  70  55  63  12   2   0    T  0.0    0  6.9 17 230   M    M  10 1      21 230
14  63  58  61  11   4   0 0.85  0.0    0  6.7 24 170   M    M   8 1      32 170
15  69  42  56   6   9   0 0.35  0.0    0 17.4 33 270   M    M   8 1      45 290
16  57  40  49  -1  16   0 0.00  0.0    0  6.1 14 230   M    M   6        17 230
17  71  43  57   8   8   0 0.00  0.0    0 13.0 29 250   M    M   0        36 220
18  70  48  59  10   6   0 0.00  0.0    0 12.4 25 220   M    M   0        30 220
19  68  46  57   8   8   0 0.00  0.0    0 12.7 22 220   M    M   0        28 220
20  77  41  59  11   6   0 0.00  0.0    0  9.5 21 220   M    M   0        27 230
================================================================================
SM 1417  983       111  17  1.97     0.0 197.5          M       87
================================================================================
AV 70.9 49.2                               9.9 FASTST   M    M   4    MAX(MPH)
                                 MISC ---->  # 33 270               # 45  290
================================================================================
NOTES:
# LAST OF SEVERAL OCCURRENCES

COLUMN 17 PEAK WIND IN M.P.H.

PRELIMINARY LOCAL CLIMATOLOGICAL DATA (WS FORM: F-6) , PAGE 2

                                          STATION:  TRI CITIES MI
                                          MONTH:    OCTOBER
                                          YEAR:     2017
                                          LATITUDE:   43 31 N
                                          LONGITUDE:  84  5 W

[TEMPERATURE DATA]      [PRECIPITATION DATA]       SYMBOLS USED IN COLUMN 16

AVERAGE MONTHLY: 60.0   TOTAL FOR MONTH:   1.97    1 = FOG OR MIST
DPTR FM NORMAL:   8.4   DPTR FM NORMAL:    0.25    2 = FOG REDUCING VISIBILITY
HIGHEST:    85 ON  3    GRTST 24HR  0.85 ON 14-14      TO 1/4 MILE OR LESS
LOWEST:     38 ON  1                               3 = THUNDER
                        SNOW, ICE PELLETS, HAIL    4 = ICE PELLETS
                        TOTAL MONTH:   0.0 INCH    5 = HAIL
                        GRTST 24HR     0.0         6 = FREEZING RAIN OR DRIZZLE
                        GRTST DEPTH:   0           7 = DUSTSTORM OR SANDSTORM:
                                                       VSBY 1/2 MILE OR LESS
                                                   8 = SMOKE OR HAZE
[NO. OF DAYS WITH]      [WEATHER - DAYS WITH]      9 = BLOWING SNOW
                                                   X = TORNADO
MAX 32 OR BELOW:   0    0.01 INCH OR MORE:   9
MAX 90 OR ABOVE:   0    0.10 INCH OR MORE:   4
MIN 32 OR BELOW:   0    0.50 INCH OR MORE:   1
MIN  0 OR BELOW:   0    1.00 INCH OR MORE:   0

[HDD (BASE 65) ]
TOTAL THIS MO.   111    CLEAR  (SCALE 0-3)   9
DPTR FM NORMAL  -162    PTCLDY (SCALE 4-7)   7
TOTAL FM JUL 1   235    CLOUDY (SCALE 8-10)  4
DPTR FM NORMAL  -237

[CDD (BASE 65) ]
TOTAL THIS MO.    17
DPTR FM NORMAL    15    [PRESSURE DATA]
TOTAL FM JAN 1   661    HIGHEST SLP M ON M
DPTR FM NORMAL   107    LOWEST  SLP 29.51 ON  7

[REMARKS]
