000
CXUS53 KGLD 240800
CF6MCK
PRELIMINARY LOCAL CLIMATOLOGICAL DATA (WS FORM: F-6)

                                          STATION:   MCCOOK NE
                                          MONTH:     JUNE
                                          YEAR:      2017
                                          LATITUDE:   40 13 N
                                          LONGITUDE: 100 35 W

  TEMPERATURE IN F:       :PCPN:    SNOW:  WIND      :SUNSHINE: SKY     :PK WND
================================================================================
1   2   3   4   5  6A  6B    7    8   9   10  11  12  13   14  15   16   17  18
                                     12Z  AVG MX 2MIN
DY MAX MIN AVG DEP HDD CDD  WTR  SNW DPTH SPD SPD DIR MIN PSBL S-S WX    SPD DR
================================================================================

 1  86  52  69   4   0   4 0.00    M    M  9.0 18 160   M    M   0        24 150
 2  88  63  76  11   0  11 0.00    M    M 11.9 23 170   M    M   0        29 180
 3  81  58  70   5   0   5 0.00    M    M  8.8 21 290   M    M   2 3      25  40
 4  88  54  71   5   0   6 0.00    M    M  4.5 13 120   M    M   0        16 120
 5  90  54  72   6   0   7 0.00    M    M  5.3 13 200   M    M   1        22 190
 6  83  63  73   6   0   8 0.15    M    M  7.7 14  80   M    M   2 3       M  M
 7  86  58  72   5   0   7 0.00    M    M  6.3 17 200   M    M   2 12     23 190
 8  85  60  73   6   0   8 0.00    M    M  8.0 16 150   M    M   2        24 170
 9  93  61  77   9   0  12 0.00    M    M 14.3 24 200   M    M   0        30 190
10  97  68  83  15   0  18 0.00    M    M 12.1 23 170   M    M   0        30 160
11  96  73  85  17   0  20 0.00    M    M 13.2 26 180   M    M   0        39 180
12  97  67  82  13   0  17 0.00    M    M 12.0 26 160   M    M   0        36 150
13  95  65  80  11   0  15 0.00    M    M 13.6 29 170   M    M   0        39 170
14  91  60  76   6   0  11 0.00    M    M  9.6 28 340   M    M   0        33 340
15  96  54  75   5   0  10 0.00    M    M  5.8 16 320   M    M   0        19 320
16 102  63  83  13   0  18 0.00    M    M  8.3 21 280   M    M   0        26 280
17  94  58  76   5   0  11    T    M    M  8.8 24 340   M    M   1        28 310
18  85  56  71   0   0   6 0.00    M    M  7.1 15 280   M    M   1        20 270
19  90  62  76   5   0  11 0.01    M    M  6.5 20 360   M    M   4        26 360
20 101  53  77   5   0  12 0.00    M    M  7.3 26 180   M    M   1 8      34 170
21 106  65  86  14   0  21 0.00    M    M  6.1 21 200   M    M   0 8      30 210
22  97  65  81   9   0  16 0.00    M    M 15.9 29 330   M    M   0        35 340
23  82  55  69  -4   0   4 0.07    M    M 12.0 30 350   M    M   4        36  10
================================================================================
SM 2109 1387         0 258  0.23    M    214.1          M       20
================================================================================
AV 91.7 60.3                               9.3 FASTST   M    M   1    MAX(MPH)
                                 MISC ---->  # 30 350               # 39  180
================================================================================
NOTES:
# LAST OF SEVERAL OCCURRENCES

COLUMN 17 PEAK WIND IN M.P.H.

PRELIMINARY LOCAL CLIMATOLOGICAL DATA (WS FORM: F-6) , PAGE 2

                                          STATION:  MCCOOK NE
                                          MONTH:    JUNE
                                          YEAR:     2017
                                          LATITUDE:   40 13 N
                                          LONGITUDE: 100 35 W

[TEMPERATURE DATA]      [PRECIPITATION DATA]       SYMBOLS USED IN COLUMN 16

AVERAGE MONTHLY: 76.0   TOTAL FOR MONTH:   0.23    1 = FOG OR MIST
DPTR FM NORMAL:   7.2   DPTR FM NORMAL:   -2.38    2 = FOG REDUCING VISIBILITY
HIGHEST:   106 ON 21    GRTST 24HR  0.15 ON  6- 6      TO 1/4 MILE OR LESS
LOWEST:     52 ON  1                               3 = THUNDER
                        SNOW, ICE PELLETS, HAIL    4 = ICE PELLETS
                        TOTAL MONTH:    M          5 = HAIL
                        GRTST 24HR    M  ON   M    6 = FREEZING RAIN OR DRIZZLE
                        GRTST DEPTH:  M  ON   M    7 = DUSTSTORM OR SANDSTORM:
                                                       VSBY 1/2 MILE OR LESS
                                                   8 = SMOKE OR HAZE
[NO. OF DAYS WITH]      [WEATHER - DAYS WITH]      9 = BLOWING SNOW
                                                   X = TORNADO
MAX 32 OR BELOW:   0    0.01 INCH OR MORE:   3
MAX 90 OR ABOVE:  14    0.10 INCH OR MORE:   1
MIN 32 OR BELOW:   0    0.50 INCH OR MORE:   0
MIN  0 OR BELOW:   0    1.00 INCH OR MORE:   0

[HDD (BASE 65) ]
TOTAL THIS MO.     0    CLEAR  (SCALE 0-3)  21
DPTR FM NORMAL   -35    PTCLDY (SCALE 4-7)   2
TOTAL FM JUL 1  5087    CLOUDY (SCALE 8-10)  0
DPTR FM NORMAL -1057

[CDD (BASE 65) ]
TOTAL THIS MO.   258
DPTR FM NORMAL   137    [PRESSURE DATA]
TOTAL FM JAN 1   305    HIGHEST SLP M ON M
DPTR FM NORMAL   139    LOWEST  SLP 29.41 ON 11

[REMARKS]
