000
CXUS52 KFFC 281110
CF6MCN
PRELIMINARY LOCAL CLIMATOLOGICAL DATA (WS FORM: F-6)

                                          STATION:   MACON
                                          MONTH:     DECEMBER
                                          YEAR:      2014
                                          LATITUDE:   32 42 N
                                          LONGITUDE:  83 39 W

  TEMPERATURE IN F:       :PCPN:    SNOW:  WIND      :SUNSHINE: SKY     :PK WND
================================================================================
1   2   3   4   5  6A  6B    7    8   9   10  11  12  13   14  15   16   17  18
                                     12Z  AVG MX 2MIN
DY MAX MIN AVG DEP HDD CDD  WTR  SNW DPTH SPD SPD DIR MIN PSBL S-S WX    SPD DR
================================================================================

 1  74  36  55   4  10   0 0.00  0.0    0  0.9  9 190   M    M   0 18     14 200
 2  75  38  57   6   8   0 0.00  0.0    0  0.3  8 210   M    M   1 1      40  30
 3  75  48  62  11   3   0    T  0.0    0  0.8  6  70   M    M   6 128    10  80
 4  76  52  64  14   1   0 0.00  0.0    0  1.6 14 160   M    M   3 1      18 160
 5  67  51  59   9   6   0 0.00  0.0    0  6.4 13 110   M    M   8 12     16 110
 6  66  50  58   8   7   0 0.02  0.0    0  5.4 20 330   M    M   9 12     26 320
 7  61  43  52   2  13   0 0.00  0.0    0  9.7 22  50   M    M   2        25  40
 8  46  41  44  -5  21   0 0.00  0.0    0  9.8 20  50   M    M   9        26  50
 9  59  30  45  -4  20   0 0.00  0.0    0  7.8 22 330   M    M   4 1      30 340
10  56  30  43  -6  22   0 0.00  0.0    0  6.7 16 330   M    M   0        24 220
11  60  26  43  -6  22   0 0.00  0.0    0  5.5 15 280   M    M   0        29 270
12  63  27  45  -3  20   0 0.00  0.0    0  3.5  9 350   M    M   0        29  20
13  66  26  46  -2  19   0 0.00  0.0    0  3.1  9 310   M    M   0        20  80
14  71  28  50   2  15   0 0.00  0.0    0  3.6  8 240   M    M   0 1      12 240
15  67  27  47  -1  18   0 0.00  0.0    0  1.8  7 240   M    M   0 18     18 270
16  70  43  57   9   8   0 0.07  0.0    0  9.0 20 280   M    M   5 1      25 250
17  63  35  49   1  16   0 0.00  0.0    0  6.6 13 290   M    M   0        22  10
18  65  33  49   2  16   0 0.00  0.0    0  2.9 14 360   M    M   1 18     17  20
19  60  34  47   0  18   0 0.01  0.0    0  1.7  7 310   M    M   1         9  50
20  53  45  49   2  16   0 0.15    M    0  3.6 17 280   M    M   9 1      39 270
21  53  47  50   3  15   0 0.03  0.0    0  8.1 15 100   M    M  10 1      21 100
22  48  46  47   0  18   0 0.32  0.0    0  7.1 18 100   M    M  10 12     21  90
23  62  47  55   8  10   0 1.46  0.0    0  8.3 21 130   M    M   8 13     37 130
24  68  50  59  13   6   0 2.68  0.0    0  9.5 25 260   M    M   8 1      35 270
25  58  34  46   0  19   0 0.00  0.0    0  5.9 18 290   M    M   0 1      23 300
26  60  29  45  -1  20   0 0.00  0.0    0  0.7  6  60   M    M   2 12     13  70
27  67  31  49   3  16   0 0.10    M    0  1.5  7 190   M    M   2 1      23  90
================================================================================
SM 1709 1027       383   0  4.84     0.0 131.8          M       98
================================================================================
AV 63.3 38.0                               4.9 FASTST   M    M   4    MAX(MPH)
                                 MISC ---->  # 25 260               # 40   30
================================================================================
NOTES:
# LAST OF SEVERAL OCCURRENCES

COLUMN 17 PEAK WIND IN M.P.H.

PRELIMINARY LOCAL CLIMATOLOGICAL DATA (WS FORM: F-6) , PAGE 2

                                          STATION:  MACON
                                          MONTH:    DECEMBER
                                          YEAR:     2014
                                          LATITUDE:   32 42 N
                                          LONGITUDE:  83 39 W

[TEMPERATURE DATA]      [PRECIPITATION DATA]       SYMBOLS USED IN COLUMN 16

AVERAGE MONTHLY: 50.7   TOTAL FOR MONTH:   4.84    1 = FOG OR MIST
DPTR FM NORMAL:   2.4   DPTR FM NORMAL:    1.31    2 = FOG REDUCING VISIBILITY
HIGHEST:    76 ON  4    GRTST 24HR  3.75 ON 23-24      TO 1/4 MILE OR LESS
LOWEST:     26 ON 13,11                            3 = THUNDER
                        SNOW, ICE PELLETS, HAIL    4 = ICE PELLETS
                        TOTAL MONTH:   0.0 INCH    5 = HAIL
                        GRTST 24HR     0.0         6 = FREEZING RAIN OR DRIZZLE
                        GRTST DEPTH:   0           7 = DUSTSTORM OR SANDSTORM:
                                                       VSBY 1/2 MILE OR LESS
                                                   8 = SMOKE OR HAZE
[NO. OF DAYS WITH]      [WEATHER - DAYS WITH]      9 = BLOWING SNOW
                                                   X = TORNADO
MAX 32 OR BELOW:   0    0.01 INCH OR MORE:   9
MAX 90 OR ABOVE:   0    0.10 INCH OR MORE:   5
MIN 32 OR BELOW:   9    0.50 INCH OR MORE:   2
MIN  0 OR BELOW:   0    1.00 INCH OR MORE:   2

[HDD (BASE 65) ]
TOTAL THIS MO.   383    CLEAR  (SCALE 0-3)  16
DPTR FM NORMAL   -72    PTCLDY (SCALE 4-7)   4
TOTAL FM JUL 1   943    CLOUDY (SCALE 8-10)  7
DPTR FM NORMAL    93

[CDD (BASE 65) ]
TOTAL THIS MO.     0
DPTR FM NORMAL     0    [PRESSURE DATA]
TOTAL FM JAN 1  2048    HIGHEST SLP  0.00 ON  4
DPTR FM NORMAL  -115    LOWEST  SLP 29.65 ON 24

[REMARKS]
