000
CXUS52 KFFC 201110
CF6MCN
PRELIMINARY LOCAL CLIMATOLOGICAL DATA (WS FORM: F-6)

                                          STATION:   MACON
                                          MONTH:     OCTOBER
                                          YEAR:      2014
                                          LATITUDE:   32 42 N
                                          LONGITUDE:  83 39 W

  TEMPERATURE IN F:       :PCPN:    SNOW:  WIND      :SUNSHINE: SKY     :PK WND
================================================================================
1   2   3   4   5  6A  6B    7    8   9   10  11  12  13   14  15   16   17  18
                                     12Z  AVG MX 2MIN
DY MAX MIN AVG DEP HDD CDD  WTR  SNW DPTH SPD SPD DIR MIN PSBL S-S WX    SPD DR
================================================================================

 1  86  57  72   2   0   7 0.00  0.0    0  1.3  8 100   M    M   1 1      13 180
 2  85  60  73   3   0   8 0.00  0.0    0  2.8 10 140   M    M   1 12     14 140
 3  79  67  73   4   0   8 0.06  0.0    0  6.1 13 200   M    M   5 1      18 200
 4  69  44  57 -12   8   0 0.00  0.0    0  8.7 21 290   M    M   0        25 280
 5  73  37  55 -13  10   0 0.00  0.0    0  2.5 14 280   M    M   0        20  10
 6  80  43  62  -6   3   0 0.00  0.0    0  3.4 12 180   M    M   0        17 150
 7  84  47  66  -2   0   1 0.00  0.0    0  3.0 13 220   M    M   0 1      22 180
 8  90  58  74   7   0   9 0.00  0.0    0  3.5 12 270   M    M   1 1      16 300
 9  91  60  76   9   0  11 0.00  0.0    0  1.0  8 230   M    M   1 1      14 220
10  91  64  78  11   0  13 0.00  0.0    0  4.1 13 230   M    M   0 18     18 260
11  91  62  77  11   0  12 0.00  0.0    0  4.3 22 180   M    M   1 1      43 330
12  90  58  74   8   0   9 0.00  0.0    0  3.4 13 170   M    M   2 1      16 150
13  88  66  77  11   0  12    T  0.0    0  8.1 18 170   M    M   6 1      28 140
14  75  58  67   2   0   2 1.51  0.0    0  8.2 23 170   M    M   7 1      37 170
15  74  50  62  -3   3   0 0.00  0.0    0  4.0 17 240   M    M   3 12     24 250
16  75  49  62  -3   3   0 0.00  0.0    0  5.3 20 310   M    M   2 1      25 280
17  82  45  64   0   1   0 0.00    M    0  3.3 13 290   M    M   0 1      17 300
18  84  53  69   5   0   4 0.00  0.0    0  7.0 16 330   M    M   0        24 310
19  74  46  60  -4   5   0 0.00  0.0    0  3.2 10  90   M    M   0 1      15  90
================================================================================
SM 1561 1024        33  96  1.57     0.0  83.2          M       30
================================================================================
AV 82.2 53.9                               4.4 FASTST   M    M   2    MAX(MPH)
                                 MISC ---->  # 23 170               # 43  330
================================================================================
NOTES:
# LAST OF SEVERAL OCCURRENCES

COLUMN 17 PEAK WIND IN M.P.H.

PRELIMINARY LOCAL CLIMATOLOGICAL DATA (WS FORM: F-6) , PAGE 2

                                          STATION:  MACON
                                          MONTH:    OCTOBER
                                          YEAR:     2014
                                          LATITUDE:   32 42 N
                                          LONGITUDE:  83 39 W

[TEMPERATURE DATA]      [PRECIPITATION DATA]       SYMBOLS USED IN COLUMN 16

AVERAGE MONTHLY: 68.0   TOTAL FOR MONTH:   1.57    1 = FOG OR MIST
DPTR FM NORMAL:   1.3   DPTR FM NORMAL:   -0.21    2 = FOG REDUCING VISIBILITY
HIGHEST:    91 ON 11,10 GRTST 24HR  1.51 ON 14-14      TO 1/4 MILE OR LESS
LOWEST:     37 ON  5                               3 = THUNDER
                        SNOW, ICE PELLETS, HAIL    4 = ICE PELLETS
                        TOTAL MONTH:   0.0 INCH    5 = HAIL
                        GRTST 24HR     0.0         6 = FREEZING RAIN OR DRIZZLE
                        GRTST DEPTH:   0           7 = DUSTSTORM OR SANDSTORM:
                                                       VSBY 1/2 MILE OR LESS
                                                   8 = SMOKE OR HAZE
[NO. OF DAYS WITH]      [WEATHER - DAYS WITH]      9 = BLOWING SNOW
                                                   X = TORNADO
MAX 32 OR BELOW:   0    0.01 INCH OR MORE:   2
MAX 90 OR ABOVE:   5    0.10 INCH OR MORE:   1
MIN 32 OR BELOW:   0    0.50 INCH OR MORE:   1
MIN  0 OR BELOW:   0    1.00 INCH OR MORE:   1

[HDD (BASE 65) ]
TOTAL THIS MO.    33    CLEAR  (SCALE 0-3)  16
DPTR FM NORMAL    -6    PTCLDY (SCALE 4-7)   3
TOTAL FM JUL 1    34    CLOUDY (SCALE 8-10)  0
DPTR FM NORMAL   -11

[CDD (BASE 65) ]
TOTAL THIS MO.    96
DPTR FM NORMAL    22    [PRESSURE DATA]
TOTAL FM JAN 1  2033    HIGHEST SLP M ON M
DPTR FM NORMAL   -91    LOWEST  SLP 29.73 ON 14

[REMARKS]
