000
CXUS53 KDMX 310920
CF6MCW
PRELIMINARY LOCAL CLIMATOLOGICAL DATA (WS FORM: F-6)

                                          STATION:   MASON CITY IA
                                          MONTH:     OCTOBER
                                          YEAR:      2014
                                          LATITUDE:   43  9 N
                                          LONGITUDE:  93 20 W

  TEMPERATURE IN F:       :PCPN:    SNOW:  WIND      :SUNSHINE: SKY     :PK WND
================================================================================
1   2   3   4   5  6A  6B    7    8   9   10  11  12  13   14  15   16   17  18
                                     12Z  AVG MX 2MIN
DY MAX MIN AVG DEP HDD CDD  WTR  SNW DPTH SPD SPD DIR MIN PSBL S-S WX    SPD DR
================================================================================

 1  65  49  57   3   8   0 0.71  0.0    0  8.7 20 120   M    M   7 12     25 120
 2  65  49  57   3   8   0 0.21  0.0    0  8.8 23 340   M    M  10 123    31 350
 3  49  36  43 -10  22   0    T  0.0    0 22.4 33 300   M    M   8 1      44 330
 4  52  32  42 -11  23   0    T  0.0    0 16.2 33 310   M    M   5        41 300
 5  55  34  45  -7  20   0    T  0.0    0  9.1 21 290   M    M   7        25 280
 6  61  33  47  -5  18   0    T  0.0    0 11.6 23 280   M    M   2        29 270
 7  62  40  51  -1  14   0 0.01  0.0    0 13.0 26 300   M    M   4 1      37 280
 8  67  38  53   2  12   0 0.01  0.0    0 11.4 26 280   M    M   2        34 280
 9  58  33  46  -5  19   0    T  0.0    0  6.2 15 340   M    M   2        18 350
10  56  29  43  -7  22   0 0.00  0.0    0  5.3 14 350   M    M   0        18 350
11  58  25  42  -8  23   0 0.00  0.0    0  4.5 12 180   M    M   0        18 190
12  57  30  44  -6  21   0    T  0.0    0 10.8 20 140   M    M   6 18     27 150
13  54  49  52   3  13   0 0.80  0.0    0  9.0 24 360   M    M  10 1      34 360
14  62  43  53   4  12   0 0.05  0.0    0 21.3 33 360   M    M   6        42 360
15  67  34  51   2  14   0 0.00  0.0    0  9.2 24 360   M    M   0 1      30 360
16  72  32  52   4  13   0 0.00  0.0    0  9.5 20 210   M    M   0        26 200
17  54  40  47  -1  18   0 0.00  0.0    0 19.1 30 320   M    M   8        40 310
18  56  33  45  -3  20   0 0.00  0.0    0  7.8 16 360   M    M   3        20  10
19  67  33  50   3  15   0 0.00  0.0    0 12.8 25 210   M    M   0        33 220
20  67  37  52   5  13   0 0.00  0.0    0 10.1 23 330   M    M   0        30 300
21  62  30  46   0  19   0 0.00  0.0    0  7.5 14 140   M    M   0 12     18 140
22  62  38  50   4  15   0    T    M    0 14.9 24 160   M    M   4 1      30 150
23  67  43  55   9  10   0 0.38    M    0  6.7 10 160   M    M   4 13      M  M
24  68  40  54   9  11   0 0.00  0.0    0  7.5 15 180   M    M   4 128    19 160
25  66  36  51   6  14   0 0.00  0.0    0 10.1 21 330   M    M   0        26 330
26  63  31  47   3  18   0 0.00  0.0    0 10.7 23 130   M    M   3        29 140
27  69  41  55  11  10   0    T  0.0    0  9.1 28 300   M    M   0 1      36 300
28  50  38  44   0  21   0 0.00  0.0    0 18.0 30 280   M    M   6        37 270
29  47  30  39  -4  26   0 0.00  0.0    0  9.3 23 320   M    M   4 18     29 330
30  54  32  43   0  22   0 0.00  0.0    0  9.8 32 340   M    M   9 1      38 340
================================================================================
SM 1812 1088       494   0  2.17     0.0 330.4          M      114
================================================================================
AV 60.4 36.3                              11.0 FASTST   M    M   4    MAX(MPH)
                                 MISC ---->  # 33 300               # 44  330
================================================================================
NOTES:
# LAST OF SEVERAL OCCURRENCES

COLUMN 17 PEAK WIND IN M.P.H.

PRELIMINARY LOCAL CLIMATOLOGICAL DATA (WS FORM: F-6) , PAGE 2

                                          STATION:  MASON CITY IA
                                          MONTH:    OCTOBER
                                          YEAR:     2014
                                          LATITUDE:   43  9 N
                                          LONGITUDE:  93 20 W

[TEMPERATURE DATA]      [PRECIPITATION DATA]       SYMBOLS USED IN COLUMN 16

AVERAGE MONTHLY: 48.3   TOTAL FOR MONTH:   2.17    1 = FOG OR MIST
DPTR FM NORMAL:  -0.1   DPTR FM NORMAL:   -0.21    2 = FOG REDUCING VISIBILITY
HIGHEST:    72 ON 16    GRTST 24HR  0.84 ON 13-14      TO 1/4 MILE OR LESS
LOWEST:     25 ON 11                               3 = THUNDER
                        SNOW, ICE PELLETS, HAIL    4 = ICE PELLETS
                        TOTAL MONTH:   0.0 INCH    5 = HAIL
                        GRTST 24HR     0.0         6 = FREEZING RAIN OR DRIZZLE
                        GRTST DEPTH:   0           7 = DUSTSTORM OR SANDSTORM:
                                                       VSBY 1/2 MILE OR LESS
                                                   8 = SMOKE OR HAZE
[NO. OF DAYS WITH]      [WEATHER - DAYS WITH]      9 = BLOWING SNOW
                                                   X = TORNADO
MAX 32 OR BELOW:   0    0.01 INCH OR MORE:   7
MAX 90 OR ABOVE:   0    0.10 INCH OR MORE:   4
MIN 32 OR BELOW:   9    0.50 INCH OR MORE:   2
MIN  0 OR BELOW:   0    1.00 INCH OR MORE:   0

[HDD (BASE 65) ]
TOTAL THIS MO.   494    CLEAR  (SCALE 0-3)  14
DPTR FM NORMAL    -6    PTCLDY (SCALE 4-7)  12
TOTAL FM JUL 1   689    CLOUDY (SCALE 8-10)  4
DPTR FM NORMAL   -24

[CDD (BASE 65) ]
TOTAL THIS MO.     0
DPTR FM NORMAL    -2    [PRESSURE DATA]
TOTAL FM JAN 1   544    HIGHEST SLP M ON M
DPTR FM NORMAL   -68    LOWEST  SLP 29.50 ON 27

[REMARKS]
