000
CXUS54 KMAF 251100
CF6MDD
PRELIMINARY LOCAL CLIMATOLOGICAL DATA (WS FORM: F-6)

                                          STATION:   Midland Airpark
                                          MONTH:     JUNE
                                          YEAR:      2017
                                          LATITUDE:   32  2 N
                                          LONGITUDE: 102  6 W

  TEMPERATURE IN F:       :PCPN:    SNOW:  WIND      :SUNSHINE: SKY     :PK WND
================================================================================
1   2   3   4   5  6A  6B    7    8   9   10  11  12  13   14  15   16   17  18
                                     12Z  AVG MX 2MIN
DY MAX MIN AVG DEP HDD CDD  WTR  SNW DPTH SPD SPD DIR MIN PSBL S-S WX    SPD DR
================================================================================

 1  85  64  75   M   0  10 0.14  0.0    0  6.5 15 140   M    M   6 13     20 140
 2  91  67  79   M   0  14 0.04  0.0    0  6.7 18  30   M    M   3 3      28  60
 3  83  64  74   M   0   9 0.34  0.0    0  5.9 14 340   M    M   3 38     25 330
 4  89  64  77   M   0  12 0.00  0.0    0  6.4 12 350   M    M   2        17 320
 5  91  66  79   M   0  14 0.00  0.0    0  7.1 14  30   M    M   1        27 340
 6  91  68  80   M   0  15 0.00  0.0    0  5.7 10  60   M    M   2        16  60
 7  92  71  82   M   0  17 0.00  0.0    0  4.1  9  90   M    M   3         M  M
 8  92  71  82   M   0  17 0.00  0.0    0  8.8 14 210   M    M   1        20 210
 9  98  70  84   M   0  19 0.00  0.0    0  7.7 21 350   M    M   0 8      30 350
10 100  74  87   M   0  22 0.00  0.0    0 14.6 18 150   M    M   0        27 150
11 100  74  87   M   0  22 0.00  0.0    0 14.7 21 140   M    M   0        32 180
12 103  72  88   M   0  23 0.14  0.0    0 11.9 17 140   M    M   0 3      51 210
13 101  73  87   M   0  22 0.03  0.0    0 14.0 20 160   M    M   0        28 180
14 101  73  87   M   0  22 0.01  0.0    0 10.7 21 170   M    M   2 3      30 170
15 104  76  90   M   0  25 0.00  0.0    0 12.9 23 160   M    M   0        29 160
16 107  76  92   M   0  27 0.00  0.0    0 11.7 21 140   M    M   0        27 140
17 110  79  95   M   0  30 0.00  0.0    0 10.2 17 190   M    M   0        23 190
18  98  78  88   M   0  23 0.00  0.0    0 12.4 20  50   M    M   0        28  30
19  93  74  84   M   0  19 0.00  0.0    0  8.6 15  70   M    M   6 8      17  80
20  99  75  87   M   0  22 0.00  0.0    0  6.2 12 110   M    M   1        18 110
21 100  76  88   M   0  23 0.00  0.0    0  7.9 12 170   M    M   0        16  90
22 103  74  89   M   0  24 0.05  0.0    0  6.3 12 160   M    M   0 3      25  30
23 107  69  88   M   0  23 0.78  0.0    0  9.4 29 320   M    M   1 3      40 320
24  90  68  79   M   0  14 0.00  0.0    0 12.6 20  60   M    M   3        25  70
================================================================================
SM 2328 1716         0 468  1.53     0.0 223.0          M       34
================================================================================
AV 97.0 71.5                               9.3 FASTST   M    M   1    MAX(MPH)
                                 MISC ---->  # 29 320               # 51  210
================================================================================
NOTES:
# LAST OF SEVERAL OCCURRENCES

COLUMN 17 PEAK WIND IN M.P.H.

PRELIMINARY LOCAL CLIMATOLOGICAL DATA (WS FORM: F-6) , PAGE 2

                                          STATION:  Midland Airpark
                                          MONTH:    JUNE
                                          YEAR:     2017
                                          LATITUDE:   32  2 N
                                          LONGITUDE: 102  6 W

[TEMPERATURE DATA]      [PRECIPITATION DATA]       SYMBOLS USED IN COLUMN 16

AVERAGE MONTHLY: 84.3   TOTAL FOR MONTH:   1.53    1 = FOG OR MIST
DPTR FM NORMAL:     M   DPTR FM NORMAL:       M    2 = FOG REDUCING VISIBILITY
HIGHEST:   110 ON 17    GRTST 24HR  0.78 ON 23-23      TO 1/4 MILE OR LESS
LOWEST:     64 ON  4, 3                            3 = THUNDER
                        SNOW, ICE PELLETS, HAIL    4 = ICE PELLETS
                        TOTAL MONTH:   0.0 INCH    5 = HAIL
                        GRTST 24HR     0.0         6 = FREEZING RAIN OR DRIZZLE
                        GRTST DEPTH:   0           7 = DUSTSTORM OR SANDSTORM:
                                                       VSBY 1/2 MILE OR LESS
                                                   8 = SMOKE OR HAZE
[NO. OF DAYS WITH]      [WEATHER - DAYS WITH]      9 = BLOWING SNOW
                                                   X = TORNADO
MAX 32 OR BELOW:   0    0.01 INCH OR MORE:   8
MAX 90 OR ABOVE:  21    0.10 INCH OR MORE:   4
MIN 32 OR BELOW:   0    0.50 INCH OR MORE:   1
MIN  0 OR BELOW:   0    1.00 INCH OR MORE:   0

[HDD (BASE 65) ]
TOTAL THIS MO.     0    CLEAR  (SCALE 0-3)  20
DPTR FM NORMAL     M    PTCLDY (SCALE 4-7)   4
TOTAL FM JUL 1  1554    CLOUDY (SCALE 8-10)  0
DPTR FM NORMAL     M

[CDD (BASE 65) ]
TOTAL THIS MO.   468
DPTR FM NORMAL     M    [PRESSURE DATA]
TOTAL FM JAN 1  1087    HIGHEST SLP M ON M
DPTR FM NORMAL     M    LOWEST  SLP M ON M

[REMARKS]
