281
CXUS54 KMEG 220739
CF6MEM
PRELIMINARY LOCAL CLIMATOLOGICAL DATA (WS FORM: F-6)

                                          STATION:   MEMPHIS
                                          MONTH:     NOVEMBER
                                          YEAR:      2017
                                          LATITUDE:   35  3 N
                                          LONGITUDE:  89 59 W

  TEMPERATURE IN F:       :PCPN:    SNOW:  WIND      :SUNSHINE: SKY     :PK WND
================================================================================
1   2   3   4   5  6A  6B    7    8   9   10  11  12  13   14  15   16   17  18
                                     12Z  AVG MX 2MIN
DY MAX MIN AVG DEP HDD CDD  WTR  SNW DPTH SPD SPD DIR MIN PSBL S-S WX    SPD DR
================================================================================

 1  68  47  58  -1   7   0    T  0.0    0 11.5 23 180   M    M   9        28 180
 2  83  66  75  17   0  10    T  0.0    0 12.7 22 190   M    M   6        29 200
 3  76  62  69  11   0   4 0.25  0.0    0  7.7 15 190   M    M   9 13     21 250
 4  72  59  66   8   0   1 0.07  0.0    0  7.9 13 170   M    M   7 1      23 240
 5  77  67  72  15   0   7    T  0.0    0 12.2 21 190   M    M   6        29 210
 6  73  56  65   8   0   0 1.00  0.0    0  7.9 20 210   M    M   9 13     30 220
 7  60  49  55  -1  10   0 0.05  0.0    0  9.0 16  10   M    M  10 12     21  10
 8  51  49  50  -6  15   0    T  0.0    0  8.9 15  40   M    M  10 1      20  30
 9  62  41  52  -4  13   0 0.00  0.0    0  4.5 15 350   M    M   1        18 340
10  58  40  49  -6  16   0 0.00  0.0    0  9.2 15  60   M    M   2        20  50
11  62  36  49  -6  16   0 0.00  0.0    0  4.3 15  70   M    M   7        24  80
12  67  50  59   5   6   0    T  0.0    0  5.8 12 200   M    M   8        16 220
13  59  45  52  -2  13   0 0.00  0.0    0  8.8 17  60   M    M   1        23  70
14  65  39  52  -2  13   0 0.00  0.0    0  4.5 12  80   M    M   5        17  70
15  62  49  56   3   9   0 0.12  0.0    0  5.8 20 170   M    M   8 12     28 220
16  65  48  57   4   8   0 0.00  0.0    0  4.8 12  40   M    M   4 12     16  70
17  73  46  60   7   5   0 0.00  0.0    0 12.3 26 200   M    M   6        38 180
18  76  44  60   8   5   0 0.30  0.0    0 19.7 36 330   M    M   7 13     50 310
19  51  34  43  -9  22   0 0.00  0.0    0  7.9 18 340   M    M   0        23 340
20  55  30  43  -8  22   0 0.00  0.0    0  4.2 13 190   M    M   3        16 200
21  62  37  50  -1  15   0 0.00  0.0    0  5.8 16  20   M    M   6        21  20
================================================================================
SM 1377  994       195  22  1.79     0.0 175.4          M      124
================================================================================
AV 65.6 47.3                               8.4 FASTST   M    M   6    MAX(MPH)
                                 MISC ---->  # 36 330               # 50  310
================================================================================
NOTES:
# LAST OF SEVERAL OCCURRENCES

COLUMN 17 PEAK WIND IN M.P.H.

PRELIMINARY LOCAL CLIMATOLOGICAL DATA (WS FORM: F-6) , PAGE 2

                                          STATION:  MEMPHIS
                                          MONTH:    NOVEMBER
                                          YEAR:     2017
                                          LATITUDE:   35  3 N
                                          LONGITUDE:  89 59 W

[TEMPERATURE DATA]      [PRECIPITATION DATA]       SYMBOLS USED IN COLUMN 16

AVERAGE MONTHLY: 56.5   TOTAL FOR MONTH:   1.79    1 = FOG OR MIST
DPTR FM NORMAL:   1.6   DPTR FM NORMAL:   -1.86    2 = FOG REDUCING VISIBILITY
HIGHEST:    83 ON  2    GRTST 24HR  1.00 ON  6- 6      TO 1/4 MILE OR LESS
LOWEST:     30 ON 20                               3 = THUNDER
                        SNOW, ICE PELLETS, HAIL    4 = ICE PELLETS
                        TOTAL MONTH:   0.0 INCH    5 = HAIL
                        GRTST 24HR     0.0         6 = FREEZING RAIN OR DRIZZLE
                        GRTST DEPTH:   0           7 = DUSTSTORM OR SANDSTORM:
                                                       VSBY 1/2 MILE OR LESS
                                                   8 = SMOKE OR HAZE
[NO. OF DAYS WITH]      [WEATHER - DAYS WITH]      9 = BLOWING SNOW
                                                   X = TORNADO
MAX 32 OR BELOW:   0    0.01 INCH OR MORE:   6
MAX 90 OR ABOVE:   0    0.10 INCH OR MORE:   4
MIN 32 OR BELOW:   1    0.50 INCH OR MORE:   1
MIN  0 OR BELOW:   0    1.00 INCH OR MORE:   1

[HDD (BASE 65) ]
TOTAL THIS MO.   195    CLEAR  (SCALE 0-3)   5
DPTR FM NORMAL   -29    PTCLDY (SCALE 4-7)  10
TOTAL FM JUL 1   326    CLOUDY (SCALE 8-10)  6
DPTR FM NORMAL   -29

[CDD (BASE 65) ]
TOTAL THIS MO.    22
DPTR FM NORMAL    11    [PRESSURE DATA]
TOTAL FM JAN 1  2302    HIGHEST SLP M ON M
DPTR FM NORMAL    48    LOWEST  SLP 29.50 ON 18

[REMARKS]
