000
CXUS56 KMFR 301000
CF6MFR
PRELIMINARY LOCAL CLIMATOLOGICAL DATA (WS FORM: F-6)

                                          STATION:   MEDFORD OR
                                          MONTH:     SEPTEMBER
                                          YEAR:      2016
                                          LATITUDE:   42 22 N
                                          LONGITUDE: 122 52 W

  TEMPERATURE IN F:       :PCPN:    SNOW:  WIND      :SUNSHINE: SKY     :PK WND
================================================================================
1   2   3   4   5  6A  6B    7    8   9   10  11  12  13   14  15   16   17  18
                                     12Z  AVG MX 2MIN
DY MAX MIN AVG DEP HDD CDD  WTR  SNW DPTH SPD SPD DIR MIN PSBL S-S WX    SPD DR
================================================================================

 1  78  62  70  -1   0   5 0.00  0.0    0  5.5 15 300   M    M   5 8      19 300
 2  78  57  68  -2   0   3 0.00  0.0    0  3.5 17 360   M    M   3 8      22 350
 3  80  47  64  -6   1   0 0.00  0.0    0  5.0 17 350   M    M   0 8      24 350
 4  74  48  61  -9   4   0 0.00  0.0    0  3.4 14 330   M    M   3 8      17 330
 5  80  45  63  -7   2   0 0.00  0.0    0  2.7 13 270   M    M   0        15 270
 6  79  49  64  -5   1   0 0.00  0.0    0  4.2 15  30   M    M   4        19  10
 7  87  50  69   0   0   4 0.00  0.0    0  2.6 10  20   M    M   0        12  20
 8  91  51  71   2   0   6 0.00  0.0    0  3.9 15 360   M    M   0        18 360
 9  96  50  73   4   0   8 0.00  0.0    0  1.9  9 190   M    M   0        12  10
10  98  50  74   6   0   9 0.00  0.0    0  3.6 15 350   M    M   0        17 350
11  87  54  71   3   0   6 0.00  0.0    0  4.6 20 360   M    M   0        24 360
12  84  45  65  -3   0   0 0.00  0.0    0  4.1 21 360   M    M   0        24  10
13  85  46  66  -2   0   1 0.00  0.0    0  3.3 12  10   M    M   0        15  20
14  83  48  66  -1   0   1 0.00  0.0    0  2.7 10 280   M    M   0        13  50
15  88  47  68   1   0   3 0.00  0.0    0  2.5  8 180   M    M   0        11 190
16  93  50  72   5   0   7 0.00  0.0    0  1.9 10 180   M    M   0        13  10
17  89  55  72   6   0   7 0.00  0.0    0  3.3 18 330   M    M   0        22 320
18  88  59  74   8   0   9 0.00  0.0    0  6.5 18 320   M    M   2        25 330
19  82  53  68   2   0   3 0.00  0.0    0  4.7 15 350   M    M   1        18 350
20  77  51  64  -2   1   0 0.00  0.0    0  3.2 16 350   M    M   1        21 350
21  71  47  59  -6   6   0 0.00  0.0    0  5.8 18 340   M    M   4 38     25 340
22  69  49  59  -6   6   0 0.01  0.0    0  5.8 21 320   M    M   7        31 340
23  60  44  52 -13  13   0    T  0.0    0  3.2 12  20   M    M   7 18     13  20
24  80  55  68   4   0   3 0.00  0.0    0  2.1  9 170   M    M   5        11 160
25  95  48  72   8   0   7 0.00  0.0    0  1.5  9 180   M    M   0        12 170
26  98  52  75  11   0  10 0.00  0.0    0  2.2 13 300   M    M   0        17 320
27  92  54  73  10   0   8 0.00  0.0    0  2.8  9 300   M    M   0        12 300
28  89  55  72   9   0   7 0.00  0.0    0  2.5 12  30   M    M   0        13 360
29  82  52  67   4   0   2 0.00  0.0    0  3.5 14  20   M    M   0        17 290
================================================================================
SM 2433 1473        34 109  0.01     0.0 102.5          M       42
================================================================================
AV 83.9 50.8                               3.5 FASTST   M    M   1    MAX(MPH)
                                 MISC ---->  # 21 360               # 31  340
================================================================================
NOTES:
# LAST OF SEVERAL OCCURRENCES

COLUMN 17 PEAK WIND IN M.P.H.

PRELIMINARY LOCAL CLIMATOLOGICAL DATA (WS FORM: F-6) , PAGE 2

                                          STATION:  MEDFORD OR
                                          MONTH:    SEPTEMBER
                                          YEAR:     2016
                                          LATITUDE:   42 22 N
                                          LONGITUDE: 122 52 W

[TEMPERATURE DATA]      [PRECIPITATION DATA]       SYMBOLS USED IN COLUMN 16

AVERAGE MONTHLY: 67.3   TOTAL FOR MONTH:   0.01    1 = FOG OR MIST
DPTR FM NORMAL:   0.4   DPTR FM NORMAL:   -0.54    2 = FOG REDUCING VISIBILITY
HIGHEST:    98 ON 26,10 GRTST 24HR  0.01 ON 22-22      TO 1/4 MILE OR LESS
LOWEST:     44 ON 23                               3 = THUNDER
                        SNOW, ICE PELLETS, HAIL    4 = ICE PELLETS
                        TOTAL MONTH:   0.0 INCH    5 = HAIL
                        GRTST 24HR     0.0         6 = FREEZING RAIN OR DRIZZLE
                        GRTST DEPTH:   0           7 = DUSTSTORM OR SANDSTORM:
                                                       VSBY 1/2 MILE OR LESS
                                                   8 = SMOKE OR HAZE
[NO. OF DAYS WITH]      [WEATHER - DAYS WITH]      9 = BLOWING SNOW
                                                   X = TORNADO
MAX 32 OR BELOW:   0    0.01 INCH OR MORE:   1
MAX 90 OR ABOVE:   7    0.10 INCH OR MORE:   0
MIN 32 OR BELOW:   0    0.50 INCH OR MORE:   0
MIN  0 OR BELOW:   0    1.00 INCH OR MORE:   0

[HDD (BASE 65) ]
TOTAL THIS MO.    34    CLEAR  (SCALE 0-3)  23
DPTR FM NORMAL   -22    PTCLDY (SCALE 4-7)   6
TOTAL FM JUL 1    36    CLOUDY (SCALE 8-10)  0
DPTR FM NORMAL   -30

[CDD (BASE 65) ]
TOTAL THIS MO.   109
DPTR FM NORMAL    -2    [PRESSURE DATA]
TOTAL FM JAN 1  1054    HIGHEST SLP M ON M
DPTR FM NORMAL   236    LOWEST  SLP 29.83 ON  3

[REMARKS]
