000
CXUS56 KMFR 241000
CF6MFR
PRELIMINARY LOCAL CLIMATOLOGICAL DATA (WS FORM: F-6)

                                          STATION:   MEDFORD OR
                                          MONTH:     MARCH
                                          YEAR:      2017
                                          LATITUDE:   42 22 N
                                          LONGITUDE: 122 52 W

  TEMPERATURE IN F:       :PCPN:    SNOW:  WIND      :SUNSHINE: SKY     :PK WND
================================================================================
1   2   3   4   5  6A  6B    7    8   9   10  11  12  13   14  15   16   17  18
                                     12Z  AVG MX 2MIN
DY MAX MIN AVG DEP HDD CDD  WTR  SNW DPTH SPD SPD DIR MIN PSBL S-S WX    SPD DR
================================================================================

 1  58  30  44  -2  21   0 0.00  0.0    0  1.7  9 180   M    M   3 1      11 180
 2  59  29  44  -2  21   0 0.00  0.0    0  1.8  9 320   M    M   2 12     12 350
 3  47  33  40  -7  25   0 0.04  0.0    0  2.6 10 270   M    M   6 1      12 270
 4  53  37  45  -2  20   0 0.07  0.0    0  6.2 28 220   M    M   9 1      41 220
 5  44  30  37 -10  28   0 0.01    T    0  6.5 23 250   M    M   7 1      29 250
 6  43  33  38  -9  27   0 0.07    T    T  2.8  9 220   M    M  10 1      12 200
 7  47  37  42  -5  23   0 0.07  0.0    0  2.6 10  30   M    M  10 1      11  40
 8  55  43  49   2  16   0 0.03  0.0    0  1.1  6  30   M    M  10 1       7 320
 9  58  48  53   6  12   0 0.03  0.0    0  1.2  7 360   M    M   7 1       7 320
10  68  45  57   9   8   0 0.01  0.0    0  2.6  9 190   M    M   4 1      11  20
11  61  39  50   2  15   0 0.01  0.0    0  3.1  8 320   M    M   5        11 320
12  70  41  56   8   9   0 0.00  0.0    0  2.4  9 320   M    M   2        11 280
13  65  41  53   5  12   0 0.00  0.0    0  1.7  7 330   M    M   5         9 340
14  65  43  54   6  11   0 0.00  0.0    0  2.3  8 320   M    M   1 1       9 310
15  60  50  55   7  10   0 0.03  0.0    0  2.8 12 300   M    M   8 1      13 300
16  59  46  53   5  12   0 0.00  0.0    0  4.8 12 320   M    M   7        14 340
17  57  40  49   1  16   0 0.01  0.0    0  2.3  8  10   M    M   6         9  10
18  63  50  57   8   8   0 0.38  0.0    0  4.9 20 230   M    M  10 1      26 240
19  65  50  58   9   7   0 0.04  0.0    0  1.1  8  20   M    M   9 1       9  20
20  63  52  58   9   7   0 0.01  0.0    0  4.9 23 150   M    M   8 1      30 130
21  66  47  57   8   8   0 0.33    M    0  4.2 26 230   M    M   6 1      36 230
22  57  45  51   2  14   0 0.02    M    0  4.4 17 350   M    M   8        20 350
23  61  36  49   0  16   0 0.07  0.0    0  3.3 15 270   M    M   7        18 250
================================================================================
SM 1344  945       346   0  1.23    T     71.3          M      150
================================================================================
AV 58.4 41.1                               3.1 FASTST   M    M   7    MAX(MPH)
                                 MISC ---->  # 28 220               # 41  220
================================================================================
NOTES:
# LAST OF SEVERAL OCCURRENCES

COLUMN 17 PEAK WIND IN M.P.H.

PRELIMINARY LOCAL CLIMATOLOGICAL DATA (WS FORM: F-6) , PAGE 2

                                          STATION:  MEDFORD OR
                                          MONTH:    MARCH
                                          YEAR:     2017
                                          LATITUDE:   42 22 N
                                          LONGITUDE: 122 52 W

[TEMPERATURE DATA]      [PRECIPITATION DATA]       SYMBOLS USED IN COLUMN 16

AVERAGE MONTHLY: 49.8   TOTAL FOR MONTH:   1.23    1 = FOG OR MIST
DPTR FM NORMAL:   2.0   DPTR FM NORMAL:   -0.07    2 = FOG REDUCING VISIBILITY
HIGHEST:    70 ON 12    GRTST 24HR  0.38 ON 18-18      TO 1/4 MILE OR LESS
LOWEST:     29 ON  2                               3 = THUNDER
                        SNOW, ICE PELLETS, HAIL    4 = ICE PELLETS
                        TOTAL MONTH:    T          5 = HAIL
                        GRTST 24HR    T  ON  6- 6  6 = FREEZING RAIN OR DRIZZLE
                        GRTST DEPTH:   T           7 = DUSTSTORM OR SANDSTORM:
                                                       VSBY 1/2 MILE OR LESS
                                                   8 = SMOKE OR HAZE
[NO. OF DAYS WITH]      [WEATHER - DAYS WITH]      9 = BLOWING SNOW
                                                   X = TORNADO
MAX 32 OR BELOW:   0    0.01 INCH OR MORE:  17
MAX 90 OR ABOVE:   0    0.10 INCH OR MORE:   2
MIN 32 OR BELOW:   3    0.50 INCH OR MORE:   0
MIN  0 OR BELOW:   0    1.00 INCH OR MORE:   0

[HDD (BASE 65) ]
TOTAL THIS MO.   346    CLEAR  (SCALE 0-3)   3
DPTR FM NORMAL   -50    PTCLDY (SCALE 4-7)  13
TOTAL FM JUL 1  3391    CLOUDY (SCALE 8-10)  7
DPTR FM NORMAL  -119

[CDD (BASE 65) ]
TOTAL THIS MO.     0
DPTR FM NORMAL     0    [PRESSURE DATA]
TOTAL FM JAN 1     0    HIGHEST SLP M ON M
DPTR FM NORMAL     0    LOWEST  SLP 29.60 ON  4

[REMARKS]
