000
CXUS51 KPBZ 280804
CF6MGW
PRELIMINARY LOCAL CLIMATOLOGICAL DATA (WS FORM: F-6)

                                          STATION:   MORGANTOWN WV
                                          MONTH:     SEPTEMBER
                                          YEAR:      2016
                                          LATITUDE:   39 39 N
                                          LONGITUDE:  79 55 W

  TEMPERATURE IN F:       :PCPN:    SNOW:  WIND      :SUNSHINE: SKY     :PK WND
================================================================================
1   2   3   4   5  6A  6B    7    8   9   10  11  12  13   14  15   16   17  18
                                     12Z  AVG MX 2MIN
DY MAX MIN AVG DEP HDD CDD  WTR  SNW DPTH SPD SPD DIR MIN PSBL S-S WX    SPD DR
================================================================================

 1  79  60  70   0   0   5 0.00    M    M  5.3 14 350   M    M   7 1      18 350
 2  76  54  65  -5   0   0 0.00    M    M  4.6 14  10   M    M   2 1      19  10
 3  80  55  68  -2   0   3 0.00    M    M  2.8 12  10   M    M   2 1      16  10
 4  82  57  70   1   0   5 0.00    M    M  1.5  8  20   M    M   1        11 360
 5  85  56  71   2   0   6 0.00    M    M  1.2  7 360   M    M   0        10  10
 6  87  58  73   4   0   8    T    M    M  2.8 10  10   M    M   3 3      15 290
 7  89  69  79  11   0  14 0.01    M    M  4.9 12 220   M    M   5        15 210
 8  89  71  80  12   0  15 0.00    M    M  5.9 15 210   M    M   2        21 220
 9  89  73  81  13   0  16 0.05    M    M  3.5 12 270   M    M   8 1      18 270
10  93  71  82  15   0  17 0.00    M    M  5.5 17 220   M    M   2        29 220
11  80  60  70   3   0   5 0.10    M    M  3.7 13 280   M    M   5 1      18 290
12  85  56  71   4   0   6 0.00    M    M  2.5  9 160   M    M   1        14 150
13  89  62  76  10   0  11 0.00    M    M  2.8 12 220   M    M   0        17 220
14  89  59  74   8   0   9    T    M    M  4.0 12 350   M    M   3        17 350
15  82  62  72   6   0   7 0.00    M    M  5.2 10  10   M    M   6 18     17  40
16  88  64  76  11   0  11 0.00    M    M  4.9 14 160   M    M   2        20 160
17  86  68  77  12   0  12 0.03    M    M  4.0 12 160   M    M   5        17 150
18  77  69  73   9   0   8 0.25    M    M  2.3 13 220   M    M   7 18     20 240
19  84  66  75  11   0  10 0.31    M    M  2.0  9  30   M    M   6 18     11  10
20  87  61  74  10   0   9 0.00    M    M  2.1  9 360   M    M   3 128    14  10
21  88  59  74  11   0   9 0.00    M    M  3.2 10 360   M    M   1 128    14 350
22  88  60  74  11   0   9 0.00    M    M  1.8  8  10   M    M   0        12 150
23  91  62  77  15   0  12 0.00    M    M  1.9  8 290   M    M   1        13 310
24  74  59  67   5   0   2 0.00    M    M  2.7 10  10   M    M   6 128    14  10
25  81  54  68   6   0   3 0.00    M    M  2.6  9  20   M    M   3 128    11  20
26  85  56  71  10   0   6 0.48    M    M  2.7 10 210   M    M   4 3      16 220
27  74  51  63   2   2   0 0.00    M    M  4.2 13 230   M    M   0        19 250
================================================================================
SM 2277 1652         2 218  1.23    M     90.6          M       85
================================================================================
AV 84.3 61.2                               3.4 FASTST   M    M   3    MAX(MPH)
                                 MISC ---->  # 17 220               # 29  220
================================================================================
NOTES:
# LAST OF SEVERAL OCCURRENCES

COLUMN 17 PEAK WIND IN M.P.H.

PRELIMINARY LOCAL CLIMATOLOGICAL DATA (WS FORM: F-6) , PAGE 2

                                          STATION:  MORGANTOWN WV
                                          MONTH:    SEPTEMBER
                                          YEAR:     2016
                                          LATITUDE:   39 39 N
                                          LONGITUDE:  79 55 W

[TEMPERATURE DATA]      [PRECIPITATION DATA]       SYMBOLS USED IN COLUMN 16

AVERAGE MONTHLY: 72.8   TOTAL FOR MONTH:   1.23    1 = FOG OR MIST
DPTR FM NORMAL:   7.0   DPTR FM NORMAL:   -1.66    2 = FOG REDUCING VISIBILITY
HIGHEST:    93 ON 10    GRTST 24HR  0.48 ON 26-26      TO 1/4 MILE OR LESS
LOWEST:     51 ON 27                               3 = THUNDER
                        SNOW, ICE PELLETS, HAIL    4 = ICE PELLETS
                        TOTAL MONTH:    M          5 = HAIL
                        GRTST 24HR    M  ON   M    6 = FREEZING RAIN OR DRIZZLE
                        GRTST DEPTH:  M  ON   M    7 = DUSTSTORM OR SANDSTORM:
                                                       VSBY 1/2 MILE OR LESS
                                                   8 = SMOKE OR HAZE
[NO. OF DAYS WITH]      [WEATHER - DAYS WITH]      9 = BLOWING SNOW
                                                   X = TORNADO
MAX 32 OR BELOW:   0    0.01 INCH OR MORE:   7
MAX 90 OR ABOVE:   2    0.10 INCH OR MORE:   4
MIN 32 OR BELOW:   0    0.50 INCH OR MORE:   0
MIN  0 OR BELOW:   0    1.00 INCH OR MORE:   0

[HDD (BASE 65) ]
TOTAL THIS MO.     2    CLEAR  (SCALE 0-3)  15
DPTR FM NORMAL   -67    PTCLDY (SCALE 4-7)  12
TOTAL FM JUL 1     2    CLOUDY (SCALE 8-10)  0
DPTR FM NORMAL   -78

[CDD (BASE 65) ]
TOTAL THIS MO.   218
DPTR FM NORMAL   130    [PRESSURE DATA]
TOTAL FM JAN 1  1229    HIGHEST SLP M ON M
DPTR FM NORMAL   432    LOWEST  SLP 29.83 ON 10

[REMARKS]
