000
CXUS55 KFSD 280905
CF6MHE
PRELIMINARY LOCAL CLIMATOLOGICAL DATA (WS FORM: F-6)

                                          STATION:   MITCHELL SD
                                          MONTH:     APRIL
                                          YEAR:      2017
                                          LATITUDE:   43 46 N
                                          LONGITUDE:  98  2 W

  TEMPERATURE IN F:       :PCPN:    SNOW:  WIND      :SUNSHINE: SKY     :PK WND
================================================================================
1   2   3   4   5  6A  6B    7    8   9   10  11  12  13   14  15   16   17  18
                                     12Z  AVG MX 2MIN
DY MAX MIN AVG DEP HDD CDD  WTR  SNW DPTH SPD SPD DIR MIN PSBL S-S WX    SPD DR
================================================================================

 1  62  40  51  10  14   0 0.00  0.0    0  6.4 17 150   M    M   3        21 170
 2  67  41  54  13  11   0 0.00  0.0    0  8.5 18 180   M    M   5 1      24 180
 3  54  38  46   4  19   0 0.24  0.0    0 12.4 23  10   M    M   7 12     27  10
 4  64  37  51   9  14   0 0.00  0.0    0  9.2 21 330   M    M   5        26 330
 5  55  33  44   1  21   0 0.06  0.0    0 11.5 24 360   M    M   5        29  10
 6  57  28  43   0  22   0 0.00  0.0    0  7.5 14  20   M    M   0        18  20
 7  71  34  53   9  12   0 0.00  0.0    0 18.6 35 170   M    M   0        45 160
 8  82  48  65  21   0   0 0.00  0.0    0 11.1 21 290   M    M   0        28 270
 9  59  44  52   7  13   0 0.42  0.0    0 11.9 23  20   M    M   7 1      29  20
10  44  29  37  -8  28   0 1.04  1.6    0 15.0 32  30   M    M   8 16     42  30
11  62  26  44  -2  21   0 0.00  0.0    0  7.5 20 150   M    M   0        23 140
12  62  35  49   3  16   0 0.11  0.0    0 10.4 25  70   M    M   5 1      29  70
13  68  35  52   5  13   0 0.00  0.0    0 11.5 22 130   M    M   5 12     28 120
14  71  50  61  14   4   0 0.00  0.0    0 13.8 28 160   M    M   6 12     34 150
15  67  43  55   7  10   0 0.13  0.0    0  8.8 26 120   M    M   7 123    30 120
16  69  38  54   6  11   0 0.00  0.0    0  9.8 20 350   M    M   3        26 250
17  68  36  52   3  13   0    T  0.0    0 12.5 25 160   M    M   3        34 160
18  65  46  56   7   9   0 0.13  0.0    0 15.6 29 310   M    M   2 3      39 180
19  50  44  47  -3  18   0 0.30  0.0    0 10.7 30  90   M    M   7 1      38  90
20  55  40  48  -2  17   0 0.00  0.0    0 10.9 21 320   M    M   9 1      25 320
21  64  32  48  -2  17   0 0.00  0.0    0  4.6 15  50   M    M   4 12     19  40
22  68  35  52   1  13   0 0.00  0.0    0  5.0 15 280   M    M   0 18     19 280
23  74  47  61  10   4   0 0.00  0.0    0 16.7 29 200   M    M   0        38 200
24  67  42  55   3  10   0 0.00  0.0    0 15.0 25 280   M    M   1        32 280
25  42  34  38 -14  27   0    T  0.0    0 18.4 26 360   M    M  10 1      35 360
26  39  32  36 -17  29   0    T  0.0    0 18.0 28 330   M    M  10 16     35 350
27  52  31  42 -11  23   0 0.00  0.0    0 10.6 18 340   M    M   5        26 350
================================================================================
SM 1658 1018       409   0  2.43     1.6 311.9          M      117
================================================================================
AV 61.4 37.7                              11.6 FASTST   M    M   4    MAX(MPH)
                                 MISC ---->  # 35 170               # 45  160
================================================================================
NOTES:
# LAST OF SEVERAL OCCURRENCES

COLUMN 17 PEAK WIND IN M.P.H.

PRELIMINARY LOCAL CLIMATOLOGICAL DATA (WS FORM: F-6) , PAGE 2

                                          STATION:  MITCHELL SD
                                          MONTH:    APRIL
                                          YEAR:     2017
                                          LATITUDE:   43 46 N
                                          LONGITUDE:  98  2 W

[TEMPERATURE DATA]      [PRECIPITATION DATA]       SYMBOLS USED IN COLUMN 16

AVERAGE MONTHLY: 49.6   TOTAL FOR MONTH:   2.43    1 = FOG OR MIST
DPTR FM NORMAL:   2.4   DPTR FM NORMAL:    0.55    2 = FOG REDUCING VISIBILITY
HIGHEST:    82 ON  8    GRTST 24HR  1.04 ON 10-10      TO 1/4 MILE OR LESS
LOWEST:     26 ON 11                               3 = THUNDER
                        SNOW, ICE PELLETS, HAIL    4 = ICE PELLETS
                        TOTAL MONTH:   1.6 INCHES  5 = HAIL
                        GRTST 24HR   1.6 ON 10-10  6 = FREEZING RAIN OR DRIZZLE
                        GRTST DEPTH:   0           7 = DUSTSTORM OR SANDSTORM:
                                                       VSBY 1/2 MILE OR LESS
                                                   8 = SMOKE OR HAZE
[NO. OF DAYS WITH]      [WEATHER - DAYS WITH]      9 = BLOWING SNOW
                                                   X = TORNADO
MAX 32 OR BELOW:   0    0.01 INCH OR MORE:   8
MAX 90 OR ABOVE:   0    0.10 INCH OR MORE:   7
MIN 32 OR BELOW:   6    0.50 INCH OR MORE:   1
MIN  0 OR BELOW:   0    1.00 INCH OR MORE:   1

[HDD (BASE 65) ]
TOTAL THIS MO.   409    CLEAR  (SCALE 0-3)  11
DPTR FM NORMAL   -75    PTCLDY (SCALE 4-7)  13
TOTAL FM JUL 1  6012    CLOUDY (SCALE 8-10)  3
DPTR FM NORMAL  -952

[CDD (BASE 65) ]
TOTAL THIS MO.     0
DPTR FM NORMAL     0    [PRESSURE DATA]
TOTAL FM JAN 1     0    HIGHEST SLP M ON M
DPTR FM NORMAL     0    LOWEST  SLP 29.48 ON  8

[REMARKS]
