000
CXUS55 KFSD 210905
CF6MHE
PRELIMINARY LOCAL CLIMATOLOGICAL DATA (WS FORM: F-6)

                                          STATION:   MITCHELL SD
                                          MONTH:     OCTOBER
                                          YEAR:      2014
                                          LATITUDE:   43 46 N
                                          LONGITUDE:  98  2 W

  TEMPERATURE IN F:       :PCPN:    SNOW:  WIND      :SUNSHINE: SKY     :PK WND
================================================================================
1   2   3   4   5  6A  6B    7    8   9   10  11  12  13   14  15   16   17  18
                                     12Z  AVG MX 2MIN
DY MAX MIN AVG DEP HDD CDD  WTR  SNW DPTH SPD SPD DIR MIN PSBL S-S WX    SPD DR
================================================================================

 1  77  50  64   8   1   0 0.00  0.0    0  8.1 17 170   M    M   2 1      22 170
 2  71  48  60   5   5   0 0.06    M    0  9.3 28 330   M    M   5 18     38 330
 3  50  31  41 -14  24   0 0.00  0.0    0 19.1 33 310   M    M   6        49 310
 4  57  30  44 -10  21   0    T    M    0  8.3 17 300   M    M   3 8      27 290
 5  66  33  50  -4  15   0    T  0.0    0 11.6 38 310   M    M   4        49 310
 6  67  38  53  -1  12   0    T  0.0    0 11.0 26 280   M    M   3        33 280
 7  68  43  56   3   9   0 0.00  0.0    0 17.9 33 310   M    M   1        41 300
 8  66  41  54   1  11   0    T  0.0    0  6.9 12  40   M    M   4        16 260
 9  60  38  49  -3  16   0 0.00  0.0    0  7.0 13  20   M    M   6        15  20
10  58  27  43  -9  22   0 0.00  0.0    0  3.3 10  30   M    M   0        16  20
11  66  31  49  -3  16   0 0.00  0.0    0 14.6 24 160   M    M   0        30 170
12  67  46  57   6   8   0 0.02  0.0    0 14.8 26 170   M    M   2        35 170
13  67  42  55   4  10   0 0.00  0.0    0 15.9 28 360   M    M   4        34  10
14  68  35  52   1  13   0 0.00  0.0    0  6.5 18  10   M    M   0        22  10
15  74  33  54   4  11   0 0.00  0.0    0 11.8 22 160   M    M   0        26 150
16  72  49  61  11   4   0 0.00  0.0    0 20.6 36 310   M    M   1        43 290
17  59  34  47  -2  18   0 0.00  0.0    0 15.4 28 330   M    M   7        39 330
18  60  42  51   2  14   0 0.00  0.0    0  8.8 17 150   M    M   6        22 170
19  79  40  60  11   5   0 0.00  0.0    0  9.6 22 310   M    M   0        27 330
20  72  35  54   6  11   0 0.00  0.0    0  4.4 10 210   M    M   0        12 210
================================================================================
SM 1324  766       246   0  0.08     0.0 224.9          M       54
================================================================================
AV 66.2 38.3                              11.2 FASTST   M    M   3    MAX(MPH)
                                 MISC ---->  # 38 310               # 49  310
================================================================================
NOTES:
# LAST OF SEVERAL OCCURRENCES

COLUMN 17 PEAK WIND IN M.P.H.

PRELIMINARY LOCAL CLIMATOLOGICAL DATA (WS FORM: F-6) , PAGE 2

                                          STATION:  MITCHELL SD
                                          MONTH:    OCTOBER
                                          YEAR:     2014
                                          LATITUDE:   43 46 N
                                          LONGITUDE:  98  2 W

[TEMPERATURE DATA]      [PRECIPITATION DATA]       SYMBOLS USED IN COLUMN 16

AVERAGE MONTHLY: 52.2   TOTAL FOR MONTH:   0.08    1 = FOG OR MIST
DPTR FM NORMAL:   0.3   DPTR FM NORMAL:   -1.13    2 = FOG REDUCING VISIBILITY
HIGHEST:    79 ON 19    GRTST 24HR  0.15 ON 30- 1      TO 1/4 MILE OR LESS
LOWEST:     27 ON 10                               3 = THUNDER
                        SNOW, ICE PELLETS, HAIL    4 = ICE PELLETS
                        TOTAL MONTH:   0.0 INCH    5 = HAIL
                        GRTST 24HR     0.0         6 = FREEZING RAIN OR DRIZZLE
                        GRTST DEPTH:   0           7 = DUSTSTORM OR SANDSTORM:
                                                       VSBY 1/2 MILE OR LESS
                                                   8 = SMOKE OR HAZE
[NO. OF DAYS WITH]      [WEATHER - DAYS WITH]      9 = BLOWING SNOW
                                                   X = TORNADO
MAX 32 OR BELOW:   0    0.01 INCH OR MORE:   2
MAX 90 OR ABOVE:   0    0.10 INCH OR MORE:   0
MIN 32 OR BELOW:   4    0.50 INCH OR MORE:   0
MIN  0 OR BELOW:   0    1.00 INCH OR MORE:   0

[HDD (BASE 65) ]
TOTAL THIS MO.   246    CLEAR  (SCALE 0-3)  12
DPTR FM NORMAL   -22    PTCLDY (SCALE 4-7)   8
TOTAL FM JUL 1   376    CLOUDY (SCALE 8-10)  0
DPTR FM NORMAL   -50

[CDD (BASE 65) ]
TOTAL THIS MO.     0
DPTR FM NORMAL    -7    [PRESSURE DATA]
TOTAL FM JAN 1   724    HIGHEST SLP M ON M
DPTR FM NORMAL  -100    LOWEST  SLP 29.57 ON 12

[REMARKS]
