000
CXUS53 KTOP 270800
CF6MHK
PRELIMINARY LOCAL CLIMATOLOGICAL DATA (WS FORM: F-6)

                                          STATION:   Manhattan KS
                                          MONTH:     MAY
                                          YEAR:      2017
                                          LATITUDE:   39  9 N
                                          LONGITUDE:  96 40 W

  TEMPERATURE IN F:       :PCPN:    SNOW:  WIND      :SUNSHINE: SKY     :PK WND
================================================================================
1   2   3   4   5  6A  6B    7    8   9   10  11  12  13   14  15   16   17  18
                                     12Z  AVG MX 2MIN
DY MAX MIN AVG DEP HDD CDD  WTR  SNW DPTH SPD SPD DIR MIN PSBL S-S WX    SPD DR
================================================================================

 1  67  38  53  -6  12   0 0.04    M    M  9.4 21 280   M    M   6        36 270
 2  68  47  58  -1   7   0    T    M    M  4.0 10  10   M    M   5        14 280
 3  61  47  54  -5  11   0 0.05    M    M  3.5 12 110   M    M   9        17  90
 4  70  39  55  -5  10   0 0.00    M    M  6.6 21  20   M    M   1 1      31  40
 5  77  39  58  -2   7   0 0.00    M    M  2.8 12 280   M    M   0 1      17 280
 6  85  44  65   5   0   0 0.00    M    M  5.2 13  50   M    M   0        18  60
 7  87  51  69   8   0   4 0.00    M    M  8.1 21 160   M    M   0        29 150
 8  87  58  73  12   0   8 0.00    M    M 10.7 22 220   M    M   0        28 220
 9  86  57  72  11   0   7 0.00    M    M  4.8 14 230   M    M   3        18 220
10  80  63  72  10   0   7    T    M    M  9.3 17 230   M    M   4        22 220
11  73  58  66   4   0   1 0.36    M    M 11.2 24  50   M    M   9 138    30  40
12  75  47  61  -1   4   0 0.00    M    M  6.8 20  30   M    M   1        24  40
13  80  41  61  -2   4   0 0.00    M    M  7.8 20 170   M    M   0        26 210
14  89  61  75  12   0  10    T    M    M 13.7 28 210   M    M   0        39 210
15  92  66  79  16   0  14 0.00    M    M 13.4 24 180   M    M   0        31 210
16  89  69  79  15   0  14    T    M    M 16.9 28 170   M    M   5 3      39 170
17  79  60  70   6   0   5 0.06    M    M 14.5 31 220   M    M   4 13     43 210
18  76  52  64   0   1   0 1.04    M    M 10.8 26 360   M    M   3 13     43 360
19  67  59  63  -2   2   0 0.55    M    M  8.9 18  90   M    M  10 13     25  70
20  67  46  57  -8   8   0 0.01    M    M 11.3 21 250   M    M   9 1      28 240
21  74  41  58  -7   7   0 0.00    M    M  4.7 14 270   M    M   1        19 290
22  68  49  59  -7   6   0 0.31    M    M  4.3 15 210   M    M   5 1      18 220
23  69  51  60  -6   5   0 0.02    M    M  5.9 20 330   M    M   7        32 330
24  70  46  58  -8   7   0 0.00    M    M  3.8 13  30   M    M   3        17  10
25  80  43  62  -5   3   0 0.08    M    M  9.4 24 170   M    M   1 13     29 170
26  85  57  71   4   0   6 0.06    M    M  4.0 24 140   M    M   1 13     30 140
================================================================================
SM 2001 1329        94  76  2.58    M    211.8          M       87
================================================================================
AV 77.0 51.1                               8.1 FASTST   M    M   3    MAX(MPH)
                                 MISC ---->  # 31 220               # 43  210
================================================================================
NOTES:
# LAST OF SEVERAL OCCURRENCES

COLUMN 17 PEAK WIND IN M.P.H.

PRELIMINARY LOCAL CLIMATOLOGICAL DATA (WS FORM: F-6) , PAGE 2

                                          STATION:  Manhattan KS
                                          MONTH:    MAY
                                          YEAR:     2017
                                          LATITUDE:   39  9 N
                                          LONGITUDE:  96 40 W

[TEMPERATURE DATA]      [PRECIPITATION DATA]       SYMBOLS USED IN COLUMN 16

AVERAGE MONTHLY: 64.0   TOTAL FOR MONTH:   2.58    1 = FOG OR MIST
DPTR FM NORMAL:   1.2   DPTR FM NORMAL:   -1.03    2 = FOG REDUCING VISIBILITY
HIGHEST:    92 ON 15    GRTST 24HR  1.04 ON 18-18      TO 1/4 MILE OR LESS
LOWEST:     38 ON  1                               3 = THUNDER
                        SNOW, ICE PELLETS, HAIL    4 = ICE PELLETS
                        TOTAL MONTH:    M          5 = HAIL
                        GRTST 24HR    M  ON   M    6 = FREEZING RAIN OR DRIZZLE
                        GRTST DEPTH:  M  ON   M    7 = DUSTSTORM OR SANDSTORM:
                                                       VSBY 1/2 MILE OR LESS
                                                   8 = SMOKE OR HAZE
[NO. OF DAYS WITH]      [WEATHER - DAYS WITH]      9 = BLOWING SNOW
                                                   X = TORNADO
MAX 32 OR BELOW:   0    0.01 INCH OR MORE:  11
MAX 90 OR ABOVE:   1    0.10 INCH OR MORE:   4
MIN 32 OR BELOW:   0    0.50 INCH OR MORE:   2
MIN  0 OR BELOW:   0    1.00 INCH OR MORE:   1

[HDD (BASE 65) ]
TOTAL THIS MO.    94    CLEAR  (SCALE 0-3)  14
DPTR FM NORMAL   -22    PTCLDY (SCALE 4-7)   8
TOTAL FM JUL 1  4169    CLOUDY (SCALE 8-10)  4
DPTR FM NORMAL -1128

[CDD (BASE 65) ]
TOTAL THIS MO.    76
DPTR FM NORMAL    16    [PRESSURE DATA]
TOTAL FM JAN 1   120    HIGHEST SLP M ON M
DPTR FM NORMAL    43    LOWEST  SLP 29.36 ON 17

[REMARKS]
