000
CXUS53 KTOP 250800
CF6MHK
PRELIMINARY LOCAL CLIMATOLOGICAL DATA (WS FORM: F-6)

                                          STATION:   Manhattan KS
                                          MONTH:     NOVEMBER
                                          YEAR:      2017
                                          LATITUDE:   39  9 N
                                          LONGITUDE:  96 40 W

  TEMPERATURE IN F:       :PCPN:    SNOW:  WIND      :SUNSHINE: SKY     :PK WND
================================================================================
1   2   3   4   5  6A  6B    7    8   9   10  11  12  13   14  15   16   17  18
                                     12Z  AVG MX 2MIN
DY MAX MIN AVG DEP HDD CDD  WTR  SNW DPTH SPD SPD DIR MIN PSBL S-S WX    SPD DR
================================================================================

 1  60  32  46  -3  19   0 0.00    M    M  4.7 18 210   M    M   0        22 210
 2  59  42  51   2  14   0 0.00    M    M 10.8 21  30   M    M   5 1      28  40
 3  49  34  42  -6  23   0 0.00    M    M  7.5 17  60   M    M   6 18     21  50
 4  53  42  48   0  17   0 0.00    M    M  4.1 13 210   M    M  10 1      15 200
 5  52  34  43  -4  22   0 0.00    M    M  8.4 16 360   M    M   7 1      25 360
 6  48  29  39  -8  26   0 0.00    M    M  7.6 15  40   M    M   0        19  60
 7  47  23  35 -11  30   0 0.00    M    M  7.5 20  30   M    M   5 8      25  40
 8  54  18  36 -10  29   0 0.00    M    M  1.6  9 200   M    M   0        13 210
 9  47  24  36 -10  29   0 0.00    M    M  8.0 18  60   M    M   0        23  50
10  45  26  36  -9  29   0 0.00    M    M  9.5 15 110   M    M   6        20  70
11  49  34  42  -3  23   0 0.07    M    M  4.4 16 180   M    M   9 18     23 180
12  52  28  40  -4  25   0 0.00    M    M  3.5 12  30   M    M   7 128    14  40
13  52  27  40  -4  25   0 0.00    M    M  5.0 14 170   M    M   9 128    17 180
14  61  51  56  13   9   0 0.01    M    M  6.3 13 190   M    M  10 1      18 180
15  60  31  46   3  19   0 0.01    M    M  4.9 13 360   M    M   0 1      21 360
16  60  28  44   2  21   0 0.00    M    M  7.3 20 170   M    M   1        24 180
17  77  48  63  21   2   0 0.00    M    M 11.5 24 220   M    M   5 1      31 200
18  58  29  44   3  21   0 0.01    M    M  9.0 20 360   M    M   6 18     34 340
19  60  21  41   0  24   0 0.00    M    M  7.2 18 220   M    M   0        25 220
20  65  40  53  13  12   0 0.00    M    M 14.9 29 210   M    M   0        37 220
21  54  22  38  -2  27   0 0.00    M    M  8.9 29  30   M    M   1        37  30
22  49  14  32  -8  33   0 0.00    M    M  5.5 15 180   M    M   0        19 180
23  73  30  52  13  13   0 0.00    M    M  3.3  9 220   M    M   0 8      13 230
24  81  50  66  28   0   1 0.00    M    M 10.4 21 230   M    M   0 8      28 340
================================================================================
SM 1365  757       492   1  0.10    M    171.8          M       87
================================================================================
AV 56.9 31.5                               7.2 FASTST   M    M   4    MAX(MPH)
                                 MISC ---->  # 29 210               # 37  220
================================================================================
NOTES:
# LAST OF SEVERAL OCCURRENCES

COLUMN 17 PEAK WIND IN M.P.H.

PRELIMINARY LOCAL CLIMATOLOGICAL DATA (WS FORM: F-6) , PAGE 2

                                          STATION:  Manhattan KS
                                          MONTH:    NOVEMBER
                                          YEAR:     2017
                                          LATITUDE:   39  9 N
                                          LONGITUDE:  96 40 W

[TEMPERATURE DATA]      [PRECIPITATION DATA]       SYMBOLS USED IN COLUMN 16

AVERAGE MONTHLY: 44.2   TOTAL FOR MONTH:   0.10    1 = FOG OR MIST
DPTR FM NORMAL:   0.3   DPTR FM NORMAL:   -1.29    2 = FOG REDUCING VISIBILITY
HIGHEST:    81 ON 24    GRTST 24HR  0.07 ON 11-11      TO 1/4 MILE OR LESS
LOWEST:     14 ON 22                               3 = THUNDER
                        SNOW, ICE PELLETS, HAIL    4 = ICE PELLETS
                        TOTAL MONTH:    M          5 = HAIL
                        GRTST 24HR    M  ON   M    6 = FREEZING RAIN OR DRIZZLE
                        GRTST DEPTH:  M  ON   M    7 = DUSTSTORM OR SANDSTORM:
                                                       VSBY 1/2 MILE OR LESS
                                                   8 = SMOKE OR HAZE
[NO. OF DAYS WITH]      [WEATHER - DAYS WITH]      9 = BLOWING SNOW
                                                   X = TORNADO
MAX 32 OR BELOW:   0    0.01 INCH OR MORE:   4
MAX 90 OR ABOVE:   0    0.10 INCH OR MORE:   0
MIN 32 OR BELOW:  15    0.50 INCH OR MORE:   0
MIN  0 OR BELOW:   0    1.00 INCH OR MORE:   0

[HDD (BASE 65) ]
TOTAL THIS MO.   492    CLEAR  (SCALE 0-3)  12
DPTR FM NORMAL   -16    PTCLDY (SCALE 4-7)   8
TOTAL FM JUL 1   789    CLOUDY (SCALE 8-10)  4
DPTR FM NORMAL  -118

[CDD (BASE 65) ]
TOTAL THIS MO.     1
DPTR FM NORMAL     1    [PRESSURE DATA]
TOTAL FM JAN 1  1566    HIGHEST SLP M ON M
DPTR FM NORMAL   205    LOWEST  SLP 29.37 ON 18

[REMARKS]
