000
CXUS53 KTOP 270800
CF6MHK
PRELIMINARY LOCAL CLIMATOLOGICAL DATA (WS FORM: F-6)

                                          STATION:   Manhattan KS
                                          MONTH:     AUGUST
                                          YEAR:      2016
                                          LATITUDE:   39  9 N
                                          LONGITUDE:  96 40 W

  TEMPERATURE IN F:       :PCPN:    SNOW:  WIND      :SUNSHINE: SKY     :PK WND
================================================================================
1   2   3   4   5  6A  6B    7    8   9   10  11  12  13   14  15   16   17  18
                                     12Z  AVG MX 2MIN
DY MAX MIN AVG DEP HDD CDD  WTR  SNW DPTH SPD SPD DIR MIN PSBL S-S WX    SPD DR
================================================================================

 1  90  75  83   4   0  18 0.00    M    M 11.1 23 140   M    M   1 3      28 130
 2  87  74  81   2   0  16    T    M    M  7.0 15  40   M    M   1 1      23  10
 3 100  74  87   8   0  22 0.00    M    M  6.6 15 150   M    M   1 1      19 150
 4  98  78  88   9   0  23 0.00    M    M  5.8 14  40   M    M   2        18 210
 5  79  68  74  -5   0   9 0.73    M    M  6.0 16  50   M    M   8 13     19  50
 6  79  69  74  -5   0   9 0.00    M    M  5.6 14  80   M    M   4        17 100
 7  75  68  72  -7   0   7 0.63    M    M  8.1 26 220   M    M   7 13     42 240
 8  82  69  76  -2   0  11 0.00    M    M  5.3  9 110   M    M   8        13  50
 9  94  72  83   5   0  18 0.00    M    M  4.5 13 180   M    M   2        15 160
10  94  73  84   6   0  19 0.00    M    M  8.3 20 170   M    M   0        23 190
11  98  73  86   8   0  21 0.58    M    M 10.3 21 250   M    M   1 13     28 280
12  86  67  77  -1   0  12 0.24    M    M  4.9 13  30   M    M   2 13     19 350
13  89  62  76  -2   0  11 0.00    M    M  2.5 10  30   M    M   0        14  30
14  87  66  77  -1   0  12 0.00    M    M  2.9 12  90   M    M   0 1      14  90
15  85  65  75  -3   0  10 0.00    M    M  1.4  7 180   M    M   1         9 190
16  92  61  77   0   0  12 0.00    M    M  6.5 18 180   M    M   0 1      24 160
17  95  64  80   3   0  15 0.00    M    M  6.0 16 220   M    M   0        21 230
18  93  68  81   4   0  16 0.00    M    M  6.9 16 200   M    M   1        21 170
19  92  67  80   3   0  15 1.85    M    M  5.7 35 260   M    M   2 13     44 230
20  76  57  67 -10   0   2 0.00    M    M  5.8 14 340   M    M   3        23 330
21  82  52  67  -9   0   2 0.00    M    M  2.9  9 200   M    M   0 1      13 220
22  85  60  73  -3   0   8 0.00    M    M  7.1 20 170   M    M   0        25 170
23  89  71  80   4   0  15 0.00    M    M 13.0 25 190   M    M   4 3      36 210
24  86  68  77   1   0  12    T    M    M  6.1 20 220   M    M   2        26 230
25  79  64  72  -4   0   7 1.39    M    M  8.0 17  30   M    M   6 13     26 280
26  83  65  74  -1   0   9 1.06    M    M  4.6 13 240   M    M   5 13     17 180
================================================================================
SM 2275 1750         0 331  6.48    M    162.9          M       61
================================================================================
AV 87.5 67.3                               6.3 FASTST   M    M   2    MAX(MPH)
                                 MISC ---->  # 35 260               # 44  230
================================================================================
NOTES:
# LAST OF SEVERAL OCCURRENCES

COLUMN 17 PEAK WIND IN M.P.H.

PRELIMINARY LOCAL CLIMATOLOGICAL DATA (WS FORM: F-6) , PAGE 2

                                          STATION:  Manhattan KS
                                          MONTH:    AUGUST
                                          YEAR:     2016
                                          LATITUDE:   39  9 N
                                          LONGITUDE:  96 40 W

[TEMPERATURE DATA]      [PRECIPITATION DATA]       SYMBOLS USED IN COLUMN 16

AVERAGE MONTHLY: 77.4   TOTAL FOR MONTH:   6.48    1 = FOG OR MIST
DPTR FM NORMAL:  -0.2   DPTR FM NORMAL:    3.01    2 = FOG REDUCING VISIBILITY
HIGHEST:   100 ON  3    GRTST 24HR  2.27 ON 25-26      TO 1/4 MILE OR LESS
LOWEST:     52 ON 21                               3 = THUNDER
                        SNOW, ICE PELLETS, HAIL    4 = ICE PELLETS
                        TOTAL MONTH:    M          5 = HAIL
                        GRTST 24HR    M  ON   M    6 = FREEZING RAIN OR DRIZZLE
                        GRTST DEPTH:  M  ON   M    7 = DUSTSTORM OR SANDSTORM:
                                                       VSBY 1/2 MILE OR LESS
                                                   8 = SMOKE OR HAZE
[NO. OF DAYS WITH]      [WEATHER - DAYS WITH]      9 = BLOWING SNOW
                                                   X = TORNADO
MAX 32 OR BELOW:   0    0.01 INCH OR MORE:   7
MAX 90 OR ABOVE:  10    0.10 INCH OR MORE:   7
MIN 32 OR BELOW:   0    0.50 INCH OR MORE:   6
MIN  0 OR BELOW:   0    1.00 INCH OR MORE:   3

[HDD (BASE 65) ]
TOTAL THIS MO.     0    CLEAR  (SCALE 0-3)  19
DPTR FM NORMAL     0    PTCLDY (SCALE 4-7)   7
TOTAL FM JUL 1     0    CLOUDY (SCALE 8-10)  0
DPTR FM NORMAL    -1

[CDD (BASE 65) ]
TOTAL THIS MO.   331
DPTR FM NORMAL     2    [PRESSURE DATA]
TOTAL FM JAN 1  1398    HIGHEST SLP M ON M
DPTR FM NORMAL   263    LOWEST  SLP 29.70 ON 19

[REMARKS]
