000
CXUS52 KMFL 261000
CF6MIA
PRELIMINARY LOCAL CLIMATOLOGICAL DATA (WS FORM: F-6)

                                          STATION:   MIAMI
                                          MONTH:     SEPTEMBER
                                          YEAR:      2017
                                          LATITUDE:   25 49 N
                                          LONGITUDE:  80 17 W

  TEMPERATURE IN F:       :PCPN:    SNOW:  WIND      :SUNSHINE: SKY     :PK WND
================================================================================
1   2   3   4   5  6A  6B    7    8   9   10  11  12  13   14  15   16   17  18
                                     12Z  AVG MX 2MIN
DY MAX MIN AVG DEP HDD CDD  WTR  SNW DPTH SPD SPD DIR MIN PSBL S-S WX    SPD DR
================================================================================

 1  93  79  86   2   0  21 0.45  0.0    0  7.6 23 130 309   41   8 38     30 130
 2  88  74  81  -3   0  16 1.03  0.0    0  4.6 25  90  81   11   8 13     28  90
 3  93  80  87   3   0  22 0.00  0.0    0  4.4 12  90 165   22   7 3      12  90
 4  92  79  86   3   0  21 0.00  0.0    0  9.4 15  80 158   21   8        20  80
 5  93  79  86   3   0  21 0.00  0.0    0  7.6 13  90 344   46   7        13  90
 6  91  82  87   4   0  22    T  0.0    0  5.3 16 190  98   13   6        22 190
 7  94  81  88   5   0  23    T  0.0    0  6.9 16 120 374   50   5 3      20 120
 8  94  84  89   6   0  24    T  0.0    0 12.0 24  60   M    M   7        32  30
 9  88  77  83   0   0  18 1.78  0.0    0 19.4 48  90   M    M  10 13     59  90
10  83  76  80  -3   0  15 5.18  0.0    0 38.4 53 100   M    M  10 1      72 100
11  90  82  86   3   0  21 0.00  0.0    0   M  24 240 226   30   2        33 240
12  92  79  86   3   0  21 0.00  0.0    0  5.4 13 270 414   56   5        29 210
13  91  81  86   3   0  21    T  0.0    0  4.9 14 120 180   24   6 3      23 140
14  92  80  86   3   0  21 0.00  0.0    0  5.4 15  80 224   30   4        18 100
15  92  81  87   4   0  22 0.00  0.0    0  7.2 15  70 315   43   3        21  70
16  92  81  87   4   0  22 0.01  0.0    0  6.9 16  40 240   33   3 1      22  50
17  92  80  86   3   0  21 0.00  0.0    0  6.6 13 280 214   29   4        19 280
18  91  78  85   2   0  20 0.00  0.0    0  5.2 13 250 325   44   4        20 260
19  94  80  87   4   0  22    T  0.0    0  5.6 15 130 217   30   5 3      22 120
20  91  78  85   2   0  20 0.00  0.0    0  5.1 13 110  50    7   6 3      17 140
21  92  74  83   0   0  18 2.29  0.0    0  4.5 17  50  63    9   7 138    22  70
22  88  76  82  -1   0  17 2.17  0.0    0  3.4 16 270  16    2   6 13     20 270
23  91  77  84   1   0  19 0.43  0.0    0  4.9 15  40  96   13   7 13     20  60
24  91  80  86   4   0  21 0.01  0.0    0  3.7 14 100  99   14   6        16 110
25  90  81  86   4   0  21 0.00  0.0    0  3.7 14 130  28    4   7 3      19 160
================================================================================
SM 2278 1979         0 510 13.35     0.0 188.1         4236    151
================================================================================
AV 91.1 79.2                               7.8 FASTST  193  26   6    MAX(MPH)
                                 MISC ---->  # 53 100               # 72  100
================================================================================
NOTES:
# LAST OF SEVERAL OCCURRENCES

COLUMN 17 PEAK WIND IN M.P.H.

PRELIMINARY LOCAL CLIMATOLOGICAL DATA (WS FORM: F-6) , PAGE 2

                                          STATION:  MIAMI
                                          MONTH:    SEPTEMBER
                                          YEAR:     2017
                                          LATITUDE:   25 49 N
                                          LONGITUDE:  80 17 W

[TEMPERATURE DATA]      [PRECIPITATION DATA]       SYMBOLS USED IN COLUMN 16

AVERAGE MONTHLY: 85.1   TOTAL FOR MONTH:  13.35    1 = FOG OR MIST
DPTR FM NORMAL:   2.1   DPTR FM NORMAL:    5.08    2 = FOG REDUCING VISIBILITY
HIGHEST:    94 ON 19, 8 GRTST 24HR  5.18 ON 10-10      TO 1/4 MILE OR LESS
LOWEST:     74 ON 21, 2                            3 = THUNDER
                        SNOW, ICE PELLETS, HAIL    4 = ICE PELLETS
                        TOTAL MONTH:   0.0 INCH    5 = HAIL
                        GRTST 24HR     0.0         6 = FREEZING RAIN OR DRIZZLE
                        GRTST DEPTH:   0           7 = DUSTSTORM OR SANDSTORM:
                                                       VSBY 1/2 MILE OR LESS
                                                   8 = SMOKE OR HAZE
[NO. OF DAYS WITH]      [WEATHER - DAYS WITH]      9 = BLOWING SNOW
                                                   X = TORNADO
MAX 32 OR BELOW:   0    0.01 INCH OR MORE:   9
MAX 90 OR ABOVE:  21    0.10 INCH OR MORE:   7
MIN 32 OR BELOW:   0    0.50 INCH OR MORE:   5
MIN  0 OR BELOW:   0    1.00 INCH OR MORE:   5

[HDD (BASE 65) ]
TOTAL THIS MO.     0    CLEAR  (SCALE 0-3)   2
DPTR FM NORMAL     0    PTCLDY (SCALE 4-7)  21
TOTAL FM JUL 1     0    CLOUDY (SCALE 8-10)  2
DPTR FM NORMAL     0

[CDD (BASE 65) ]
TOTAL THIS MO.   510
DPTR FM NORMAL    59    [PRESSURE DATA]
TOTAL FM JAN 1  4084    HIGHEST SLP M ON M
DPTR FM NORMAL   558    LOWEST  SLP 29.57 ON  9

[REMARKS]
