000
CXUS52 KMFL 301000
CF6MIA
PRELIMINARY LOCAL CLIMATOLOGICAL DATA (WS FORM: F-6)

                                          STATION:   MIAMI
                                          MONTH:     MARCH
                                          YEAR:      2015
                                          LATITUDE:   25 49 N
                                          LONGITUDE:  80 17 W

  TEMPERATURE IN F:       :PCPN:    SNOW:  WIND      :SUNSHINE: SKY     :PK WND
================================================================================
1   2   3   4   5  6A  6B    7    8   9   10  11  12  13   14  15   16   17  18
                                     12Z  AVG MX 2MIN
DY MAX MIN AVG DEP HDD CDD  WTR  SNW DPTH SPD SPD DIR MIN PSBL S-S WX    SPD DR
================================================================================

 1  83  73  78   7   0  13    T  0.0    0 12.9 20 100 573   82   5        26 100
 2  82  71  77   5   0  12 0.00  0.0    0  8.9 15 110 612   88   4        21 100
 3  83  70  77   5   0  12 0.00  0.0    0 11.3 21 100 568   81   5        25  90
 4  82  73  78   6   0  13 0.00  0.0    0 11.2 18 110 600   85   5        26 120
 5  84  73  79   7   0  14 0.00  0.0    0 10.3 20 130 606   86   4        27 160
 6  85  69  77   5   0  12 0.00  0.0    0  5.3 13 130 606    M   3 1      17 120
 7  80  68  74   2   0   9 0.64  0.0    0  8.6 16  20 642    M   9 1      24  40
 8  76  72  74   2   0   9 0.05  0.0    0 11.8 18  90  46    6   9 8      25  50
 9  83  71  77   5   0  12 0.00  0.0    0 11.9 18 100 576    M   5        23 140
10  84  75  80   8   0  15 0.00  0.0    0 14.5 22 110 555   78   6        29 110
11  85  76  81   9   0  16 0.20  0.0    0 12.1 22 110 621   87   6        30 140
12  85  74  80   8   0  15    T  0.0    0 13.8 21 100 527   74   5        27 120
13  84  74  79   7   0  14 0.00  0.0    0 16.0 24 100 602   84   6        31 100
14  84  74  79   7   0  14 0.00  0.0    0 10.4 20 120 621   87   4        25 140
15  84  70  77   5   0  12 0.00  0.0    0  5.7 14 140 599    M   4        21  20
16  84  72  78   5   0  13 0.00  0.0    0  6.8 16 100 627   87   5        25  90
17  86  69  78   5   0  13 0.00  0.0    0  6.2 16 140 553   77   3        27 160
18  87  66  77   4   0  12 0.00  0.0    0  6.7 15 150 525    M   4        24 180
19  85  70  78   5   0  13 0.07  0.0    0  5.7 16 120 414    M   6        24 150
20  86  68  77   4   0  12 0.00  0.0    0  5.3 15 130 553   76   3        20 140
21  86  68  77   4   0  12 0.00  0.0    0  5.2 14 140 656   90   3        21 140
22  88  70  79   6   0  14 0.00  0.0    0  6.8 15 280 670   92   5        22 150
23  89  70  80   7   0  15 0.00  0.0    0  7.5 18 260 548   75   8        27 290
24  84  73  79   6   0  14 0.00  0.0    0  5.5 15 110 461    M   6        20 130
25  89  69  79   6   0  14 0.00  0.0    0  5.3 13 120 462    M   6 128    19 140
26  87  71  79   6   0  14 0.00  0.0    0  8.7 21 170 537   73   5        29 140
27  91  68  80   6   0  15 0.36  0.0    0 10.8 26 300 524   71   7 18     38 280
28  73  63  68  -6   0   3 0.00  0.0    0  8.3 17 340 551   75   8        26 350
29  77  58  68  -6   0   3 0.00  0.0    0  8.2 17  60 668   90   5        24  50
================================================================================
SM 2436 2038         0 359  1.32     0.0 261.7        16103    154
================================================================================
AV 84.0 70.3                               9.0 FASTST  555  78   5    MAX(MPH)
                                 MISC ---->  # 26 300               # 38  280
================================================================================
NOTES:
# LAST OF SEVERAL OCCURRENCES

COLUMN 17 PEAK WIND IN M.P.H.

PRELIMINARY LOCAL CLIMATOLOGICAL DATA (WS FORM: F-6) , PAGE 2

                                          STATION:  MIAMI
                                          MONTH:    MARCH
                                          YEAR:     2015
                                          LATITUDE:   25 49 N
                                          LONGITUDE:  80 17 W

[TEMPERATURE DATA]      [PRECIPITATION DATA]       SYMBOLS USED IN COLUMN 16

AVERAGE MONTHLY: 77.1   TOTAL FOR MONTH:   1.32    1 = FOG OR MIST
DPTR FM NORMAL:   4.6   DPTR FM NORMAL:   -1.45    2 = FOG REDUCING VISIBILITY
HIGHEST:    91 ON 27    GRTST 24HR  0.64 ON  7- 7      TO 1/4 MILE OR LESS
LOWEST:     58 ON 29                               3 = THUNDER
                        SNOW, ICE PELLETS, HAIL    4 = ICE PELLETS
                        TOTAL MONTH:   0.0 INCH    5 = HAIL
                        GRTST 24HR     0.0         6 = FREEZING RAIN OR DRIZZLE
                        GRTST DEPTH:   0           7 = DUSTSTORM OR SANDSTORM:
                                                       VSBY 1/2 MILE OR LESS
                                                   8 = SMOKE OR HAZE
[NO. OF DAYS WITH]      [WEATHER - DAYS WITH]      9 = BLOWING SNOW
                                                   X = TORNADO
MAX 32 OR BELOW:   0    0.01 INCH OR MORE:   5
MAX 90 OR ABOVE:   1    0.10 INCH OR MORE:   3
MIN 32 OR BELOW:   0    0.50 INCH OR MORE:   1
MIN  0 OR BELOW:   0    1.00 INCH OR MORE:   0

[HDD (BASE 65) ]
TOTAL THIS MO.     0    CLEAR  (SCALE 0-3)   4
DPTR FM NORMAL    -8    PTCLDY (SCALE 4-7)  21
TOTAL FM JUL 1    76    CLOUDY (SCALE 8-10)  4
DPTR FM NORMAL   -48

[CDD (BASE 65) ]
TOTAL THIS MO.   359
DPTR FM NORMAL   130    [PRESSURE DATA]
TOTAL FM JAN 1   698    HIGHEST SLP M ON M
DPTR FM NORMAL   147    LOWEST  SLP 29.83 ON 27

[REMARKS]
