737
CXUS53 KIND 220730
CF6MIE
PRELIMINARY LOCAL CLIMATOLOGICAL DATA (WS FORM: F-6)

                                          STATION:   MUNCIE IN
                                          MONTH:     MAY
                                          YEAR:      2015
                                          LATITUDE:   40 13 N
                                          LONGITUDE:  85 23 W

  TEMPERATURE IN F:       :PCPN:    SNOW:  WIND      :SUNSHINE: SKY     :PK WND
================================================================================
1   2   3   4   5  6A  6B    7    8   9   10  11  12  13   14  15   16   17  18
                                     12Z  AVG MX 2MIN
DY MAX MIN AVG DEP HDD CDD  WTR  SNW DPTH SPD SPD DIR MIN PSBL S-S WX    SPD DR
================================================================================

 1  72  38  55  -2  10   0 0.00    M    M  7.1 15 360   M    M   2        20 360
 2  74  47  61   4   4   0 0.00    M    M  3.8 14 210   M    M   1        19 240
 3  78  55  67   9   0   2 0.00    M    M  8.7 18 240   M    M   1        24 180
 4  72  61  67   9   0   2 1.07    M    M  8.7 18 280   M    M   5 13     25 220
 5  82  59  71  13   0   6 0.23    M    M  5.9 14 220   M    M   4 138    26 320
 6  84  53  69  10   0   4 0.00    M    M  4.2 12 300   M    M   2 18     16 310
 7  88  60  74  15   0   9 0.00    M    M  5.8 15 220   M    M   1        20 240
 8  86  64  75  16   0  10 0.00    M    M  8.2 17 190   M    M   1        22 200
 9  81  64  73  13   0   8 0.64    M    M  6.2 26 170   M    M   7 13     43 180
10  82  64  73  13   0   8    T    M    M  8.2 18 210   M    M   6        26 220
11  83  62  73  13   0   8 0.02    M    M 11.2 28 200   M    M   3 3      40 230
12  62  51  57  -3   8   0 0.00    M    M 12.9 25 280   M    M   7        32 300
13  64  43  54  -7  11   0 0.00    M    M  7.9 14  10   M    M   1        21  10
14  68  45  57  -4   8   0    T    M    M  8.7 16 130   M    M   1        21 140
15  81  57  69   8   0   4 0.35    M    M  9.1 29 250   M    M   5 138    38 260
16  72  65  69   7   0   4 0.23    M    M  8.3 15 240   M    M   9 13     21  30
17  81  66  74  12   0   9    T    M    M 10.1 21 190   M    M   6 1      29 200
18  79  62  71   9   0   6 0.16    M    M  8.7 24 320   M    M   3 38     33 280
19  62  45  54  -9  11   0 0.00    M    M 11.2 18 320   M    M   5        24 310
20  53  39  46 -17  19   0 0.03    M    M  8.6 16  80   M    M   4 1      21  60
21  62  47  55  -8  10   0 0.00    M    M  8.3 16 270   M    M   7 18     20 300
================================================================================
SM 1566 1147        81  80  2.73    M    171.8          M       81
================================================================================
AV 74.6 54.6                               8.2 FASTST   M    M   4    MAX(MPH)
                                 MISC ---->  # 29 250               # 43  180
================================================================================
NOTES:
# LAST OF SEVERAL OCCURRENCES

COLUMN 17 PEAK WIND IN M.P.H.

PRELIMINARY LOCAL CLIMATOLOGICAL DATA (WS FORM: F-6) , PAGE 2

                                          STATION:  MUNCIE IN
                                          MONTH:    MAY
                                          YEAR:     2015
                                          LATITUDE:   40 13 N
                                          LONGITUDE:  85 23 W

[TEMPERATURE DATA]      [PRECIPITATION DATA]       SYMBOLS USED IN COLUMN 16

AVERAGE MONTHLY: 64.6   TOTAL FOR MONTH:   2.73    1 = FOG OR MIST
DPTR FM NORMAL:   4.5   DPTR FM NORMAL:   -0.13    2 = FOG REDUCING VISIBILITY
HIGHEST:    88 ON  7    GRTST 24HR  1.30 ON  4- 5      TO 1/4 MILE OR LESS
LOWEST:     38 ON  1                               3 = THUNDER
                        SNOW, ICE PELLETS, HAIL    4 = ICE PELLETS
                        TOTAL MONTH:    M          5 = HAIL
                        GRTST 24HR    M  ON   M    6 = FREEZING RAIN OR DRIZZLE
                        GRTST DEPTH:  M  ON   M    7 = DUSTSTORM OR SANDSTORM:
                                                       VSBY 1/2 MILE OR LESS
                                                   8 = SMOKE OR HAZE
[NO. OF DAYS WITH]      [WEATHER - DAYS WITH]      9 = BLOWING SNOW
                                                   X = TORNADO
MAX 32 OR BELOW:   0    0.01 INCH OR MORE:   8
MAX 90 OR ABOVE:   0    0.10 INCH OR MORE:   6
MIN 32 OR BELOW:   0    0.50 INCH OR MORE:   2
MIN  0 OR BELOW:   0    1.00 INCH OR MORE:   1

[HDD (BASE 65) ]
TOTAL THIS MO.    81    CLEAR  (SCALE 0-3)   8
DPTR FM NORMAL   -54    PTCLDY (SCALE 4-7)  12
TOTAL FM JUL 1  6181    CLOUDY (SCALE 8-10)  1
DPTR FM NORMAL   454

[CDD (BASE 65) ]
TOTAL THIS MO.    80
DPTR FM NORMAL    46    [PRESSURE DATA]
TOTAL FM JAN 1    83    HIGHEST SLP M ON M
DPTR FM NORMAL    34    LOWEST  SLP 29.86 ON 11

[REMARKS]
