000
CXUS53 KDMX 230920
CF6MIW
PRELIMINARY LOCAL CLIMATOLOGICAL DATA (WS FORM: F-6)

                                          STATION:   MARSHALLTOWN IA
                                          MONTH:     JULY
                                          YEAR:      2014
                                          LATITUDE:   42  6 N
                                          LONGITUDE:  92 55 W

  TEMPERATURE IN F:       :PCPN:    SNOW:  WIND      :SUNSHINE: SKY     :PK WND
================================================================================
1   2   3   4   5  6A  6B    7    8   9   10  11  12  13   14  15   16   17  18
                                     12Z  AVG MX 2MIN
DY MAX MIN AVG DEP HDD CDD  WTR  SNW DPTH SPD SPD DIR MIN PSBL S-S WX    SPD DR
================================================================================

 1  76  59  68  -4   0   3    T  0.0    0 13.8 25 290   M    M   4        33 280
 2  66  53  60 -13   5   0 0.01  0.0    0  9.1 20 330   M    M   8        24 320
 3  76  48  62 -11   3   0 0.00  0.0    0  3.6 14 330   M    M   2 1      21  10
 4  78  50  64  -9   1   0 0.00  0.0    0  6.1 15  30   M    M   0        29 340
 5  72  62  67  -6   0   2 0.73  0.0    0 10.6 24 160   M    M   9 3      32 170
 6  86  66  76   3   0  11 0.16  0.0    0  9.3 20 220   M    M   5 3      32 300
 7  85  64  75   2   0  10    T  0.0    0  6.4 13 300   M    M   1        21 280
 8  79  61  70  -3   0   5 0.00  0.0    0 12.5 24 300   M    M   3        30 310
 9  78  54  66  -7   0   1 0.00  0.0    0  6.0 12 340   M    M   1        16 310
10  81  58  70  -3   0   5 0.00  0.0    0  9.2 17 160   M    M   0        23 190
11  79  64  72  -1   0   7    T  0.0    0  8.3 23 160   M    M   4 1      27 160
12  82  63  73   0   0   8 0.70  0.0    0  5.7 21 350   M    M   4 13     24 340
13  84  61  73   0   0   8 0.01  0.0    0  7.4 17 320   M    M   5 12     22 320
14  73  53  63 -10   2   0    T  0.0    0 12.1 26 320   M    M   2 1      35 310
15  71  51  61 -12   4   0 0.00  0.0    0 10.2 18 320   M    M   5        24 350
16  75  48  62 -11   3   0 0.00  0.0    0  3.6 12 250   M    M   4        17 280
17  78  52  65  -8   0   0 0.00  0.0    0  3.5 13 230   M    M   1        16 240
18  79  55  67  -6   0   2 0.00  0.0    0  7.9 16 180   M    M   7        20 180
19  80  63  72  -1   0   7 0.00  0.0    0  8.6 17 150   M    M   6        23 170
20  82  63  73   0   0   8 0.00  0.0    0 11.1 21 170   M    M   2        27 180
21  89  67  78   5   0  13 0.00  0.0    0 12.7 25 160   M    M   5        34 170
22  91  66  79   6   0  14    T  0.0    0  9.7 20 330   M    M   2        24 330
================================================================================
SM 1740 1281        18 104  1.61     0.0 187.4          M       80
================================================================================
AV 79.1 58.2                               8.5 FASTST   M    M   4    MAX(MPH)
                                 MISC ---->  # 26 320               # 35  310
================================================================================
NOTES:
# LAST OF SEVERAL OCCURRENCES

COLUMN 17 PEAK WIND IN M.P.H.

PRELIMINARY LOCAL CLIMATOLOGICAL DATA (WS FORM: F-6) , PAGE 2

                                          STATION:  MARSHALLTOWN IA
                                          MONTH:    JULY
                                          YEAR:     2014
                                          LATITUDE:   42  6 N
                                          LONGITUDE:  92 55 W

[TEMPERATURE DATA]      [PRECIPITATION DATA]       SYMBOLS USED IN COLUMN 16

AVERAGE MONTHLY: 68.7   TOTAL FOR MONTH:   1.61    1 = FOG OR MIST
DPTR FM NORMAL:  -4.3   DPTR FM NORMAL:   -1.63    2 = FOG REDUCING VISIBILITY
HIGHEST:    91 ON 22    GRTST 24HR  1.54 ON 30- 1      TO 1/4 MILE OR LESS
LOWEST:     48 ON 16, 3                            3 = THUNDER
                        SNOW, ICE PELLETS, HAIL    4 = ICE PELLETS
                        TOTAL MONTH:   0.0 INCH    5 = HAIL
                        GRTST 24HR     0.0         6 = FREEZING RAIN OR DRIZZLE
                        GRTST DEPTH:   0           7 = DUSTSTORM OR SANDSTORM:
                                                       VSBY 1/2 MILE OR LESS
                                                   8 = SMOKE OR HAZE
[NO. OF DAYS WITH]      [WEATHER - DAYS WITH]      9 = BLOWING SNOW
                                                   X = TORNADO
MAX 32 OR BELOW:   0    0.01 INCH OR MORE:   5
MAX 90 OR ABOVE:   1    0.10 INCH OR MORE:   3
MIN 32 OR BELOW:   0    0.50 INCH OR MORE:   2
MIN  0 OR BELOW:   0    1.00 INCH OR MORE:   0

[HDD (BASE 65) ]
TOTAL THIS MO.    18    CLEAR  (SCALE 0-3)  10
DPTR FM NORMAL    18    PTCLDY (SCALE 4-7)  11
TOTAL FM JUL 1    18    CLOUDY (SCALE 8-10)  1
DPTR FM NORMAL    18

[CDD (BASE 65) ]
TOTAL THIS MO.   104
DPTR FM NORMAL   -72    [PRESSURE DATA]
TOTAL FM JAN 1   359    HIGHEST SLP M ON M
DPTR FM NORMAL   -30    LOWEST  SLP 29.67 ON  7

[REMARKS]
