000
CXUS53 KMKX 280900
CF6MKE
PRELIMINARY LOCAL CLIMATOLOGICAL DATA (WS FORM: F-6)

                                          STATION:   MILWAUKEE WI
                                          MONTH:     AUGUST
                                          YEAR:      2015
                                          LATITUDE:   42 57 N
                                          LONGITUDE:  87 54 W

  TEMPERATURE IN F:       :PCPN:    SNOW:  WIND      :SUNSHINE: SKY     :PK WND
================================================================================
1   2   3   4   5  6A  6B    7    8   9   10  11  12  13   14  15   16   17  18
                                     12Z  AVG MX 2MIN
DY MAX MIN AVG DEP HDD CDD  WTR  SNW DPTH SPD SPD DIR MIN PSBL S-S WX    SPD DR
================================================================================

 1  85  66  76   4   0  11    T  0.0    0  8.6 18 300   M    M   3        24 300
 2  93  65  79   7   0  14 0.46  0.0    0 15.9 35 220   M    M   6 1358   44 210
 3  81  65  73   1   0   8 0.00  0.0    0 10.2 23 310   M    M   2 8      30 260
 4  80  61  71  -1   0   6 0.00  0.0    0  8.4 21 310   M    M   4        28 300
 5  73  62  68  -4   0   3 0.00  0.0    0  6.9 16  60   M    M   6        20  60
 6  76  61  69  -3   0   4 0.00  0.0    0  5.2 13  80   M    M   6        16  70
 7  79  66  73   1   0   8 0.06  0.0    0  8.9 18 140   M    M   8 1      22 140
 8  74  65  70  -2   0   5 0.00  0.0    0  6.5 15  20   M    M   8 1      18  10
 9  76  64  70  -2   0   5 0.00  0.0    0  4.9 13 110   M    M   9 18     15 100
10  80  64  72   1   0   7 0.96  0.0    0  3.5 17  20   M    M   7 138    21  20
11  76  63  70  -1   0   5 0.00  0.0    0  6.9 17  60   M    M   2        21  60
12  75  60  68  -3   0   3 0.00  0.0    0  6.4 12 150   M    M   2        16 130
13  85  67  76   5   0  11 0.00  0.0    0 11.1 22 240   M    M   6        29 250
14  93  67  80   9   0  15 0.18  0.0    0  8.2 35 350   M    M   6 38     46  30
15  87  66  77   6   0  12 0.00  0.0    0  6.2 17 110   M    M   3        22 110
16  89  73  81  10   0  16 0.00  0.0    0  9.8 20 230   M    M   3        28 200
17  90  69  80   9   0  15 0.26  0.0    0  7.5 20 250   M    M   5 38     27 230
18  79  68  74   3   0   9 0.62  0.0    0 10.2 24 160   M    M   9 13     34 160
19  74  62  68  -3   0   3    T  0.0    0 14.1 26 250   M    M   7        35 210
20  70  56  63  -8   2   0    T  0.0    0 10.4 23 270   M    M   7 8      31 280
21  83  55  69  -1   0   4 0.00  0.0    0  8.3 20 140   M    M   3        24 140
22  79  63  71   1   0   6 0.00  0.0    0 10.9 21 140   M    M   2        27 140
23  75  60  68  -2   0   3 0.02  0.0    0 10.9 23 300   M    M   6 1      33 290
24  69  55  62  -8   3   0 0.00  0.0    0 13.6 24 290   M    M   5        33 270
25  64  57  61  -9   4   0 0.00  0.0    0  9.4 16 310   M    M   9        22 310
26  65  55  60 -10   5   0 0.00  0.0    0  4.9  9  60   M    M   8        13 300
27  73  53  63  -7   2   0 0.00  0.0    0  6.7 18 140   M    M   4 8      22 140
================================================================================
SM 2123 1688        16 173  2.56     0.0 234.5          M      146
================================================================================
AV 78.6 62.5                               8.7 FASTST   M    M   5    MAX(MPH)
                                 MISC ---->  # 35 220               # 46   30
================================================================================
NOTES:
# LAST OF SEVERAL OCCURRENCES

COLUMN 17 PEAK WIND IN M.P.H.

PRELIMINARY LOCAL CLIMATOLOGICAL DATA (WS FORM: F-6) , PAGE 2

                                          STATION:  MILWAUKEE WI
                                          MONTH:    AUGUST
                                          YEAR:     2015
                                          LATITUDE:   42 57 N
                                          LONGITUDE:  87 54 W

[TEMPERATURE DATA]      [PRECIPITATION DATA]       SYMBOLS USED IN COLUMN 16

AVERAGE MONTHLY: 70.6   TOTAL FOR MONTH:   2.56    1 = FOG OR MIST
DPTR FM NORMAL:  -0.5   DPTR FM NORMAL:   -0.93    2 = FOG REDUCING VISIBILITY
HIGHEST:    93 ON 14, 2 GRTST 24HR  0.96 ON 10-10      TO 1/4 MILE OR LESS
LOWEST:     53 ON 27                               3 = THUNDER
                        SNOW, ICE PELLETS, HAIL    4 = ICE PELLETS
                        TOTAL MONTH:   0.0 INCH    5 = HAIL
                        GRTST 24HR     0.0         6 = FREEZING RAIN OR DRIZZLE
                        GRTST DEPTH:   0           7 = DUSTSTORM OR SANDSTORM:
                                                       VSBY 1/2 MILE OR LESS
                                                   8 = SMOKE OR HAZE
[NO. OF DAYS WITH]      [WEATHER - DAYS WITH]      9 = BLOWING SNOW
                                                   X = TORNADO
MAX 32 OR BELOW:   0    0.01 INCH OR MORE:   7
MAX 90 OR ABOVE:   3    0.10 INCH OR MORE:   5
MIN 32 OR BELOW:   0    0.50 INCH OR MORE:   2
MIN  0 OR BELOW:   0    1.00 INCH OR MORE:   0

[HDD (BASE 65) ]
TOTAL THIS MO.    16    CLEAR  (SCALE 0-3)   8
DPTR FM NORMAL    10    PTCLDY (SCALE 4-7)  16
TOTAL FM JUL 1    44    CLOUDY (SCALE 8-10)  3
DPTR FM NORMAL    27

[CDD (BASE 65) ]
TOTAL THIS MO.   173
DPTR FM NORMAL    -1    [PRESSURE DATA]
TOTAL FM JAN 1   480    HIGHEST SLP M ON M
DPTR FM NORMAL   -66    LOWEST  SLP 29.52 ON 19

[REMARKS]
