000
CXUS53 KGRR 301017
CF6MKG
PRELIMINARY LOCAL CLIMATOLOGICAL DATA (WS FORM: F-6)

                                          STATION:   MUSKEGON MI
                                          MONTH:     MAY
                                          YEAR:      2015
                                          LATITUDE:   43 10 N
                                          LONGITUDE:  86 14 W

  TEMPERATURE IN F:       :PCPN:    SNOW:  WIND      :SUNSHINE: SKY     :PK WND
================================================================================
1   2   3   4   5  6A  6B    7    8   9   10  11  12  13   14  15   16   17  18
                                     12Z  AVG MX 2MIN
DY MAX MIN AVG DEP HDD CDD  WTR  SNW DPTH SPD SPD DIR MIN PSBL S-S WX    SPD DR
================================================================================

 1  66  35  51  -1  14   0 0.00  0.0    0  5.8 16 280   M    M   3        20 290
 2  70  40  55   2  10   0 0.00  0.0    0  6.5 15 210   M    M   3        19 220
 3  77  51  64  11   1   0 0.00  0.0    0 11.5 24 200   M    M   5        31 200
 4  66  51  59   6   6   0 0.14  0.0    0  9.5 25 190   M    M   9 138    34 200
 5  63  50  57   3   8   0 0.17  0.0    0  9.8 18  90   M    M   7        23 100
 6  78  53  66  12   0   1    T  0.0    0  7.6 13 230   M    M   8 18     16 110
 7  82  63  73  19   0   8 0.00  0.0    0 11.1 20 210   M    M   5 18     27 190
 8  77  58  68  14   0   3 0.04  0.0    0  9.1 22 200   M    M   8 1      29 190
 9  69  56  63   8   2   0 0.45  0.0    0  4.7 12 280   M    M  10 1      13  40
10  63  53  58   3   7   0 0.57  0.0    0 10.0 16  70   M    M  10 1      21  70
11  66  47  57   2   8   0 0.56  0.0    0 13.2 24 210   M    M   9 1      32 200
12  50  45  48  -8  17   0 0.00  0.0    0 13.5 22 240   M    M  10        30 240
13  56  39  48  -8  17   0 0.00  0.0    0  7.4 16 340   M    M   5        23 260
14  67  40  54  -2  11   0 0.04  0.0    0  9.2 21 130   M    M   7        24 130
15  68  51  60   3   5   0 0.28  0.0    0  8.3 22 200   M    M   9 18     28 210
16  76  55  66   9   0   1 0.03  0.0    0  4.2 15 200   M    M   7 128    17 220
17  82  66  74  17   0   9    T  0.0    0 12.1 24 190   M    M   8 18     30 180
18  75  48  62   4   3   0 0.00  0.0    0 13.9 25 200   M    M   4        39 200
19  52  39  46 -12  19   0    T  0.0    0 13.8 23 320   M    M   8 1      33 330
20  54  35  45 -13  20   0 0.00  0.0    0  5.4 14 290   M    M   5        18 340
21  60  39  50  -8  15   0    T  0.0    0  8.7 20 200   M    M   7        26 200
22  63  42  53  -6  12   0 0.00  0.0    0  5.7 16 280   M    M   3 8      22 280
23  75  37  56  -3   9   0 0.00  0.0    0  5.1 16 200   M    M   2        21 230
24  71  50  61   2   4   0 0.13  0.0    0  6.6 15  80   M    M   8 1      18 210
25  75  62  69   9   0   4    T  0.0    0 15.9 28 200   M    M   6        38 180
26  81  61  71  11   0   6 0.68  0.0    0 14.6 28 220   M    M   6 138    37 230
27  68  51  60   0   5   0 0.02  0.0    0 10.6 24 220   M    M   7 1      35 210
28  78  52  65   4   0   0 0.00  0.0    0  5.8 17 210   M    M   4 1      22 210
29  81  63  72  11   0   7    T  0.0    0 10.1 22 200   M    M   6 3      31 200
================================================================================
SM 2009 1432       193  39  3.11     0.0 269.7          M      189
================================================================================
AV 69.3 49.4                               9.3 FASTST   M    M   7    MAX(MPH)
                                 MISC ---->  # 28 200               # 39  200
================================================================================
NOTES:
# LAST OF SEVERAL OCCURRENCES

COLUMN 17 PEAK WIND IN M.P.H.

PRELIMINARY LOCAL CLIMATOLOGICAL DATA (WS FORM: F-6) , PAGE 2

                                          STATION:  MUSKEGON MI
                                          MONTH:    MAY
                                          YEAR:     2015
                                          LATITUDE:   43 10 N
                                          LONGITUDE:  86 14 W

[TEMPERATURE DATA]      [PRECIPITATION DATA]       SYMBOLS USED IN COLUMN 16

AVERAGE MONTHLY: 59.3   TOTAL FOR MONTH:   3.11    1 = FOG OR MIST
DPTR FM NORMAL:   2.7   DPTR FM NORMAL:    0.06    2 = FOG REDUCING VISIBILITY
HIGHEST:    82 ON 17, 7 GRTST 24HR  0.77 ON 10-11      TO 1/4 MILE OR LESS
LOWEST:     35 ON 20, 1                            3 = THUNDER
                        SNOW, ICE PELLETS, HAIL    4 = ICE PELLETS
                        TOTAL MONTH:   0.0 INCH    5 = HAIL
                        GRTST 24HR     0.0         6 = FREEZING RAIN OR DRIZZLE
                        GRTST DEPTH:   0           7 = DUSTSTORM OR SANDSTORM:
                                                       VSBY 1/2 MILE OR LESS
                                                   8 = SMOKE OR HAZE
[NO. OF DAYS WITH]      [WEATHER - DAYS WITH]      9 = BLOWING SNOW
                                                   X = TORNADO
MAX 32 OR BELOW:   0    0.01 INCH OR MORE:  12
MAX 90 OR ABOVE:   0    0.10 INCH OR MORE:   8
MIN 32 OR BELOW:   0    0.50 INCH OR MORE:   3
MIN  0 OR BELOW:   0    1.00 INCH OR MORE:   0

[HDD (BASE 65) ]
TOTAL THIS MO.   193    CLEAR  (SCALE 0-3)   4
DPTR FM NORMAL   -74    PTCLDY (SCALE 4-7)  19
TOTAL FM JUL 1  6860    CLOUDY (SCALE 8-10)  6
DPTR FM NORMAL   375

[CDD (BASE 65) ]
TOTAL THIS MO.    39
DPTR FM NORMAL    18    [PRESSURE DATA]
TOTAL FM JAN 1    39    HIGHEST SLP M ON M
DPTR FM NORMAL    14    LOWEST  SLP 29.76 ON 11

[REMARKS]
