000
CXHW52 PHFO 251250
CF6MKK
PRELIMINARY LOCAL CLIMATOLOGICAL DATA (WS FORM: F-6)

                                          STATION:   MOLOKAI HI
                                          MONTH:     MARCH
                                          YEAR:      2017
                                          LATITUDE:   21  8 N
                                          LONGITUDE: 157  6 W

  TEMPERATURE IN F:       :PCPN:    SNOW:  WIND      :SUNSHINE: SKY     :PK WND
================================================================================
1   2   3   4   5  6A  6B    7    8   9   10  11  12  13   14  15   16   17  18
                                     12Z  AVG MX 2MIN
DY MAX MIN AVG DEP HDD CDD  WTR  SNW DPTH SPD SPD DIR MIN PSBL S-S WX    SPD DR
================================================================================

 1  75  67  71   1   0   6 0.72  0.0    0 15.6 25 150   M    M   8 1      32 150
 2  79  70  75   5   0  10 0.00  0.0    0 11.5 18 170   M    M   7        26 170
 3  84  62  73   3   0   8 0.00  0.0    0  7.9 18 170   M    M   6        23 160
 4  82  71  77   7   0  12 0.04  0.0    0 12.6 23 180   M    M   6 1      28 180
 5  77  69  73   3   0   8 0.63  0.0    0  6.1 13 320   M    M   8 1      16 270
 6  80  66  73   3   0   8    T  0.0    0  5.5 10 360   M    M   4        16 140
 7  79  68  74   3   0   9    T  0.0    0  8.6 15 330   M    M   6        20 330
 8  79  67  73   2   0   8 0.00  0.0    0 10.6 18  10   M    M   3        25  10
 9  80  69  75   4   0  10    T  0.0    0  8.3 15  30   M    M   3        23  10
10  81  63  72   1   0   7 0.00  0.0    0  4.6 14  30   M    M   3 1      17  10
11  82  62  72   1   0   7 0.00  0.0    0  4.8 15 150   M    M   2        21 190
12  83  63  73   2   0   8 0.00  0.0    0  4.3 12 340   M    M   2        15 180
13  82  61  72   1   0   7 0.00  0.0    0  4.4 13 360   M    M   1 1      17 350
14  83  67  75   4   0  10    T  0.0    0  6.1 14 170   M    M   2        19 180
15  84  63  74   3   0   9 0.00  0.0    0  6.4 13  50   M    M   2        18 150
16  83  64  74   3   0   9 0.00  0.0    0  7.0 16 350   M    M   0        21 350
17  79  69  74   3   0   9    T  0.0    0  9.8 17 330   M    M   6        23 330
18  80  64  72   1   0   7 0.00  0.0    0  9.7 18  10   M    M   1        25 360
19  83  70  77   6   0  12 0.00  0.0    0 10.6 18  40   M    M   1        28  10
20  83  71  77   6   0  12    T  0.0    0 12.9 22  30   M    M   3        30  40
21  86  73  80   9   0  15    T  0.0    0 13.0 22  40   M    M   1        32  40
22  86  70  78   7   0  13 0.00  0.0    0  8.1 17  60   M    M   1        26  90
23  84  66  75   3   0  10 0.01  0.0    0  6.7 20 120   M    M   5 1      25  90
24  85  67  76   4   0  11 0.05  0.0    0  6.9 18  50   M    M   3 1      26  50
================================================================================
SM 1959 1602         0 225  1.45     0.0 202.0          M       84
================================================================================
AV 81.6 66.8                               8.4 FASTST   M    M   4    MAX(MPH)
                                 MISC ---->  # 25 150               # 32  150
================================================================================
NOTES:
# LAST OF SEVERAL OCCURRENCES

COLUMN 17 PEAK WIND IN M.P.H.

PRELIMINARY LOCAL CLIMATOLOGICAL DATA (WS FORM: F-6) , PAGE 2

                                          STATION:  MOLOKAI HI
                                          MONTH:    MARCH
                                          YEAR:     2017
                                          LATITUDE:   21  8 N
                                          LONGITUDE: 157  6 W

[TEMPERATURE DATA]      [PRECIPITATION DATA]       SYMBOLS USED IN COLUMN 16

AVERAGE MONTHLY: 74.2   TOTAL FOR MONTH:   1.45    1 = FOG OR MIST
DPTR FM NORMAL:   3.4   DPTR FM NORMAL:   -0.65    2 = FOG REDUCING VISIBILITY
HIGHEST:    86 ON 22,21 GRTST 24HR  0.72 ON  1- 1      TO 1/4 MILE OR LESS
LOWEST:     61 ON 13                               3 = THUNDER
                        SNOW, ICE PELLETS, HAIL    4 = ICE PELLETS
                        TOTAL MONTH:   0.0 INCH    5 = HAIL
                        GRTST 24HR     0.0         6 = FREEZING RAIN OR DRIZZLE
                        GRTST DEPTH:   0           7 = DUSTSTORM OR SANDSTORM:
                                                       VSBY 1/2 MILE OR LESS
                                                   8 = SMOKE OR HAZE
[NO. OF DAYS WITH]      [WEATHER - DAYS WITH]      9 = BLOWING SNOW
                                                   X = TORNADO
MAX 32 OR BELOW:   0    0.01 INCH OR MORE:   5
MAX 90 OR ABOVE:   0    0.10 INCH OR MORE:   2
MIN 32 OR BELOW:   0    0.50 INCH OR MORE:   2
MIN  0 OR BELOW:   0    1.00 INCH OR MORE:   0

[HDD (BASE 65) ]
TOTAL THIS MO.     0    CLEAR  (SCALE 0-3)  13
DPTR FM NORMAL     0    PTCLDY (SCALE 4-7)   9
TOTAL FM JUL 1     0    CLOUDY (SCALE 8-10)  2
DPTR FM NORMAL    -2

[CDD (BASE 65) ]
TOTAL THIS MO.   225
DPTR FM NORMAL    83    [PRESSURE DATA]
TOTAL FM JAN 1   481    HIGHEST SLP M ON M
DPTR FM NORMAL    18    LOWEST  SLP 29.82 ON  1

[REMARKS]
