000
CXHW52 PHFO 221250
CF6MKK
PRELIMINARY LOCAL CLIMATOLOGICAL DATA (WS FORM: F-6)

                                          STATION:   MOLOKAI HI
                                          MONTH:     AUGUST
                                          YEAR:      2017
                                          LATITUDE:   21  8 N
                                          LONGITUDE: 157  6 W

  TEMPERATURE IN F:       :PCPN:    SNOW:  WIND      :SUNSHINE: SKY     :PK WND
================================================================================
1   2   3   4   5  6A  6B    7    8   9   10  11  12  13   14  15   16   17  18
                                     12Z  AVG MX 2MIN
DY MAX MIN AVG DEP HDD CDD  WTR  SNW DPTH SPD SPD DIR MIN PSBL S-S WX    SPD DR
================================================================================

 1  87  70  79   1   0  14    T  0.0    M  7.4 18  50   M    M   M 18     23  60
 2   M   M   M   M   M   M    M    M    M   M   M   M   M    M   M         M  M
 3  88  71  80   2   0  15    T  0.0    M  7.0 15  50   M    M   M        24  50
 4  88  76  82   4   0  17 0.00  0.0    M 13.2 26  50   M    M   M        36  30
 5  88  77  83   5   0  18 0.00  0.0    M 15.3 25  50   M    M   M        36  50
 6  86  75  81   3   0  16 0.00  0.0    M 13.8 24  40   M    M   M        32  60
 7  89  75  82   4   0  17 0.00  0.0    M 12.2 20  40   M    M   M        27  40
 8  88  73  81   3   0  16 0.00  0.0    M 10.6 22  50   M    M   M        29  40
 9  87  75  81   3   0  16 0.00  0.0    M 11.7 22  50   M    M   M        29  40
10  88  75  82   4   0  17    T  0.0    M 14.2 25  50   M    M   M        35  50
11  87  74  81   3   0  16    T  0.0    M 16.2 26  60   M    M   M 1      37  30
12  88  76  82   4   0  17    T  0.0    M 15.5 25  50   M    M   M        32  50
13  88  72  80   2   0  15 0.00  0.0    M 13.2 23  50   M    M   M        30  50
14  89  73  81   3   0  16    T  0.0    M 13.3 24  50   M    M   M        33  70
15  87  75  81   3   0  16    T  0.0    M 13.6 24  50   M    M   M        32  40
16   M   M   M   M   M   M    M    M    M   M   M   M   M    M   M         M  M
17   M   M   M   M   M   M    M    M    M   M   M   M   M    M   M         M  M
18   M   M   M   M   M   M    M    M    M   M   M   M   M    M   M         M  M
19  87  74  81   3   0  16 0.00  0.0    M 11.5 22  40   M    M   M        32  60
20  88  74  81   3   0  16    T  0.0    M 12.4 23  50   M    M   M 18     33  50
21  89  75  82   3   0  17 0.00  0.0    M  9.5 23  50   M    M   M        31  50
================================================================================
SM 1492 1260         0 275    T      0.0 210.6          M        M
================================================================================
AV 87.8 74.1                              12.4 FASTST   M    M -nan   MAX(MPH)
                                 MISC ---->  # 26  50               # 37   30
================================================================================
NOTES:
# LAST OF SEVERAL OCCURRENCES

COLUMN 17 PEAK WIND IN M.P.H.

PRELIMINARY LOCAL CLIMATOLOGICAL DATA (WS FORM: F-6) , PAGE 2

                                          STATION:  MOLOKAI HI
                                          MONTH:    AUGUST
                                          YEAR:     2017
                                          LATITUDE:   21  8 N
                                          LONGITUDE: 157  6 W

[TEMPERATURE DATA]      [PRECIPITATION DATA]       SYMBOLS USED IN COLUMN 16

AVERAGE MONTHLY: 80.9   TOTAL FOR MONTH:      T    1 = FOG OR MIST
DPTR FM NORMAL:   2.9   DPTR FM NORMAL:   -0.44    2 = FOG REDUCING VISIBILITY
HIGHEST:    89 ON 21,14 GRTST 24HR  0.07 ON 31- 1      TO 1/4 MILE OR LESS
LOWEST:     70 ON  1                               3 = THUNDER
                        SNOW, ICE PELLETS, HAIL    4 = ICE PELLETS
                        TOTAL MONTH:   0.0 INCH    5 = HAIL
                        GRTST 24HR     0.0         6 = FREEZING RAIN OR DRIZZLE
                        GRTST DEPTH:  M  ON   M    7 = DUSTSTORM OR SANDSTORM:
                                                       VSBY 1/2 MILE OR LESS
                                                   8 = SMOKE OR HAZE
[NO. OF DAYS WITH]      [WEATHER - DAYS WITH]      9 = BLOWING SNOW
                                                   X = TORNADO
MAX 32 OR BELOW:   0    0.01 INCH OR MORE:   0
MAX 90 OR ABOVE:   0    0.10 INCH OR MORE:   0
MIN 32 OR BELOW:   0    0.50 INCH OR MORE:   0
MIN  0 OR BELOW:   0    1.00 INCH OR MORE:   0

[HDD (BASE 65) ]
TOTAL THIS MO.     0    CLEAR  (SCALE 0-3)   0
DPTR FM NORMAL     0    PTCLDY (SCALE 4-7)   0
TOTAL FM JUL 1     0    CLOUDY (SCALE 8-10)  0
DPTR FM NORMAL     0

[CDD (BASE 65) ]
TOTAL THIS MO.   275
DPTR FM NORMAL    -4    [PRESSURE DATA]
TOTAL FM JAN 1  2376    HIGHEST SLP M ON M
DPTR FM NORMAL   337    LOWEST  SLP 29.92 ON 19

[REMARKS]
