000
CXUS54 KMEG 260638
CF6MKL
PRELIMINARY LOCAL CLIMATOLOGICAL DATA (WS FORM: F-6)

                                          STATION:   JACKSON
                                          MONTH:     MAY
                                          YEAR:      2015
                                          LATITUDE:   35 35 N
                                          LONGITUDE:  88 55 W

  TEMPERATURE IN F:       :PCPN:    SNOW:  WIND      :SUNSHINE: SKY     :PK WND
================================================================================
1   2   3   4   5  6A  6B    7    8   9   10  11  12  13   14  15   16   17  18
                                     12Z  AVG MX 2MIN
DY MAX MIN AVG DEP HDD CDD  WTR  SNW DPTH SPD SPD DIR MIN PSBL S-S WX    SPD DR
================================================================================

 1  72  40  56  -8   9   0 0.00  0.0    0  3.7 12  20   M    M   0        17  50
 2  77  41  59  -6   6   0 0.00  0.0    0  1.0  9 240   M    M   0        14 230
 3  81  46  64  -1   1   0 0.00  0.0    0  4.9 15 230   M    M   0 1      21 220
 4  84  58  71   6   0   6 0.00  0.0    0  6.9 15 210   M    M   2        19 210
 5  85  53  69   3   0   4 0.00  0.0    0  3.7 12 180   M    M   1        17 170
 6  84  53  69   3   0   4 0.00  0.0    0  4.0 15 160   M    M   0 1      20 170
 7  86  55  71   5   0   6 0.00  0.0    0  4.5 14 210   M    M   1        18 170
 8  87  62  75   9   0  10    T  0.0    0  4.6 25 280   M    M   4 3      31 280
 9  86  63  75   8   0  10 0.06  0.0    0  5.0 15 210   M    M   4 1      22 240
10  90  63  77  10   0  12 0.00  0.0    0  4.7 21 210   M    M   1        29 210
11  80  62  71   4   0   6 0.00  0.0    0  8.5 18 230   M    M   1        22 240
12  74  52  63  -5   2   0 0.00  0.0    0  6.6 13 340   M    M   1        17 320
13  80  44  62  -6   3   0 0.00  0.0    0  5.1 15  80   M    M   0        21  90
14  75  57  66  -2   0   1    T  0.0    0  2.3 10 110   M    M   5 1      17 140
15  87  59  73   5   0   8 0.07  0.0    0  6.7 22 190   M    M   2 3      32 150
16  78  68  73   4   0   8 1.63  0.0    0  5.7 18 180   M    M   9 13     25 180
17  80  69  75   6   0  10 0.46  0.0    0  8.1 20 190   M    M   5 13     27 180
18  78  64  71   2   0   6 0.45  0.0    0  5.3 17 260   M    M   6 1238   23 250
19  82  63  73   4   0   8 0.00  0.0    0  5.8 13 360   M    M   5 1      16  20
20  77  58  68  -2   0   3 0.19  0.0    0  8.1 22 290   M    M   5 1      33 260
21  60  45  53 -17  12   0 0.00  0.0    0  8.4 17  10   M    M   8 1      21  10
22  75  42  59 -11   6   0 0.00  0.0    0  1.7 10  80   M    M   0 1      14 130
23  82  50  66  -4   0   1 0.00  0.0    0  3.1 10 100   M    M   2 1      16 130
24  86  67  77   6   0  12 0.24  0.0    0  8.4 18 190   M    M   3 13     27 180
25  77  68  73   2   0   8 0.15  0.0    0  6.6 16 190   M    M   8 3      24 180
================================================================================
SM 2003 1402        39 123  3.25     0.0 133.4          M       73
================================================================================
AV 80.1 56.1                               5.3 FASTST   M    M   3    MAX(MPH)
                                 MISC ---->  # 25 280               # 33  260
================================================================================
NOTES:
# LAST OF SEVERAL OCCURRENCES

COLUMN 17 PEAK WIND IN M.P.H.

PRELIMINARY LOCAL CLIMATOLOGICAL DATA (WS FORM: F-6) , PAGE 2

                                          STATION:  JACKSON
                                          MONTH:    MAY
                                          YEAR:     2015
                                          LATITUDE:   35 35 N
                                          LONGITUDE:  88 55 W

[TEMPERATURE DATA]      [PRECIPITATION DATA]       SYMBOLS USED IN COLUMN 16

AVERAGE MONTHLY: 68.1   TOTAL FOR MONTH:   3.25    1 = FOG OR MIST
DPTR FM NORMAL:   0.3   DPTR FM NORMAL:   -1.34    2 = FOG REDUCING VISIBILITY
HIGHEST:    90 ON 10    GRTST 24HR  1.69 ON 15-16      TO 1/4 MILE OR LESS
LOWEST:     40 ON  1                               3 = THUNDER
                        SNOW, ICE PELLETS, HAIL    4 = ICE PELLETS
                        TOTAL MONTH:   0.0 INCH    5 = HAIL
                        GRTST 24HR     0.0         6 = FREEZING RAIN OR DRIZZLE
                        GRTST DEPTH:   0           7 = DUSTSTORM OR SANDSTORM:
                                                       VSBY 1/2 MILE OR LESS
                                                   8 = SMOKE OR HAZE
[NO. OF DAYS WITH]      [WEATHER - DAYS WITH]      9 = BLOWING SNOW
                                                   X = TORNADO
MAX 32 OR BELOW:   0    0.01 INCH OR MORE:   8
MAX 90 OR ABOVE:   1    0.10 INCH OR MORE:   6
MIN 32 OR BELOW:   0    0.50 INCH OR MORE:   1
MIN  0 OR BELOW:   0    1.00 INCH OR MORE:   1

[HDD (BASE 65) ]
TOTAL THIS MO.    39    CLEAR  (SCALE 0-3)  15
DPTR FM NORMAL    -5    PTCLDY (SCALE 4-7)   9
TOTAL FM JUL 1  3837    CLOUDY (SCALE 8-10)  1
DPTR FM NORMAL   267

[CDD (BASE 65) ]
TOTAL THIS MO.   123
DPTR FM NORMAL    10    [PRESSURE DATA]
TOTAL FM JAN 1   184    HIGHEST SLP M ON M
DPTR FM NORMAL    12    LOWEST  SLP 29.90 ON 11

[REMARKS]
