000
CXUS54 KTSA 280840
CF6MLC
PRELIMINARY LOCAL CLIMATOLOGICAL DATA (WS FORM: F-6)

                                          STATION:   MCALESTER OKLAHOMA
                                          MONTH:     JULY
                                          YEAR:      2015
                                          LATITUDE:   34 52 N
                                          LONGITUDE:  95 47 W

  TEMPERATURE IN F:       :PCPN:    SNOW:  WIND      :SUNSHINE: SKY     :PK WND
================================================================================
1   2   3   4   5  6A  6B    7    8   9   10  11  12  13   14  15   16   17  18
                                     12Z  AVG MX 2MIN
DY MAX MIN AVG DEP HDD CDD  WTR  SNW DPTH SPD SPD DIR MIN PSBL S-S WX    SPD DR
================================================================================

 1  92  75  84   3   0  19 0.00  0.0    0 11.0 21 220   M    M   1        26 210
 2  89  74  82   1   0  17 0.47  0.0    0 11.1 22 360   M    M   1 13     29 240
 3  89  70  80  -1   0  15 0.98  0.0    0  8.7 37 350   M    M   5 13     55 340
 4  92  69  81   0   0  16 0.01  0.0    0  3.1 23 260   M    M   4 13     26 260
 5  91  70  81   0   0  16 0.00  0.0    0  6.8 16 210   M    M   2 1      20 190
 6  87  77  82   1   0  17 0.00  0.0    0  8.0 17 180   M    M   4        25 210
 7  87  73  80  -1   0  15 0.85  0.0    0  7.6 20 230   M    M   6 13     27 240
 8  78  73  76  -6   0  11 1.43  0.0    0  7.9 26 240   M    M   8 13     37 230
 9  89  74  82   0   0  17 0.12  0.0    0  7.3 21 210   M    M   6 13     28 200
10  90  74  82   0   0  17 0.00  0.0    0  7.1 15 210   M    M   1        22 200
11  91  74  83   1   0  18 0.00  0.0    0  7.8 16 220   M    M   0        22 210
12  93  76  85   3   0  20 0.00  0.0    0  7.3 17 210   M    M   1        22 200
13  95  77  86   4   0  21 0.00  0.0    0  8.5 16 220   M    M   1        21 210
14  95  77  86   4   0  21 0.00  0.0    0  6.4 16 210   M    M   0        19 220
15  94  76  85   3   0  20 0.00  0.0    0  5.8 15 210   M    M   0        20 220
16  93  74  84   2   0  19 0.00  0.0    0  6.9 18 220   M    M   1        22 220
17  93  77  85   3   0  20 0.00  0.0    0  8.0 18 210   M    M   1        23 200
18  95  78  87   5   0  22 0.00  0.0    0  7.4 17 210   M    M   1        23 210
19  95  76  86   4   0  21 0.00  0.0    0  6.1 16 210   M    M   0        20 220
20  97  73  85   3   0  20 0.00  0.0    0  5.5 15 230   M    M   0        18 210
21  92  78  85   3   0  20    T  0.0    0  4.8 21 360   M    M   2        27 350
22  91  74  83   0   0  18 0.35  0.0    0  5.7 14 200   M    M   5 13     19 210
23  96  79  88   5   0  23 0.00  0.0    0  6.0 16 220   M    M   0        23 220
24  97  76  87   4   0  22 0.00  0.0    0  5.7 15 220   M    M   0        20 230
25  98  73  86   3   0  21 0.00  0.0    0  4.1 10 220   M    M   0        17 220
26  98  73  86   3   0  21 0.00  0.0    0  3.5 12 220   M    M   0        16 210
27  98  75  87   4   0  22 0.00  0.0    0  4.7 13 210   M    M   1        17 220
================================================================================
SM 2495 2015         0 509  4.21     0.0 182.8          M       51
================================================================================
AV 92.4 74.6                               6.8 FASTST   M    M   2    MAX(MPH)
                                 MISC ---->  # 37 350               # 55  340
================================================================================
NOTES:
# LAST OF SEVERAL OCCURRENCES

COLUMN 17 PEAK WIND IN M.P.H.

PRELIMINARY LOCAL CLIMATOLOGICAL DATA (WS FORM: F-6) , PAGE 2

                                          STATION:  MCALESTER OKLAHOMA
                                          MONTH:    JULY
                                          YEAR:     2015
                                          LATITUDE:   34 52 N
                                          LONGITUDE:  95 47 W

[TEMPERATURE DATA]      [PRECIPITATION DATA]       SYMBOLS USED IN COLUMN 16

AVERAGE MONTHLY: 83.5   TOTAL FOR MONTH:   4.21    1 = FOG OR MIST
DPTR FM NORMAL:   1.6   DPTR FM NORMAL:    1.90    2 = FOG REDUCING VISIBILITY
HIGHEST:    98 ON 27,26 GRTST 24HR  2.22 ON  7- 8      TO 1/4 MILE OR LESS
LOWEST:     69 ON  4                               3 = THUNDER
                        SNOW, ICE PELLETS, HAIL    4 = ICE PELLETS
                        TOTAL MONTH:   0.0 INCH    5 = HAIL
                        GRTST 24HR     0.0         6 = FREEZING RAIN OR DRIZZLE
                        GRTST DEPTH:   0           7 = DUSTSTORM OR SANDSTORM:
                                                       VSBY 1/2 MILE OR LESS
                                                   8 = SMOKE OR HAZE
[NO. OF DAYS WITH]      [WEATHER - DAYS WITH]      9 = BLOWING SNOW
                                                   X = TORNADO
MAX 32 OR BELOW:   0    0.01 INCH OR MORE:   7
MAX 90 OR ABOVE:  21    0.10 INCH OR MORE:   6
MIN 32 OR BELOW:   0    0.50 INCH OR MORE:   3
MIN  0 OR BELOW:   0    1.00 INCH OR MORE:   1

[HDD (BASE 65) ]
TOTAL THIS MO.     0    CLEAR  (SCALE 0-3)  20
DPTR FM NORMAL     0    PTCLDY (SCALE 4-7)   7
TOTAL FM JUL 1     0    CLOUDY (SCALE 8-10)  0
DPTR FM NORMAL     0

[CDD (BASE 65) ]
TOTAL THIS MO.   509
DPTR FM NORMAL    51    [PRESSURE DATA]
TOTAL FM JAN 1  1200    HIGHEST SLP M ON M
DPTR FM NORMAL   123    LOWEST  SLP 29.70 ON 13

[REMARKS]
