000
CXUS54 KTSA 280840
CF6MLC
PRELIMINARY LOCAL CLIMATOLOGICAL DATA (WS FORM: F-6)

                                          STATION:   MCALESTER OKLAHOMA
                                          MONTH:     MAY
                                          YEAR:      2016
                                          LATITUDE:   34 52 N
                                          LONGITUDE:  95 47 W

  TEMPERATURE IN F:       :PCPN:    SNOW:  WIND      :SUNSHINE: SKY     :PK WND
================================================================================
1   2   3   4   5  6A  6B    7    8   9   10  11  12  13   14  15   16   17  18
                                     12Z  AVG MX 2MIN
DY MAX MIN AVG DEP HDD CDD  WTR  SNW DPTH SPD SPD DIR MIN PSBL S-S WX    SPD DR
================================================================================

 1  70  50  60  -6   5   0 0.01  0.0    0  8.8 17 320   M    M   3        23 330
 2  60  45  53 -13  12   0 0.11    M    0  7.1 16 320   M    M   6 1      22 330
 3  73  41  57  -9   8   0 0.00  0.0    0  3.5 14 330   M    M   2        18 330
 4  83  48  66   0   0   1 0.00    M    0  7.3 22 330   M    M   3        29 330
 5  80  43  62  -4   3   0 0.00  0.0    0  3.1 14  10   M    M   1        21 360
 6  82  48  65  -2   0   0 0.00  0.0    0  1.7  7 140   M    M   2        11 120
 7  83  51  67   0   0   2 0.00  0.0    0  5.9 15 200   M    M   2        26 210
 8  71  65  68   1   0   3 0.07  0.0    0 11.1 28 210   M    M   5 13     39 210
 9  73  62  68   0   0   3 0.93  0.0    0  8.8 21 130   M    M   6 13     32 140
10  90  70  80  12   0  15 0.00  0.0    0 10.0 21 220   M    M   4 18     28 200
11  85  69  77   9   0  12    T  0.0    0  7.5 21 220   M    M   5 8      30 240
12  79  53  66  -2   0   1 0.53  0.0    0  8.9 28 320   M    M   2 13     35 320
13  82  50  66  -3   0   1 0.00  0.0    0  4.3 16 220   M    M   2        21 210
14  67  55  61  -8   4   0    T  0.0    0 12.1 24  20   M    M   4        35  20
15  70  56  63  -6   2   0 0.00  0.0    0  5.4 10  40   M    M   8        16  80
16  76  62  69   0   0   4 0.02  0.0    0  6.6 15 200   M    M  10 1      23 150
17  71  56  64  -6   1   0 0.31  0.0    0 10.1 21 360   M    M   9 1      25 360
18  63  56  60 -10   5   0 0.00  0.0    0  5.8 15  20   M    M  10        20  40
19  64  53  59 -11   6   0 0.01  0.0    0  3.1  9  80   M    M   9        15 110
20  73  59  66  -4   0   1    T  0.0    0  2.3  9 310   M    M   8 1      12 290
21  83  57  70  -1   0   5 0.00  0.0    0  3.1  9 120   M    M   4 1      13 110
22  82  63  73   2   0   8 0.00  0.0    0  5.9 13 120   M    M   4        20 130
23  78  64  71   0   0   6 0.34  0.0    0  6.8 15 190   M    M   6 13     25 180
24  85  70  78   6   0  13 0.02  0.0    0  7.2 15 190   M    M   6 3      24 200
25  87  69  78   6   0  13 0.03  0.0    0  9.3 18 170   M    M   6 13     29 150
26  83  72  78   6   0  13 0.00  0.0    0 10.0 17 180   M    M   7        29 180
27  78  67  73   1   0   8 0.08  0.0    0  8.5 21 220   M    M   3 13     27 220
================================================================================
SM 2071 1554        46 109  2.46     0.0 184.2          M      137
================================================================================
AV 76.7 57.6                               6.8 FASTST   M    M   5    MAX(MPH)
                                 MISC ---->  # 28 210               # 39  210
================================================================================
NOTES:
# LAST OF SEVERAL OCCURRENCES

COLUMN 17 PEAK WIND IN M.P.H.

PRELIMINARY LOCAL CLIMATOLOGICAL DATA (WS FORM: F-6) , PAGE 2

                                          STATION:  MCALESTER OKLAHOMA
                                          MONTH:    MAY
                                          YEAR:     2016
                                          LATITUDE:   34 52 N
                                          LONGITUDE:  95 47 W

[TEMPERATURE DATA]      [PRECIPITATION DATA]       SYMBOLS USED IN COLUMN 16

AVERAGE MONTHLY: 67.1   TOTAL FOR MONTH:   2.46    1 = FOG OR MIST
DPTR FM NORMAL:  -1.8   DPTR FM NORMAL:   -2.06    2 = FOG REDUCING VISIBILITY
HIGHEST:    90 ON 10    GRTST 24HR  1.00 ON  8- 9      TO 1/4 MILE OR LESS
LOWEST:     41 ON  3                               3 = THUNDER
                        SNOW, ICE PELLETS, HAIL    4 = ICE PELLETS
                        TOTAL MONTH:   0.0 INCH    5 = HAIL
                        GRTST 24HR     0.0         6 = FREEZING RAIN OR DRIZZLE
                        GRTST DEPTH:   0           7 = DUSTSTORM OR SANDSTORM:
                                                       VSBY 1/2 MILE OR LESS
                                                   8 = SMOKE OR HAZE
[NO. OF DAYS WITH]      [WEATHER - DAYS WITH]      9 = BLOWING SNOW
                                                   X = TORNADO
MAX 32 OR BELOW:   0    0.01 INCH OR MORE:  12
MAX 90 OR ABOVE:   1    0.10 INCH OR MORE:   5
MIN 32 OR BELOW:   0    0.50 INCH OR MORE:   2
MIN  0 OR BELOW:   0    1.00 INCH OR MORE:   0

[HDD (BASE 65) ]
TOTAL THIS MO.    46    CLEAR  (SCALE 0-3)   8
DPTR FM NORMAL    14    PTCLDY (SCALE 4-7)  14
TOTAL FM JUL 1  2388    CLOUDY (SCALE 8-10)  5
DPTR FM NORMAL  -799

[CDD (BASE 65) ]
TOTAL THIS MO.   109
DPTR FM NORMAL   -29    [PRESSURE DATA]
TOTAL FM JAN 1   178    HIGHEST SLP M ON M
DPTR FM NORMAL   -34    LOWEST  SLP 29.53 ON  9

[REMARKS]
