000
CXUS54 KTSA 180840
CF6MLC
PRELIMINARY LOCAL CLIMATOLOGICAL DATA (WS FORM: F-6)

                                          STATION:   MCALESTER OKLAHOMA
                                          MONTH:     AUGUST
                                          YEAR:      2017
                                          LATITUDE:   34 52 N
                                          LONGITUDE:  95 47 W

  TEMPERATURE IN F:       :PCPN:    SNOW:  WIND      :SUNSHINE: SKY     :PK WND
================================================================================
1   2   3   4   5  6A  6B    7    8   9   10  11  12  13   14  15   16   17  18
                                     12Z  AVG MX 2MIN
DY MAX MIN AVG DEP HDD CDD  WTR  SNW DPTH SPD SPD DIR MIN PSBL S-S WX    SPD DR
================================================================================

 1  76  70  73 -10   0   8 0.20  0.0    0  2.6 13  10   M    M   6 1      16  10
 2  86  69  78  -5   0  13 0.00  0.0    0  2.0  7 100   M    M   6 1      11  80
 3  91  67  79  -4   0  14 0.00  0.0    0  1.8 16  20   M    M   2 1      22  10
 4  89  72  81  -2   0  16    T  0.0    0  4.7 15 350   M    M   1        19 350
 5  94  70  82  -1   0  17 0.00  0.0    0  7.6 20 210   M    M   2        26 210
 6  84  72  78  -5   0  13 1.50  0.0    0  5.3 22 330   M    M   7 13     28 330
 7  86  71  79  -4   0  14 0.00  0.0    0  7.4 17  10   M    M   4        22  20
 8  88  71  80  -3   0  15 0.00  0.0    0  2.5 10  30   M    M   4        16  30
 9  91  69  80  -3   0  15 0.00  0.0    0  2.8  8  30   M    M   3 1      12  50
10  92  72  82  -1   0  17 0.00  0.0    0  3.3  9 180   M    M   2 1      14 170
11  89  72  81  -2   0  16 0.03  0.0    0  3.2 13 350   M    M   4 3      32 210
12  85  70  78  -5   0  13 0.12  0.0    0  4.1 24 180   M    M   7 13     32 210
13  86  75  81  -2   0  16 0.67  0.0    0  3.5 16 340   M    M   8 1      32 210
14  85  74  80  -3   0  15 2.04  0.0    0  3.2 18 230   M    M   6 123    32 210
15  91  74  83   0   0  18 0.01  0.0    0  4.3 14 160   M    M   3 1      27  90
16  88  75  82   0   0  17 0.54  0.0    0  6.4 32 330   M    M   4 13     45 300
17  88  69  79  -3   0  14 0.81  0.0    0  4.6 37 310   M    M   2 13     55 320
================================================================================
SM 1489 1212         0 251  5.92     0.0  69.3          M       71
================================================================================
AV 87.6 71.3                               4.1 FASTST   M    M   4    MAX(MPH)
                                 MISC ---->  # 37 310               # 55  320
================================================================================
NOTES:
# LAST OF SEVERAL OCCURRENCES

COLUMN 17 PEAK WIND IN M.P.H.

PRELIMINARY LOCAL CLIMATOLOGICAL DATA (WS FORM: F-6) , PAGE 2

                                          STATION:  MCALESTER OKLAHOMA
                                          MONTH:    AUGUST
                                          YEAR:     2017
                                          LATITUDE:   34 52 N
                                          LONGITUDE:  95 47 W

[TEMPERATURE DATA]      [PRECIPITATION DATA]       SYMBOLS USED IN COLUMN 16

AVERAGE MONTHLY: 79.4   TOTAL FOR MONTH:   5.92    1 = FOG OR MIST
DPTR FM NORMAL:  -3.4   DPTR FM NORMAL:    4.52    2 = FOG REDUCING VISIBILITY
HIGHEST:    94 ON  5    GRTST 24HR  2.04 ON 14-14      TO 1/4 MILE OR LESS
LOWEST:     67 ON  3                               3 = THUNDER
                        SNOW, ICE PELLETS, HAIL    4 = ICE PELLETS
                        TOTAL MONTH:   0.0 INCH    5 = HAIL
                        GRTST 24HR     0.0         6 = FREEZING RAIN OR DRIZZLE
                        GRTST DEPTH:   0           7 = DUSTSTORM OR SANDSTORM:
                                                       VSBY 1/2 MILE OR LESS
                                                   8 = SMOKE OR HAZE
[NO. OF DAYS WITH]      [WEATHER - DAYS WITH]      9 = BLOWING SNOW
                                                   X = TORNADO
MAX 32 OR BELOW:   0    0.01 INCH OR MORE:   9
MAX 90 OR ABOVE:   5    0.10 INCH OR MORE:   7
MIN 32 OR BELOW:   0    0.50 INCH OR MORE:   5
MIN  0 OR BELOW:   0    1.00 INCH OR MORE:   2

[HDD (BASE 65) ]
TOTAL THIS MO.     0    CLEAR  (SCALE 0-3)   6
DPTR FM NORMAL     0    PTCLDY (SCALE 4-7)  11
TOTAL FM JUL 1     0    CLOUDY (SCALE 8-10)  0
DPTR FM NORMAL     0

[CDD (BASE 65) ]
TOTAL THIS MO.   251
DPTR FM NORMAL   -53    [PRESSURE DATA]
TOTAL FM JAN 1  1557    HIGHEST SLP M ON M
DPTR FM NORMAL   106    LOWEST  SLP 29.70 ON  6

[REMARKS]
