000
CXUS55 KDVN 230910
CF6MLI
PRELIMINARY LOCAL CLIMATOLOGICAL DATA (WS FORM: F-6)

                                          STATION:   MOLINE IL
                                          MONTH:     APRIL
                                          YEAR:      2014
                                          LATITUDE:   41 27 N
                                          LONGITUDE:  90 31 W

  TEMPERATURE IN F:       :PCPN:    SNOW:  WIND      :SUNSHINE: SKY     :PK WND
================================================================================
1   2   3   4   5  6A  6B    7    8   9   10  11  12  13   14  15   16   17  18
                                     12Z  AVG MX 2MIN
DY MAX MIN AVG DEP HDD CDD  WTR  SNW DPTH SPD SPD DIR MIN PSBL S-S WX    SPD DR
================================================================================

 1  51  28  40  -6  25   0 0.00  0.0    0 16.2 33 270   M    M   5        44 260
 2  51  34  43  -3  22   0 0.07  0.0    0 12.4 24  70   M    M   7 38     30  80
 3  44  37  41  -6  24   0 0.42  0.0    0 14.8 24  90   M    M   9 138    30  80
 4  46  36  41  -6  24   0 0.01    T    0 16.5 33 300   M    M  10 1      45 300
 5  53  26  40  -8  25   0 0.00  0.0    0  3.7 12 270   M    M   1 18     16 130
 6  60  30  45  -3  20   0 0.00  0.0    0  6.5 15 140   M    M   3        18 190
 7  63  37  50   2  15   0    T  0.0    0  6.2 17 340   M    M   3        24 320
 8  63  39  51   2  14   0 0.00  0.0    0 10.2 21 300   M    M   3        26 310
 9  68  30  49   0  16   0 0.00  0.0    0 10.1 21 180   M    M   0        30 190
10  68  39  54   5  11   0 0.00  0.0    0 10.7 22 300   M    M   0        29 320
11  74  31  53   3  12   0 0.00  0.0    0  7.2 22 240   M    M   0        29 280
12  83  56  70  20   0   5 0.00  0.0    0 13.5 24 230   M    M   3        31 200
13  68  48  58   8   7   0 0.73  0.0    0  8.3 31 280   M    M   8 13     43 280
14  48  31  40 -11  25   0 0.03    T    0 14.7 23 330   M    M   7 18     31 320
15  43  27  35 -16  30   0 0.00  0.0    0  9.2 18 310   M    M   1        23 280
16  59  27  43  -9  22   0 0.00  0.0    0 16.0 30 150   M    M   1        40 140
17  56  35  46  -6  19   0 0.00  0.0    0  9.6 22 170   M    M   3 8      35 160
18  64  29  47  -5  18   0 0.00  0.0    0  4.3 20  90   M    M   0 18     24  90
19  74  34  54   1  11   0 0.00  0.0    0 10.2 20 150   M    M   0 8      25 160
20  82  48  65  12   0   0 0.00  0.0    0  9.4 18 190   M    M   0        24 190
21  72  53  63   9   2   0 0.39  0.0    0  8.0 21 280   M    M   2 1238   25 270
22  64  39  52  -2  13   0 0.00  0.0    0  9.1 21 310   M    M   0        26 310
================================================================================
SM 1354  794       355   5  1.65    T    226.8          M       66
================================================================================
AV 61.5 36.1                              10.3 FASTST   M    M   3    MAX(MPH)
                                 MISC ---->  # 33 270               # 45  300
================================================================================
NOTES:
# LAST OF SEVERAL OCCURRENCES

COLUMN 17 PEAK WIND IN M.P.H.

PRELIMINARY LOCAL CLIMATOLOGICAL DATA (WS FORM: F-6) , PAGE 2

                                          STATION:  MOLINE IL
                                          MONTH:    APRIL
                                          YEAR:     2014
                                          LATITUDE:   41 27 N
                                          LONGITUDE:  90 31 W

[TEMPERATURE DATA]      [PRECIPITATION DATA]       SYMBOLS USED IN COLUMN 16

AVERAGE MONTHLY: 48.8   TOTAL FOR MONTH:   1.65    1 = FOG OR MIST
DPTR FM NORMAL:  -1.1   DPTR FM NORMAL:   -0.90    2 = FOG REDUCING VISIBILITY
HIGHEST:    83 ON 12    GRTST 24HR  0.74 ON 13-14      TO 1/4 MILE OR LESS
LOWEST:     26 ON  5                               3 = THUNDER
                        SNOW, ICE PELLETS, HAIL    4 = ICE PELLETS
                        TOTAL MONTH:    T          5 = HAIL
                        GRTST 24HR    T  ON 14-14  6 = FREEZING RAIN OR DRIZZLE
                        GRTST DEPTH:   0           7 = DUSTSTORM OR SANDSTORM:
                                                       VSBY 1/2 MILE OR LESS
                                                   8 = SMOKE OR HAZE
[NO. OF DAYS WITH]      [WEATHER - DAYS WITH]      9 = BLOWING SNOW
                                                   X = TORNADO
MAX 32 OR BELOW:   0    0.01 INCH OR MORE:   6
MAX 90 OR ABOVE:   0    0.10 INCH OR MORE:   3
MIN 32 OR BELOW:   9    0.50 INCH OR MORE:   1
MIN  0 OR BELOW:   0    1.00 INCH OR MORE:   0

[HDD (BASE 65) ]
TOTAL THIS MO.   355    CLEAR  (SCALE 0-3)  15
DPTR FM NORMAL    15    PTCLDY (SCALE 4-7)   4
TOTAL FM JUL 1  7051    CLOUDY (SCALE 8-10)  3
DPTR FM NORMAL  1109

[CDD (BASE 65) ]
TOTAL THIS MO.     5
DPTR FM NORMAL    -1    [PRESSURE DATA]
TOTAL FM JAN 1     5    HIGHEST SLP M ON M
DPTR FM NORMAL    -2    LOWEST  SLP 29.35 ON 13

[REMARKS]
