587
CXUS56 KPQR 231200
CF6MMV
PRELIMINARY LOCAL CLIMATOLOGICAL DATA (WS FORM: F-6)

                                          STATION:   MCMINNVILLE OR
                                          MONTH:     JANUARY
                                          YEAR:      2017
                                          LATITUDE:   45 11 N
                                          LONGITUDE: 123  8 W

  TEMPERATURE IN F:       :PCPN:    SNOW:  WIND      :SUNSHINE: SKY     :PK WND
================================================================================
1   2   3   4   5  6A  6B    7    8   9   10  11  12  13   14  15   16   17  18
                                     12Z  AVG MX 2MIN
DY MAX MIN AVG DEP HDD CDD  WTR  SNW DPTH SPD SPD DIR MIN PSBL S-S WX    SPD DR
================================================================================

 1  42  32  37  -2  28   0 0.09    M    0  8.1 20 210   M    M   6 1      23 230
 2  34  30  32  -8  33   0 0.01    M    0  9.2 15 360   M    M  10 1      19  30
 3  37  27  32  -8  33   0 0.00  0.0    0 12.5 22  30   M    M   4        30  30
 4  37  25  31  -9  34   0 0.00  0.0    0 15.3 24  30   M    M   6        31  40
 5  38  19  29 -11  36   0 0.00  0.0    0  7.4 17 330   M    M   0        21 340
 6  35  15  25 -15  40   0 0.00  0.0    0  2.7  9 340   M    M   0        11 350
 7  30  24  27 -13  38   0 0.08    M    0  9.7 14 340   M    M  10 16     32 220
 8  34  30  32  -8  33   0 0.58    M    0  8.5 18 340   M    M  10 16     24 350
 9  43  33  38  -2  27   0 0.45    M    0  6.9 25 200   M    M   9 1      32 190
10  40  32  36  -4  29   0 0.45    M    0  7.6 16 340   M    M  10 1      21 330
11  34  29  32  -8  33   0 0.02    M    0  5.8 16 340   M    M  10 1      20 340
12  34  17  26 -14  39   0 0.00  0.0    0  6.5 12 340   M    M   3 1      15 340
13  31  11  21 -20  44   0 0.00  0.0    0  3.2  9 350   M    M   0 128    12 340
14  33  14  24 -17  41   0 0.00  0.0    0  6.0 14 350   M    M   0        17 350
15  34  12  23 -18  42   0 0.00  0.0    0  0.4 10 140   M    M   0 1      11 130
16  34  21  28 -13  37   0 0.00  0.0    0  1.2  8 110   M    M   3 1       8 120
17  50  24  37  -4  28   0 0.59    M    0  4.9 28 190   M    M  10 18     38 190
18  55  45  50   9  15   0 0.99    M    0 18.6 39 180   M    M  10 18     49 170
19  52  42  47   6  18   0 0.01    M    0 10.4 23 190   M    M   7        28 190
20  48  40  44   3  21   0 0.07    M    0  6.1 13 360   M    M   9 1      15 360
21  50  39  45   4  20   0 0.24    M    0  7.8 22 190   M    M   7 1      29 190
22  50  38  44   3  21   0 0.10    M    0  8.1 25 170   M    M   7 1      33 160
================================================================================
SM  875  599       690   0  3.68     0.0 166.9          M      131
================================================================================
AV 39.8 27.2                               7.6 FASTST   M    M   6    MAX(MPH)
                                 MISC ---->  # 39 180               # 49  170
================================================================================
NOTES:
# LAST OF SEVERAL OCCURRENCES

COLUMN 17 PEAK WIND IN M.P.H.

PRELIMINARY LOCAL CLIMATOLOGICAL DATA (WS FORM: F-6) , PAGE 2

                                          STATION:  MCMINNVILLE OR
                                          MONTH:    JANUARY
                                          YEAR:     2017
                                          LATITUDE:   45 11 N
                                          LONGITUDE: 123  8 W

[TEMPERATURE DATA]      [PRECIPITATION DATA]       SYMBOLS USED IN COLUMN 16

AVERAGE MONTHLY: 33.5   TOTAL FOR MONTH:   3.68    1 = FOG OR MIST
DPTR FM NORMAL:  -6.9   DPTR FM NORMAL:   -0.87    2 = FOG REDUCING VISIBILITY
HIGHEST:    55 ON 18    GRTST 24HR  1.34 ON 17-18      TO 1/4 MILE OR LESS
LOWEST:     11 ON 13                               3 = THUNDER
                        SNOW, ICE PELLETS, HAIL    4 = ICE PELLETS
                        TOTAL MONTH:   0.0 INCH    5 = HAIL
                        GRTST 24HR     0.0         6 = FREEZING RAIN OR DRIZZLE
                        GRTST DEPTH:   0           7 = DUSTSTORM OR SANDSTORM:
                                                       VSBY 1/2 MILE OR LESS
                                                   8 = SMOKE OR HAZE
[NO. OF DAYS WITH]      [WEATHER - DAYS WITH]      9 = BLOWING SNOW
                                                   X = TORNADO
MAX 32 OR BELOW:   2    0.01 INCH OR MORE:  13
MAX 90 OR ABOVE:   0    0.10 INCH OR MORE:   7
MIN 32 OR BELOW:  16    0.50 INCH OR MORE:   3
MIN  0 OR BELOW:   0    1.00 INCH OR MORE:   0

[HDD (BASE 65) ]
TOTAL THIS MO.   690    CLEAR  (SCALE 0-3)   5
DPTR FM NORMAL   150    PTCLDY (SCALE 4-7)   8
TOTAL FM JUL 1  2459    CLOUDY (SCALE 8-10)  9
DPTR FM NORMAL   -86

[CDD (BASE 65) ]
TOTAL THIS MO.     0
DPTR FM NORMAL     0    [PRESSURE DATA]
TOTAL FM JAN 1     0    HIGHEST SLP M ON M
DPTR FM NORMAL     0    LOWEST  SLP 29.09 ON 20

[REMARKS]
