000
CXUS55 KBOU 191229
CF6MNH
PRELIMINARY LOCAL CLIMATOLOGICAL DATA (WS FORM: F-6)

                                          STATION:   ELBERT 6W CO
                                          MONTH:     FEBRUARY
                                          YEAR:      2018
                                          LATITUDE:   39 13 N
                                          LONGITUDE: 104 38 W

  TEMPERATURE IN F:       :PCPN:    SNOW:  WIND      :SUNSHINE: SKY     :PK WND
================================================================================
1   2   3   4   5  6A  6B    7    8   9   10  11  12  13   14  15   16   17  18
                                     12Z  AVG MX 2MIN
DY MAX MIN AVG DEP HDD CDD  WTR  SNW DPTH SPD SPD DIR MIN PSBL S-S WX    SPD DR
================================================================================

 1  30  19  25   M  40   0    M    M    M 10.9 23 170   M    M   5        31 180
 2  52  21  37   M  28   0    M    M    M  8.2 20 190   M    M   2        28 190
 3  52  28  40   M  25   0    M    M    M  9.3 24 310   M    M   1        32 310
 4  43  12  28   M  37   0    M    M    M  9.1 17 190   M    M   2 12     25 180
 5  46  21  34   M  31   0    M    M    M 13.3 22 300   M    M   4        33 300
 6  39  19  29   M  36   0    M    M    M  9.5 21 220   M    M   6 1      30 220
 7  50  19  35   M  30   0    M    M    M  8.6 18 330   M    M   0 8      24 330
 8  54  28  41   M  24   0    M    M    M  9.1 18 310   M    M   0        27 310
 9  54  14  34   M  31   0    M    M    M  8.3 16 190   M    M   3 12     22 220
10   M   M   M   M   M   M    M    M    M  6.7 10 300   M    M   9 18     16 300
11  32   0  16   M  49   0    M    M    M 10.0 16 180   M    M   0        20 190
12  32  14  23   M  42   0    M    M    M  6.8 14 130   M    M   5 12     17 130
13  52  19  36   M  29   0    M    M    M  8.9 22 240   M    M   0        33 250
14  52  36  44   M  21   0 0.00  0.0    0 19.5 38 260   M    M   0        60 260
15  41  18  30   M  35   0 0.00  0.0    0 11.8 18  90   M    M   5        25  90
16  32  10  21   M  44   0 0.00  0.0    0 14.9 24 190   M    M   3 1      29 190
17  43  16  30   M  35   0 0.00  0.0    0 12.5 25 180   M    M   0        33 170
18  59  23  41   M  24   0 0.00  0.0    0 25.4 41 240   M    M   1 2      56 240
================================================================================
SM  763  317       561   0  0.00     0.0 202.8          M       46
================================================================================
AV 44.9 18.7                              11.3 FASTST   M    M   3    MAX(MPH)
                                 MISC ---->  # 41 240               # 60  260
================================================================================
NOTES:
# LAST OF SEVERAL OCCURRENCES

COLUMN 17 PEAK WIND IN M.P.H.

PRELIMINARY LOCAL CLIMATOLOGICAL DATA (WS FORM: F-6) , PAGE 2

                                          STATION:  ELBERT 6W CO
                                          MONTH:    FEBRUARY
                                          YEAR:     2018
                                          LATITUDE:   39 13 N
                                          LONGITUDE: 104 38 W

[TEMPERATURE DATA]      [PRECIPITATION DATA]       SYMBOLS USED IN COLUMN 16

AVERAGE MONTHLY: 31.8   TOTAL FOR MONTH:   0.00    1 = FOG OR MIST
DPTR FM NORMAL:     M   DPTR FM NORMAL:       M    2 = FOG REDUCING VISIBILITY
HIGHEST:    59 ON 18    GRTST 24HR  0.00 ON 18-18      TO 1/4 MILE OR LESS
LOWEST:      0 ON 11                               3 = THUNDER
                        SNOW, ICE PELLETS, HAIL    4 = ICE PELLETS
                        TOTAL MONTH:   0.0 INCH    5 = HAIL
                        GRTST 24HR     0.0         6 = FREEZING RAIN OR DRIZZLE
                        GRTST DEPTH:   0           7 = DUSTSTORM OR SANDSTORM:
                                                       VSBY 1/2 MILE OR LESS
                                                   8 = SMOKE OR HAZE
[NO. OF DAYS WITH]      [WEATHER - DAYS WITH]      9 = BLOWING SNOW
                                                   X = TORNADO
MAX 32 OR BELOW:   4    0.01 INCH OR MORE:   0
MAX 90 OR ABOVE:   0    0.10 INCH OR MORE:   0
MIN 32 OR BELOW:  16    0.50 INCH OR MORE:   0
MIN  0 OR BELOW:   1    1.00 INCH OR MORE:   0

[HDD (BASE 65) ]
TOTAL THIS MO.   561    CLEAR  (SCALE 0-3)  11
DPTR FM NORMAL     M    PTCLDY (SCALE 4-7)   6
TOTAL FM JUL 1  4262    CLOUDY (SCALE 8-10)  1
DPTR FM NORMAL     M

[CDD (BASE 65) ]
TOTAL THIS MO.     0
DPTR FM NORMAL     M    [PRESSURE DATA]
TOTAL FM JAN 1     0    HIGHEST SLP M ON M
DPTR FM NORMAL     M    LOWEST  SLP M ON M

[REMARKS]
