000
CXUS56 KSTO 191425
CF6MOD
PRELIMINARY LOCAL CLIMATOLOGICAL DATA (WS FORM: F-6)

                                          STATION:   MODESTO CA
                                          MONTH:     OCTOBER
                                          YEAR:      2017
                                          LATITUDE:   37 37 N
                                          LONGITUDE: 120 57 W

  TEMPERATURE IN F:       :PCPN:    SNOW:  WIND      :SUNSHINE: SKY     :PK WND
================================================================================
1   2   3   4   5  6A  6B    7    8   9   10  11  12  13   14  15   16   17  18
                                     12Z  AVG MX 2MIN
DY MAX MIN AVG DEP HDD CDD  WTR  SNW DPTH SPD SPD DIR MIN PSBL S-S WX    SPD DR
================================================================================

 1  84  62  73   2   0   8 0.00  0.0    0 13.8 23 310   M    M   0        32 300
 2  80  56  68  -2   0   3 0.00  0.0    0 10.1 24 310   M    M   0        31 310
 3  77  56  67  -3   0   2 0.00  0.0    0  4.9 15 280   M    M   0        33  20
 4  81  47  64  -6   1   0 0.00  0.0    0  4.3 14 310   M    M   0 8      20 280
 5  84  47  66  -3   0   1 0.00  0.0    0  5.8 18 320   M    M   0        22 330
 6  85  47  66  -3   0   1 0.00  0.0    0  1.4  8 260   M    M   0 8      10 270
 7  88  50  69   0   0   4 0.00  0.0    0  2.7  9 350   M    M   0        14 360
 8  81  57  69   1   0   4 0.00  0.0    0 12.4 23 310   M    M   2 8      28 310
 9  81  55  68   0   0   3 0.00  0.0    0  5.7 15 300   M    M   0        19 290
10  85  48  67  -1   0   2 0.00  0.0    0  3.9 12 120   M    M   0        14 120
11  75  53  64  -4   1   0 0.00  0.0    0 10.5 22 310   M    M   0 8      28 310
12  75  47  61  -6   4   0 0.00  0.0    0 10.0 18 310   M    M   0 8      23 290
13  78  41  60  -7   5   0 0.00  0.0    0  7.2 18 310   M    M   0 8      24 300
14  75  48  62  -5   3   0 0.00  0.0    0  6.5 17 300   M    M   0 8      22 300
15  83  43  63  -3   2   0 0.00  0.0    0  1.6  8 310   M    M   0         9 310
16  85  44  65  -1   0   0 0.00  0.0    0  1.7  8 320   M    M   0 18     11 320
17  82  49  66   0   0   1 0.00  0.0    0  3.7 12 310   M    M   0 18     17 300
18  82  46  64  -1   1   0 0.00  0.0    0  2.4  9 320   M    M   0 18     11 320
================================================================================
SM 1461  896        17  29  0.00     0.0 108.6          M        2
================================================================================
AV 81.2 49.8                               6.0 FASTST   M    M   0    MAX(MPH)
                                 MISC ---->  # 24 310               # 33   20
================================================================================
NOTES:
# LAST OF SEVERAL OCCURRENCES

COLUMN 17 PEAK WIND IN M.P.H.

PRELIMINARY LOCAL CLIMATOLOGICAL DATA (WS FORM: F-6) , PAGE 2

                                          STATION:  MODESTO CA
                                          MONTH:    OCTOBER
                                          YEAR:     2017
                                          LATITUDE:   37 37 N
                                          LONGITUDE: 120 57 W

[TEMPERATURE DATA]      [PRECIPITATION DATA]       SYMBOLS USED IN COLUMN 16

AVERAGE MONTHLY: 65.5   TOTAL FOR MONTH:   0.00    1 = FOG OR MIST
DPTR FM NORMAL:  -2.5   DPTR FM NORMAL:   -0.31    2 = FOG REDUCING VISIBILITY
HIGHEST:    88 ON  7    GRTST 24HR  0.00 ON 18-18      TO 1/4 MILE OR LESS
LOWEST:     41 ON 13                               3 = THUNDER
                        SNOW, ICE PELLETS, HAIL    4 = ICE PELLETS
                        TOTAL MONTH:   0.0 INCH    5 = HAIL
                        GRTST 24HR     0.0         6 = FREEZING RAIN OR DRIZZLE
                        GRTST DEPTH:   0           7 = DUSTSTORM OR SANDSTORM:
                                                       VSBY 1/2 MILE OR LESS
                                                   8 = SMOKE OR HAZE
[NO. OF DAYS WITH]      [WEATHER - DAYS WITH]      9 = BLOWING SNOW
                                                   X = TORNADO
MAX 32 OR BELOW:   0    0.01 INCH OR MORE:   0
MAX 90 OR ABOVE:   0    0.10 INCH OR MORE:   0
MIN 32 OR BELOW:   0    0.50 INCH OR MORE:   0
MIN  0 OR BELOW:   0    1.00 INCH OR MORE:   0

[HDD (BASE 65) ]
TOTAL THIS MO.    17    CLEAR  (SCALE 0-3)  18
DPTR FM NORMAL     0    PTCLDY (SCALE 4-7)   0
TOTAL FM JUL 1    20    CLOUDY (SCALE 8-10)  0
DPTR FM NORMAL     0

[CDD (BASE 65) ]
TOTAL THIS MO.    29
DPTR FM NORMAL   -42    [PRESSURE DATA]
TOTAL FM JAN 1  2097    HIGHEST SLP M ON M
DPTR FM NORMAL   414    LOWEST  SLP 29.72 ON  7

[REMARKS]
