000
CXUS53 KBIS 270735
CF6MOT
PRELIMINARY LOCAL CLIMATOLOGICAL DATA (WS FORM: F-6)

                                          STATION:   MINOT ND
                                          MONTH:     JULY
                                          YEAR:      2015
                                          LATITUDE:   48 15 N
                                          LONGITUDE: 101 16 W

  TEMPERATURE IN F:       :PCPN:    SNOW:  WIND      :SUNSHINE: SKY     :PK WND
================================================================================
1   2   3   4   5  6A  6B    7    8   9   10  11  12  13   14  15   16   17  18
                                     12Z  AVG MX 2MIN
DY MAX MIN AVG DEP HDD CDD  WTR  SNW DPTH SPD SPD DIR MIN PSBL S-S WX    SPD DR
================================================================================

 1  74  60  67  -1   0   2 0.00    M    M  2.9  8 320   M    M   7 128    10 310
 2  79  60  70   2   0   5 0.00    M    M  6.8 16 300   M    M   7 18     20 320
 3  82  60  71   3   0   6 0.00    M    M  4.1 12 130   M    M   9 18     15 150
 4  89  62  76   8   0  11 0.08    M    M  8.5 35 260   M    M   2 138    42 260
 5  76  58  67  -1   0   2 0.39    M    M 10.2 23 330   M    M   7 138    32 340
 6  68  50  59 -10   6   0 0.00    M    M  6.1 14 330   M    M   5 18     18 340
 7  77  48  63  -6   2   0 1.05    M    M  9.3 21 150   M    M   2 138    28 310
 8  70  56  63  -6   2   0 0.00    M    M  8.3 20 300   M    M   3 18     24 280
 9  85  52  69   0   0   4 0.00    M    M 11.9 21 210   M    M   0 18     27 200
10  87  63  75   6   0  10 0.00    M    M  9.9 20 130   M    M   1        28 180
11  89  66  78   9   0  13 0.00    M    M 10.4 21 160   M    M   1 1      27 160
12  90  62  76   6   0  11 0.00    M    M  7.7 20 290   M    M   1 3      25 270
13  82  68  75   5   0  10    T    M    M 10.8 20 270   M    M   4        25 270
14  85  62  74   4   0   9    T    M    M  5.1 29 320   M    M   2 3      37 320
15  86  65  76   6   0  11 0.22    M    M  6.5 22 170   M    M   3 13     26 260
16  81  62  72   2   0   7 0.09    M    M  5.3 12 240   M    M   4 1      15 230
17  71  57  64  -6   1   0 0.10    M    M  9.1 21 290   M    M   4 13     27 300
18  75  56  66  -4   0   1    T    M    M 18.2 38 270   M    M   5        51 280
19  88  60  74   4   0   9 0.00    M    M 16.3 28 230   M    M   1        38 220
20  78  58  68  -2   0   3 0.00    M    M 10.0 17 300   M    M   0        23 290
21  81  52  67  -3   0   2 0.00    M    M  8.2 20 120   M    M   2        24 120
22  89  59  74   4   0   9 0.00    M    M  9.3 17 170   M    M   0        23 130
23  91  65  78   8   0  13 0.03    M    M 10.8 28 300   M    M   3 13     36 310
24  85  58  72   1   0   7 0.00    M    M  7.7 15 280   M    M   1        18 290
25  92  56  74   3   0   9    T    M    M  5.4 20 200   M    M   0 3      25 200
26  93  62  78   7   0  13 0.06    M    M  8.9 28 270   M    M   0 38     37 260
================================================================================
SM 2143 1537        11 167  2.02    M    227.7          M       74
================================================================================
AV 82.4 59.1                               8.8 FASTST   M    M   3    MAX(MPH)
                                 MISC ---->  # 38 270               # 51  280
================================================================================
NOTES:
# LAST OF SEVERAL OCCURRENCES

COLUMN 17 PEAK WIND IN M.P.H.

PRELIMINARY LOCAL CLIMATOLOGICAL DATA (WS FORM: F-6) , PAGE 2

                                          STATION:  MINOT ND
                                          MONTH:    JULY
                                          YEAR:     2015
                                          LATITUDE:   48 15 N
                                          LONGITUDE: 101 16 W

[TEMPERATURE DATA]      [PRECIPITATION DATA]       SYMBOLS USED IN COLUMN 16

AVERAGE MONTHLY: 70.8   TOTAL FOR MONTH:   2.02    1 = FOG OR MIST
DPTR FM NORMAL:   1.3   DPTR FM NORMAL:   -0.11    2 = FOG REDUCING VISIBILITY
HIGHEST:    93 ON 26    GRTST 24HR  1.05 ON  7- 7      TO 1/4 MILE OR LESS
LOWEST:     48 ON  7                               3 = THUNDER
                        SNOW, ICE PELLETS, HAIL    4 = ICE PELLETS
                        TOTAL MONTH:    M          5 = HAIL
                        GRTST 24HR    M  ON   M    6 = FREEZING RAIN OR DRIZZLE
                        GRTST DEPTH:  M  ON   M    7 = DUSTSTORM OR SANDSTORM:
                                                       VSBY 1/2 MILE OR LESS
                                                   8 = SMOKE OR HAZE
[NO. OF DAYS WITH]      [WEATHER - DAYS WITH]      9 = BLOWING SNOW
                                                   X = TORNADO
MAX 32 OR BELOW:   0    0.01 INCH OR MORE:   8
MAX 90 OR ABOVE:   4    0.10 INCH OR MORE:   4
MIN 32 OR BELOW:   0    0.50 INCH OR MORE:   1
MIN  0 OR BELOW:   0    1.00 INCH OR MORE:   1

[HDD (BASE 65) ]
TOTAL THIS MO.    11    CLEAR  (SCALE 0-3)  15
DPTR FM NORMAL   -11    PTCLDY (SCALE 4-7)  10
TOTAL FM JUL 1    11    CLOUDY (SCALE 8-10)  1
DPTR FM NORMAL   -11

[CDD (BASE 65) ]
TOTAL THIS MO.   167
DPTR FM NORMAL    29    [PRESSURE DATA]
TOTAL FM JAN 1   248    HIGHEST SLP M ON M
DPTR FM NORMAL    21    LOWEST  SLP 29.59 ON 23

[REMARKS]
