000
CXUS53 KBIS 260723
CF6MOT
PRELIMINARY LOCAL CLIMATOLOGICAL DATA (WS FORM: F-6)

                                          STATION:   MINOT ND
                                          MONTH:     JUNE
                                          YEAR:      2017
                                          LATITUDE:   48 15 N
                                          LONGITUDE: 101 16 W

  TEMPERATURE IN F:       :PCPN:    SNOW:  WIND      :SUNSHINE: SKY     :PK WND
================================================================================
1   2   3   4   5  6A  6B    7    8   9   10  11  12  13   14  15   16   17  18
                                     12Z  AVG MX 2MIN
DY MAX MIN AVG DEP HDD CDD  WTR  SNW DPTH SPD SPD DIR MIN PSBL S-S WX    SPD DR
================================================================================

 1  91  50  71  11   0   6 0.00    M    M 13.7 23 160   M    M   0        32 160
 2  94  67  81  21   0  16 0.00    M    M 14.2 32 270   M    M   1        40 270
 3  85  58  72  12   0   7 0.00    M    M 15.2 28 250   M    M   0        40 260
 4  89  54  72  11   0   7 0.00    M    M  7.7 15  40   M    M   0        19  40
 5  90  52  71  10   0   6 0.00    M    M 12.6 22 110   M    M   0        29 270
 6  78  58  68   7   0   3 0.00    M    M 14.5 22 280   M    M   1 8      35 280
 7  79  57  68   6   0   3 0.00    M    M  8.7 21 320   M    M   4        26 320
 8  83  47  65   3   0   0 0.00    M    M  9.0 21 100   M    M   1        27 110
 9  96  61  79  17   0  14 0.14    M    M 15.2 31 120   M    M   3 3      41 110
10  81  57  69   7   0   4 0.10    M    M 15.2 38 270   M    M   3 1      45 260
11  81  55  68   5   0   3 0.00    M    M 14.0 29 240   M    M   2        37 260
12  82  52  67   4   0   2 0.00    M    M  8.1 21 110   M    M   0        25 110
13  68  56  62  -1   3   0 0.20    M    M 10.5 20  90   M    M   8 1      27 100
14  64  57  61  -3   4   0 0.46    M    M 14.1 28 260   M    M   9 13     38 240
15  77  56  67   3   0   2 0.05    M    M 13.3 24 280   M    M   6        30 260
16  74  57  66   2   0   1 0.03    M    M  8.6 21 240   M    M   8        26 260
17  70  51  61  -3   4   0 0.14    M    M  8.2 16 280   M    M   7 13     22 320
18  73  53  63  -2   2   0 0.08    M    M 11.4 24 280   M    M   6 3      29 290
19  77  50  64  -1   1   0    T    M    M 10.5 24 310   M    M   2        33 290
20  75  47  61  -4   4   0 0.00    M    M  6.5 13 130   M    M   1        17 130
21  80  58  69   3   0   4    T    M    M 14.5 32 280   M    M   1        45 270
22  74  57  66   0   0   1    T    M    M 23.0 40 280   M    M   5        49 280
23  64  49  57  -9   8   0 0.03    M    M 20.8 31 310   M    M   7        39 300
24  62  44  53 -13  12   0 0.00    M    M 15.0 26 310   M    M   6        34 320
25  71  47  59  -7   6   0 0.00    M    M  6.8 17 350   M    M   5        22 350
================================================================================
SM 1958 1350        44  79  1.23    M    311.3          M       86
================================================================================
AV 78.3 54.0                              12.5 FASTST   M    M   3    MAX(MPH)
                                 MISC ---->  # 40 280               # 49  280
================================================================================
NOTES:
# LAST OF SEVERAL OCCURRENCES

COLUMN 17 PEAK WIND IN M.P.H.

PRELIMINARY LOCAL CLIMATOLOGICAL DATA (WS FORM: F-6) , PAGE 2

                                          STATION:  MINOT ND
                                          MONTH:    JUNE
                                          YEAR:     2017
                                          LATITUDE:   48 15 N
                                          LONGITUDE: 101 16 W

[TEMPERATURE DATA]      [PRECIPITATION DATA]       SYMBOLS USED IN COLUMN 16

AVERAGE MONTHLY: 66.2   TOTAL FOR MONTH:   1.23    1 = FOG OR MIST
DPTR FM NORMAL:   2.9   DPTR FM NORMAL:   -1.78    2 = FOG REDUCING VISIBILITY
HIGHEST:    96 ON  9    GRTST 24HR  0.46 ON 14-14      TO 1/4 MILE OR LESS
LOWEST:     44 ON 24                               3 = THUNDER
                        SNOW, ICE PELLETS, HAIL    4 = ICE PELLETS
                        TOTAL MONTH:    M          5 = HAIL
                        GRTST 24HR    M  ON   M    6 = FREEZING RAIN OR DRIZZLE
                        GRTST DEPTH:  M  ON   M    7 = DUSTSTORM OR SANDSTORM:
                                                       VSBY 1/2 MILE OR LESS
                                                   8 = SMOKE OR HAZE
[NO. OF DAYS WITH]      [WEATHER - DAYS WITH]      9 = BLOWING SNOW
                                                   X = TORNADO
MAX 32 OR BELOW:   0    0.01 INCH OR MORE:   9
MAX 90 OR ABOVE:   4    0.10 INCH OR MORE:   5
MIN 32 OR BELOW:   0    0.50 INCH OR MORE:   0
MIN  0 OR BELOW:   0    1.00 INCH OR MORE:   0

[HDD (BASE 65) ]
TOTAL THIS MO.    44    CLEAR  (SCALE 0-3)  12
DPTR FM NORMAL   -54    PTCLDY (SCALE 4-7)  11
TOTAL FM JUL 1  7996    CLOUDY (SCALE 8-10)  2
DPTR FM NORMAL  -797

[CDD (BASE 65) ]
TOTAL THIS MO.    79
DPTR FM NORMAL    25    [PRESSURE DATA]
TOTAL FM JAN 1    82    HIGHEST SLP  0.00 ON M
DPTR FM NORMAL    12    LOWEST  SLP 29.25 ON 10

[REMARKS]
