000
CXUS53 KBIS 271017
CF6MOT
PRELIMINARY LOCAL CLIMATOLOGICAL DATA (WS FORM: F-6)

                                          STATION:   MINOT ND
                                          MONTH:     APRIL
                                          YEAR:      2017
                                          LATITUDE:   48 15 N
                                          LONGITUDE: 101 16 W

  TEMPERATURE IN F:       :PCPN:    SNOW:  WIND      :SUNSHINE: SKY     :PK WND
================================================================================
1   2   3   4   5  6A  6B    7    8   9   10  11  12  13   14  15   16   17  18
                                     12Z  AVG MX 2MIN
DY MAX MIN AVG DEP HDD CDD  WTR  SNW DPTH SPD SPD DIR MIN PSBL S-S WX    SPD DR
================================================================================

 1  62  39  51  15  14   0 0.00    M    M 10.2 25 180   M    M   6 1      34 180
 2  59  40  50  13  15   0 0.00    M    M 17.1 28 290   M    M   1        37 180
 3  59  31  45   8  20   0 0.00    M    M  6.8 16 360   M    M   0        26 350
 4  58  41  50  12  15   0 0.13    M    M  9.2 21 280   M    M   7 1      25 260
 5  51  30  41   3  24   0    T    M    M  6.3 14  10   M    M   5 1      16  30
 6  58  26  42   3  23   0 0.00    M    M 11.3 25 160   M    M   0        30 160
 7  74  43  59  20   6   0 0.00    M    M 12.2 24 160   M    M   0        30 160
 8  68  46  57  17   8   0 0.00    M    M 11.3 22 280   M    M   2        27 260
 9  53  28  41   1  24   0 0.00    M    M 16.0 25  20   M    M   2        31  10
10  45  22  34  -7  31   0 0.00    M    M  7.5 17 350   M    M   0        22  10
11  61  30  46   5  19   0    T    M    M  8.0 22 290   M    M   5        29 280
12  63  29  46   4  19   0 0.00    M    M  4.7 14 230   M    M   0        17 250
13  68  33  51   9  14   0 0.00    M    M 16.5 35 110   M    M   1        44 120
14  75  48  62  19   3   0 0.00    M    M 19.2 37 170   M    M   4 8      46 180
15  59  37  48   5  17   0 0.02    M    M  9.5 24 260   M    M   5        33 230
16  42  27  35  -9  30   0    T    M    M 15.9 26 290   M    M   7        33 280
17  49  17  33 -11  32   0    T    M    M  9.3 21 110   M    M   3        25  90
18  50  34  42  -3  23   0    T    M    M  6.3 17  90   M    M   8 1      20 100
19  52  30  41  -4  24   0    T    M    M  7.3 15 200   M    M   4 1      20 200
20  56  34  45  -1  20   0 0.05    M    M  8.1 16 330   M    M   8 1      20 340
21  65  29  47   1  18   0 0.00    M    M  5.1 15 170   M    M   1 12     19 200
22  54  33  44  -2  21   0    T    M    M 13.5 21  30   M    M   7 18     28  30
23  33  28  31 -16  34   0 0.03    M    M 16.8 24  70   M    M  10 1      30  80
24  34  30  32 -15  33   0 0.06    M    M 12.4 21  70   M    M  10 1      25  80
25  43  30  37 -11  28   0 0.00    M    M 14.8 23  10   M    M  10        27 360
26  51  25  38 -10  27   0 0.00    M    M 12.6 25 340   M    M   0        32 340
================================================================================
SM 1442  840       542   0  0.29    M    287.9          M      106
================================================================================
AV 55.5 32.3                              11.1 FASTST   M    M   4    MAX(MPH)
                                 MISC ---->  # 37 170               # 46  180
================================================================================
NOTES:
# LAST OF SEVERAL OCCURRENCES

COLUMN 17 PEAK WIND IN M.P.H.

PRELIMINARY LOCAL CLIMATOLOGICAL DATA (WS FORM: F-6) , PAGE 2

                                          STATION:  MINOT ND
                                          MONTH:    APRIL
                                          YEAR:     2017
                                          LATITUDE:   48 15 N
                                          LONGITUDE: 101 16 W

[TEMPERATURE DATA]      [PRECIPITATION DATA]       SYMBOLS USED IN COLUMN 16

AVERAGE MONTHLY: 43.9   TOTAL FOR MONTH:   0.29    1 = FOG OR MIST
DPTR FM NORMAL:   1.5   DPTR FM NORMAL:   -0.63    2 = FOG REDUCING VISIBILITY
HIGHEST:    75 ON 14    GRTST 24HR  0.13 ON  4- 4      TO 1/4 MILE OR LESS
LOWEST:     17 ON 17                               3 = THUNDER
                        SNOW, ICE PELLETS, HAIL    4 = ICE PELLETS
                        TOTAL MONTH:    M          5 = HAIL
                        GRTST 24HR    M  ON   M    6 = FREEZING RAIN OR DRIZZLE
                        GRTST DEPTH:  M  ON   M    7 = DUSTSTORM OR SANDSTORM:
                                                       VSBY 1/2 MILE OR LESS
                                                   8 = SMOKE OR HAZE
[NO. OF DAYS WITH]      [WEATHER - DAYS WITH]      9 = BLOWING SNOW
                                                   X = TORNADO
MAX 32 OR BELOW:   0    0.01 INCH OR MORE:   5
MAX 90 OR ABOVE:   0    0.10 INCH OR MORE:   1
MIN 32 OR BELOW:  15    0.50 INCH OR MORE:   0
MIN  0 OR BELOW:   0    1.00 INCH OR MORE:   0

[HDD (BASE 65) ]
TOTAL THIS MO.   542    CLEAR  (SCALE 0-3)  12
DPTR FM NORMAL   -46    PTCLDY (SCALE 4-7)  10
TOTAL FM JUL 1  7629    CLOUDY (SCALE 8-10)  4
DPTR FM NORMAL  -674

[CDD (BASE 65) ]
TOTAL THIS MO.     0
DPTR FM NORMAL     0    [PRESSURE DATA]
TOTAL FM JAN 1     0    HIGHEST SLP M ON M
DPTR FM NORMAL     0    LOWEST  SLP 29.43 ON  8

[REMARKS]
