000
CXUS53 KBIS 260728
CF6MOT
PRELIMINARY LOCAL CLIMATOLOGICAL DATA (WS FORM: F-6)

                                          STATION:   MINOT ND
                                          MONTH:     AUGUST
                                          YEAR:      2016
                                          LATITUDE:   48 15 N
                                          LONGITUDE: 101 16 W

  TEMPERATURE IN F:       :PCPN:    SNOW:  WIND      :SUNSHINE: SKY     :PK WND
================================================================================
1   2   3   4   5  6A  6B    7    8   9   10  11  12  13   14  15   16   17  18
                                     12Z  AVG MX 2MIN
DY MAX MIN AVG DEP HDD CDD  WTR  SNW DPTH SPD SPD DIR MIN PSBL S-S WX    SPD DR
================================================================================

 1  88  66  77   6   0  12 0.00    M    M  8.3 20 350   M    M   1        24 320
 2  92  60  76   5   0  11 0.00    M    M  6.9 15 260   M    M   0        19 230
 3  99  65  82  11   0  17 0.00    M    M 15.3 31 250   M    M   2        41 250
 4  82  60  71   0   0   6    T    M    M 18.7 33 260   M    M   4        44 260
 5  87  54  71   1   0   6 0.00    M    M  5.6 13 270   M    M   2        18 230
 6  90  55  73   3   0   8 0.00    M    M  6.8 16  80   M    M   M        20 110
 7  91  66  79   9   0  14 0.00    M    M 11.6 25 160   M    M   5        31 170
 8  95  69  82  12   0  17 0.00    M    M 12.4 21 240   M    M   1        26 150
 9  84  61  73   3   0   8 0.02    M    M  9.8 25 110   M    M   2        32 120
10  86  60  73   3   0   8 0.08    M    M  9.8 30  70   M    M   4 3      39  80
11  89  66  78   8   0  13 0.00    M    M 11.4 25 260   M    M   4        30 260
12  86  60  73   3   0   8    T    M    M 10.7 21 280   M    M   2 3      25 290
13  86  60  73   3   0   8 0.00    M    M 11.2 21 280   M    M   2        26 320
14  92  59  76   7   0  11 0.00    M    M  7.5 16 180   M    M   0 8      19 170
15  94  59  77   8   0  12    T    M    M  6.8 23 260   M    M   1 3      29 260
16  92  58  75   6   0  10 0.00    M    M  6.7 14 290   M    M   1        21 270
17  98  66  82  13   0  17 0.00    M    M 10.3 25 330   M    M   1 3      37 310
18  83  63  73   5   0   8 1.13    M    M 11.5 25 330   M    M   2 13     30 320
19  71  58  65  -3   0   0    T    M    M 11.9 18 300   M    M   2        24 290
20  72  53  63  -5   2   0 0.00    M    M  7.5 15 340   M    M   5        20 340
21  86  49  68   0   0   3 0.00    M    M  8.9 21 170   M    M   1        27 170
22  96  65  81  13   0  16 0.00    M    M 10.5 22 180   M    M   0        33 180
23  81  59  70   3   0   5    T    M    M 13.9 32 290   M    M   3 12     41 280
24  73  55  64  -3   1   0    T    M    M 18.3 29 260   M    M   5 1      38 280
25  75  53  64  -2   1   0 0.01    M    M 11.9 23 290   M    M   6 1      27 300
================================================================================
SM 2168 1499         4 218  1.24    M    264.2          M       56
================================================================================
AV 86.7 60.0                              10.6 FASTST   M    M   2    MAX(MPH)
                                 MISC ---->  # 33 260               # 44  260
================================================================================
NOTES:
# LAST OF SEVERAL OCCURRENCES

COLUMN 17 PEAK WIND IN M.P.H.

PRELIMINARY LOCAL CLIMATOLOGICAL DATA (WS FORM: F-6) , PAGE 2

                                          STATION:  MINOT ND
                                          MONTH:    AUGUST
                                          YEAR:     2016
                                          LATITUDE:   48 15 N
                                          LONGITUDE: 101 16 W

[TEMPERATURE DATA]      [PRECIPITATION DATA]       SYMBOLS USED IN COLUMN 16

AVERAGE MONTHLY: 73.3   TOTAL FOR MONTH:   1.24    1 = FOG OR MIST
DPTR FM NORMAL:   4.1   DPTR FM NORMAL:   -0.42    2 = FOG REDUCING VISIBILITY
HIGHEST:    99 ON  3    GRTST 24HR  1.13 ON 18-18      TO 1/4 MILE OR LESS
LOWEST:     49 ON 21                               3 = THUNDER
                        SNOW, ICE PELLETS, HAIL    4 = ICE PELLETS
                        TOTAL MONTH:    M          5 = HAIL
                        GRTST 24HR    M  ON   M    6 = FREEZING RAIN OR DRIZZLE
                        GRTST DEPTH:  M  ON   M    7 = DUSTSTORM OR SANDSTORM:
                                                       VSBY 1/2 MILE OR LESS
                                                   8 = SMOKE OR HAZE
[NO. OF DAYS WITH]      [WEATHER - DAYS WITH]      9 = BLOWING SNOW
                                                   X = TORNADO
MAX 32 OR BELOW:   0    0.01 INCH OR MORE:   4
MAX 90 OR ABOVE:  10    0.10 INCH OR MORE:   1
MIN 32 OR BELOW:   0    0.50 INCH OR MORE:   1
MIN  0 OR BELOW:   0    1.00 INCH OR MORE:   1

[HDD (BASE 65) ]
TOTAL THIS MO.     4    CLEAR  (SCALE 0-3)  16
DPTR FM NORMAL   -27    PTCLDY (SCALE 4-7)   8
TOTAL FM JUL 1    11    CLOUDY (SCALE 8-10)  0
DPTR FM NORMAL   -44

[CDD (BASE 65) ]
TOTAL THIS MO.   218
DPTR FM NORMAL    85    [PRESSURE DATA]
TOTAL FM JAN 1   634    HIGHEST SLP  0.00 ON  4
DPTR FM NORMAL   243    LOWEST  SLP 29.54 ON M

[REMARKS]
