000
CXUS51 KPHI 300800
CF6MPO
PRELIMINARY LOCAL CLIMATOLOGICAL DATA (WS FORM: F-6)

                                          STATION:   MOUNT POCONO PA
                                          MONTH:     APRIL
                                          YEAR:      2017
                                          LATITUDE:   41  8 N
                                          LONGITUDE:  75 24 W

  TEMPERATURE IN F:       :PCPN:    SNOW:  WIND      :SUNSHINE: SKY     :PK WND
================================================================================
1   2   3   4   5  6A  6B    7    8   9   10  11  12  13   14  15   16   17  18
                                     12Z  AVG MX 2MIN
DY MAX MIN AVG DEP HDD CDD  WTR  SNW DPTH SPD SPD DIR MIN PSBL S-S WX    SPD DR
================================================================================

 1  39  31  35  -4  30   0 0.01    M    M 13.3 26 310   M    M  10 16     36 310
 2  55  31  43   3  22   0 0.00    M    M 10.2 24 300   M    M   4        32 300
 3  60  29  45   5  20   0 0.10    M    M  8.7 23 150   M    M   5 1      27 150
 4  61  42  52  11  13   0 0.66    M    M  7.9 22 280   M    M   9 128    33 280
 5  60  43  52  11  13   0 0.00    M    M 11.7 23 280   M    M   5        32 290
 6  44  35  40  -2  25   0 1.84    M    M 16.2 26 260   M    M  10 123    40 270
 7  40  30  35  -7  30   0 0.02    M    M 16.8 26 310   M    M  10 1      37 300
 8  48  29  39  -3  26   0 0.00    M    M 16.6 29 310   M    M   2        40 290
 9  64  35  50   7  15   0 0.00    M    M  7.6 14 250   M    M   0        20 250
10  73  45  59  16   6   0 0.00    M    M  9.6 20 200   M    M   0        28 200
11  80  54  67  23   0   2 0.00    M    M  8.0 21 260   M    M   1        27 270
12  68  40  54  10  11   0 0.01    M    M  9.2 18 330   M    M   5 1      27 340
13  53  32  43  -1  22   0 0.00    M    M 11.4 21 310   M    M   1        28 330
14  62  32  47   2  18   0 0.00    M    M  5.0 13 310   M    M   5        16 320
15  61  38  50   5  15   0    T    M    M 10.3 22 220   M    M   4        28 210
16  76  55  66  20   0   1 0.16    M    M 13.9 30 260   M    M   5 1      42 240
17  64  44  54   8  11   0 0.00    M    M 11.2 23 340   M    M   3        34 340
18  62  36  49   3  16   0 0.00    M    M  7.5 16 150   M    M   0        23 160
19  50  37  44  -3  21   0    T    M    M 12.4 21 200   M    M   9        27 210
20  63  46  55   8  10   0 0.03    M    M  7.1 16 130   M    M  10 12     23 140
21  51  45  48   0  17   0 0.72    M    M  7.4 22 130   M    M  10 12     28 130
22  49  38  44  -4  21   0 0.01    M    M  8.5 16 330   M    M   9 1      23 320
23  64  33  49   1  16   0 0.00    M    M  4.8 14 190   M    M   0        18  40
24  59  33  46  -3  19   0    T    M    M  7.3 14 100   M    M   4        19 110
25  49  42  46  -3  19   0 0.41    M    M 15.2 21  90   M    M  10 1      29  90
26  64  48  56   7   9   0    T    M    M  6.5 17  80   M    M   8 1      22  60
27  70  53  62  12   3   0 0.00    M    M  7.5 20 140   M    M  10 12     23 140
28  76  52  64  14   1   0 0.00    M    M  8.7 17 270   M    M   3 1      23 280
29  72  53  63  13   2   0 0.09    M    M 11.3 29 290   M    M   4 3      38 290
================================================================================
SM 1737 1161       431   3  4.06    M    291.8          M      156
================================================================================
AV 59.9 40.0                              10.1 FASTST   M    M   5    MAX(MPH)
                                 MISC ---->  # 30 260               # 42  240
================================================================================
NOTES:
# LAST OF SEVERAL OCCURRENCES

COLUMN 17 PEAK WIND IN M.P.H.

PRELIMINARY LOCAL CLIMATOLOGICAL DATA (WS FORM: F-6) , PAGE 2

                                          STATION:  MOUNT POCONO PA
                                          MONTH:    APRIL
                                          YEAR:     2017
                                          LATITUDE:   41  8 N
                                          LONGITUDE:  75 24 W

[TEMPERATURE DATA]      [PRECIPITATION DATA]       SYMBOLS USED IN COLUMN 16

AVERAGE MONTHLY: 50.0   TOTAL FOR MONTH:   4.06    1 = FOG OR MIST
DPTR FM NORMAL:   4.9   DPTR FM NORMAL:    0.16    2 = FOG REDUCING VISIBILITY
HIGHEST:    80 ON 11    GRTST 24HR  1.84 ON  6- 6      TO 1/4 MILE OR LESS
LOWEST:     29 ON  8, 3                            3 = THUNDER
                        SNOW, ICE PELLETS, HAIL    4 = ICE PELLETS
                        TOTAL MONTH:    M          5 = HAIL
                        GRTST 24HR    M  ON   M    6 = FREEZING RAIN OR DRIZZLE
                        GRTST DEPTH:  M  ON   M    7 = DUSTSTORM OR SANDSTORM:
                                                       VSBY 1/2 MILE OR LESS
                                                   8 = SMOKE OR HAZE
[NO. OF DAYS WITH]      [WEATHER - DAYS WITH]      9 = BLOWING SNOW
                                                   X = TORNADO
MAX 32 OR BELOW:   0    0.01 INCH OR MORE:  12
MAX 90 OR ABOVE:   0    0.10 INCH OR MORE:   6
MIN 32 OR BELOW:   7    0.50 INCH OR MORE:   3
MIN  0 OR BELOW:   0    1.00 INCH OR MORE:   1

[HDD (BASE 65) ]
TOTAL THIS MO.   431    CLEAR  (SCALE 0-3)   9
DPTR FM NORMAL  -150    PTCLDY (SCALE 4-7)  10
TOTAL FM JUL 1  6134    CLOUDY (SCALE 8-10) 10
DPTR FM NORMAL  -545

[CDD (BASE 65) ]
TOTAL THIS MO.     3
DPTR FM NORMAL     3    [PRESSURE DATA]
TOTAL FM JAN 1     3    HIGHEST SLP M ON M
DPTR FM NORMAL     3    LOWEST  SLP 29.21 ON  6

[REMARKS]
