000
CXUS51 KPHI 300800
CF6MPO
PRELIMINARY LOCAL CLIMATOLOGICAL DATA (WS FORM: F-6)

                                          STATION:   MOUNT POCONO PA
                                          MONTH:     AUGUST
                                          YEAR:      2016
                                          LATITUDE:   41  8 N
                                          LONGITUDE:  75 24 W

  TEMPERATURE IN F:       :PCPN:    SNOW:  WIND      :SUNSHINE: SKY     :PK WND
================================================================================
1   2   3   4   5  6A  6B    7    8   9   10  11  12  13   14  15   16   17  18
                                     12Z  AVG MX 2MIN
DY MAX MIN AVG DEP HDD CDD  WTR  SNW DPTH SPD SPD DIR MIN PSBL S-S WX    SPD DR
================================================================================

 1  68  64  66  -2   0   1 0.17    M    M  4.9 12 200   M    M   9 1238   14 290
 2  70  59  65  -3   0   0 0.05    M    M  4.7 12  90   M    M   7 128    16 100
 3  74  56  65  -3   0   0 0.00    M    M  4.5 12 120   M    M   3 1      15 130
 4  76  52  64  -4   1   0 0.00    M    M  3.2 13 180   M    M   1        16 180
 5  74  55  65  -3   0   0 0.00    M    M  8.8 16 220   M    M   6 1      23 210
 6  82  60  71   3   0   6 0.34    M    M  8.3 16 320   M    M   6 18     21 270
 7  79  53  66  -2   0   1 0.00    M    M  8.0 16 280   M    M   1        25 280
 8  79  51  65  -3   0   0 0.00    M    M  3.8 10 280   M    M   1        13  20
 9  80  51  66  -2   0   1    T    M    M  6.1 16 210   M    M   3        22 160
10  79  69  74   6   0   9 0.16    M    M  6.9 16 290   M    M   8 13     21 200
11  86  69  78  10   0  13 0.54    M    M  7.2 16 360   M    M   4 13     22 360
12  85  68  77  10   0  12 0.18    M    M  8.1 18 270   M    M   4 13     25 260
13  88  69  79  12   0  14 1.19    M    M  8.1 21 220   M    M   1 138    28 250
14  84  68  76   9   0  11 0.04    M    M  9.5 21 280   M    M   3 13     28 290
15  82  65  74   7   0   9 0.00    M    M  5.2 12 290   M    M   3 1      15 320
16  82  62  72   5   0   7 0.10    M    M  9.1 20 270   M    M   4 13     27 250
17  76  66  71   4   0   6    T    M    M  9.8 22 310   M    M   5        29 320
18  80  61  71   4   0   6 0.30    M    M  4.2 14 300   M    M   7        20 310
19  81  57  69   2   0   4 0.00    M    M  4.6 14  20   M    M   4 1      18  20
20  80  56  68   2   0   3 0.00    M    M  6.4 14 140   M    M   2        18 140
21  76  61  69   3   0   4 0.85    M    M  9.4 21 150   M    M   6 1      29 160
22  67  47  57  -9   8   0 0.00    M    M 10.1 24 310   M    M   2        35 340
23  74  45  60  -6   5   0 0.00    M    M  4.5 13 280   M    M   0 8      18 220
24  77  51  64  -2   1   0 0.00    M    M  5.3 14 210   M    M   0        19 190
25  74  62  68   2   0   3    T    M    M  7.8 14 240   M    M   3 1      21 220
26  81  60  71   6   0   6 0.01    M    M  8.3 18 340   M    M   3 1      26 310
27  79  58  69   4   0   4 0.00    M    M  3.7 12  60   M    M   0        16 120
28  80  55  68   3   0   3 0.00    M    M  5.9 14 210   M    M   0        18 240
29  79  60  70   5   0   5 0.00    M    M  8.6 16 340   M    M   1        22 360
================================================================================
SM 2272 1710        15 128  3.93    M    195.0          M       97
================================================================================
AV 78.3 59.0                               6.7 FASTST   M    M   3    MAX(MPH)
                                 MISC ---->  # 24 310               # 35  340
================================================================================
NOTES:
# LAST OF SEVERAL OCCURRENCES

COLUMN 17 PEAK WIND IN M.P.H.

PRELIMINARY LOCAL CLIMATOLOGICAL DATA (WS FORM: F-6) , PAGE 2

                                          STATION:  MOUNT POCONO PA
                                          MONTH:    AUGUST
                                          YEAR:     2016
                                          LATITUDE:   41  8 N
                                          LONGITUDE:  75 24 W

[TEMPERATURE DATA]      [PRECIPITATION DATA]       SYMBOLS USED IN COLUMN 16

AVERAGE MONTHLY: 68.7   TOTAL FOR MONTH:   3.93    1 = FOG OR MIST
DPTR FM NORMAL:   1.8   DPTR FM NORMAL:   -0.32    2 = FOG REDUCING VISIBILITY
HIGHEST:    88 ON 13    GRTST 24HR  2.04 ON 31- 1      TO 1/4 MILE OR LESS
LOWEST:     45 ON 23                               3 = THUNDER
                        SNOW, ICE PELLETS, HAIL    4 = ICE PELLETS
                        TOTAL MONTH:    M          5 = HAIL
                        GRTST 24HR    M  ON   M    6 = FREEZING RAIN OR DRIZZLE
                        GRTST DEPTH:  M  ON   M    7 = DUSTSTORM OR SANDSTORM:
                                                       VSBY 1/2 MILE OR LESS
                                                   8 = SMOKE OR HAZE
[NO. OF DAYS WITH]      [WEATHER - DAYS WITH]      9 = BLOWING SNOW
                                                   X = TORNADO
MAX 32 OR BELOW:   0    0.01 INCH OR MORE:  12
MAX 90 OR ABOVE:   0    0.10 INCH OR MORE:   9
MIN 32 OR BELOW:   0    0.50 INCH OR MORE:   3
MIN  0 OR BELOW:   0    1.00 INCH OR MORE:   1

[HDD (BASE 65) ]
TOTAL THIS MO.    15    CLEAR  (SCALE 0-3)  14
DPTR FM NORMAL   -20    PTCLDY (SCALE 4-7)  13
TOTAL FM JUL 1    31    CLOUDY (SCALE 8-10)  2
DPTR FM NORMAL   -26

[CDD (BASE 65) ]
TOTAL THIS MO.   128
DPTR FM NORMAL    34    [PRESSURE DATA]
TOTAL FM JAN 1   344    HIGHEST SLP  0.00 ON  7
DPTR FM NORMAL    48    LOWEST  SLP  0.00 ON M

[REMARKS]
