000
CXUS53 KMPX 231000
CF6MPX
PRELIMINARY LOCAL CLIMATOLOGICAL DATA (WS FORM: F-6)

                                          STATION:   CHANHASSEN MN
                                          MONTH:     NOVEMBER
                                          YEAR:      2014
                                          LATITUDE:   44 50 N
                                          LONGITUDE:  93 34 W

  TEMPERATURE IN F:       :PCPN:    SNOW:  WIND      :SUNSHINE: SKY     :PK WND
================================================================================
1   2   3   4   5  6A  6B    7    8   9   10  11  12  13   14  15   16   17  18
                                     12Z  AVG MX 2MIN
DY MAX MIN AVG DEP HDD CDD  WTR  SNW DPTH SPD SPD DIR MIN PSBL S-S WX    SPD DR
================================================================================

 1  42  18  30 -11  35   0 0.00  0.0    0   M   M   M   M    M   M         M  M
 2  57  35  46   6  19   0 0.00  0.0    0   M   M   M   M    M   M         M  M
 3  54  43  49   9  16   0    T  0.0    0   M   M   M   M    M   M         M  M
 4  52  33  43   3  22   0 0.00  0.0    0   M   M   M   M    M   M         M  M
 5  45  29  37  -2  28   0 0.01  0.0    0   M   M   M   M    M   M         M  M
 6  42  32  37  -1  28   0    T    T    0   M   M   M   M    M   M         M  M
 7  48  31  40   2  25   0 0.01    T    0   M   M   M   M    M   M         M  M
 8  41  33  37   0  28   0 0.00  0.0    0   M   M   M   M    M   M         M  M
 9  39  31  35  -2  30   0 0.00  0.0    0   M   M   M   M    M   M         M  M
10  31  24  28  -8  37   0 0.26  2.0    2   M   M   M   M    M   M         M  M
11  25  16  21 -15  44   0 0.01  0.2    2   M   M   M   M    M   M         M  M
12  23  13  18 -17  47   0    T    T    2   M   M   M   M    M   M         M  M
13  23  15  19 -15  46   0 0.01  0.2    2   M   M   M   M    M   M         M  M
14  20   4  12 -22  53   0    T    T    2   M   M   M   M    M   M         M  M
15  21   1  11 -22  54   0 0.13  1.7    2   M   M   M   M    M   M         M  M
16  21   3  12 -20  53   0 0.01  0.1    3   M   M   M   M    M   M         M  M
17  14   5  10 -22  55   0    T    T    3   M   M   M   M    M   M         M  M
18  17   5  11 -20  54   0    T    T    3   M   M   M   M    M   M         M  M
19  24  15  20 -10  45   0 0.02  0.4    3   M   M   M   M    M   M         M  M
20  16   1   9 -21  56   0 0.00  0.0    3   M   M   M   M    M   M         M  M
21  32   0  16 -13  49   0 0.00  0.0    3   M   M   M   M    M   M         M  M
22  43  32  38   9  27   0 0.00  0.0    2   M   M   M   M    M   M         M  M
================================================================================
SM  730  419       851   0  0.46     4.6     M          M        M
================================================================================
AV 33.2 19.0                                 M FASTST   M    M   5    MAX(MPH)
                                 MISC ---->     M   M                  M    M
================================================================================
NOTES:
# LAST OF SEVERAL OCCURRENCES

COLUMN 17 PEAK WIND IN M.P.H.

PRELIMINARY LOCAL CLIMATOLOGICAL DATA (WS FORM: F-6) , PAGE 2

                                          STATION:  CHANHASSEN MN
                                          MONTH:    NOVEMBER
                                          YEAR:     2014
                                          LATITUDE:   44 50 N
                                          LONGITUDE:  93 34 W

[TEMPERATURE DATA]      [PRECIPITATION DATA]       SYMBOLS USED IN COLUMN 16

AVERAGE MONTHLY: 26.1   TOTAL FOR MONTH:   0.46    1 = FOG OR MIST
DPTR FM NORMAL:  -8.9   DPTR FM NORMAL:   -1.03    2 = FOG REDUCING VISIBILITY
HIGHEST:    57 ON  2    GRTST 24HR  0.26 ON 10-10      TO 1/4 MILE OR LESS
LOWEST:      0 ON 21                               3 = THUNDER
                        SNOW, ICE PELLETS, HAIL    4 = ICE PELLETS
                        TOTAL MONTH:   4.6 INCHES  5 = HAIL
                        GRTST 24HR   2.0 ON 10-10  6 = FREEZING RAIN OR DRIZZLE
                        GRTST DEPTH:   3 ON 21,20  7 = DUSTSTORM OR SANDSTORM:
                                                       VSBY 1/2 MILE OR LESS
                                                   8 = SMOKE OR HAZE
[NO. OF DAYS WITH]      [WEATHER - DAYS WITH]      9 = BLOWING SNOW
                                                   X = TORNADO
MAX 32 OR BELOW:  12    0.01 INCH OR MORE:   8
MAX 90 OR ABOVE:   0    0.10 INCH OR MORE:   2
MIN 32 OR BELOW:  18    0.50 INCH OR MORE:   0
MIN  0 OR BELOW:   1    1.00 INCH OR MORE:   0

[HDD (BASE 65) ]
TOTAL THIS MO.   851    CLEAR  (SCALE 0-3)   0
DPTR FM NORMAL   192    PTCLDY (SCALE 4-7)   0
TOTAL FM JUL 1  1568    CLOUDY (SCALE 8-10)  0
DPTR FM NORMAL   173

[CDD (BASE 65) ]
TOTAL THIS MO.     0
DPTR FM NORMAL     0    [PRESSURE DATA]
TOTAL FM JAN 1   514    HIGHEST SLP M ON M
DPTR FM NORMAL   -91    LOWEST  SLP M ON M

[REMARKS]
