000
CXUS53 KMPX 301000
CF6MPX
PRELIMINARY LOCAL CLIMATOLOGICAL DATA (WS FORM: F-6)

                                          STATION:   CHANHASSEN MN
                                          MONTH:     AUGUST
                                          YEAR:      2016
                                          LATITUDE:   44 50 N
                                          LONGITUDE:  93 34 W

  TEMPERATURE IN F:       :PCPN:    SNOW:  WIND      :SUNSHINE: SKY     :PK WND
================================================================================
1   2   3   4   5  6A  6B    7    8   9   10  11  12  13   14  15   16   17  18
                                     12Z  AVG MX 2MIN
DY MAX MIN AVG DEP HDD CDD  WTR  SNW DPTH SPD SPD DIR MIN PSBL S-S WX    SPD DR
================================================================================

 1  83  67  75   3   0  10 0.00  0.0    0   M   M   M   M    M   M         M  M
 2  86  69  78   6   0  13 0.00  0.0    0   M   M   M   M    M   M         M  M
 3  87  68  78   6   0  13 0.00  0.0    0   M   M   M   M    M   M         M  M
 4  82  66  74   3   0   9 0.68  0.0    0   M   M   M   M    M   M         M  M
 5  76  59  68  -3   0   3 0.00  0.0    0   M   M   M   M    M   M         M  M
 6  79  58  69  -2   0   4 0.00  0.0    0   M   M   M   M    M   M         M  M
 7  81  59  70  -1   0   5 0.00  0.0    0   M   M   M   M    M   M         M  M
 8  80  60  70  -1   0   5 0.00  0.0    0   M   M   M   M    M   M         M  M
 9  86  66  76   5   0  11 0.00  0.0    0   M   M   M   M    M   M         M  M
10  87  66  77   6   0  12 2.25  0.0    0   M   M   M   M    M   M         M  M
11  80  66  73   2   0   8 1.10  0.0    0   M   M   M   M    M   M         M  M
12  77  64  71   0   0   6 0.69  0.0    0   M   M   M   M    M   M         M  M
13  79  62  71   0   0   6 0.01  0.0    0   M   M   M   M    M   M         M  M
14  79  60  70  -1   0   5 0.00  0.0    0   M   M   M   M    M   M         M  M
15  80  58  69  -1   0   4 0.00  0.0    0   M   M   M   M    M   M         M  M
16  81  64  73   3   0   8 1.26  0.0    0   M   M   M   M    M   M         M  M
17  85  61  73   3   0   8 0.00  0.0    0   M   M   M   M    M   M         M  M
18  81  63  72   2   0   7 0.07  0.0    0   M   M   M   M    M   M         M  M
19  77  62  70   0   0   5 1.09  0.0    0   M   M   M   M    M   M         M  M
20  67  58  63  -7   2   0 0.43  0.0    0   M   M   M   M    M   M         M  M
21  73  54  64  -6   1   0 0.00  0.0    0   M   M   M   M    M   M         M  M
22  81  57  69   0   0   4 0.00  0.0    0   M   M   M   M    M   M         M  M
23  82  65  74   5   0   9 0.94  0.0    0   M   M   M   M    M   M         M  M
24  79  62  71   2   0   6 0.10  0.0    0   M   M   M   M    M   M         M  M
25  72  56  64  -5   1   0 0.00  0.0    0   M   M   M   M    M   M         M  M
26  71  53  62  -6   3   0 0.00  0.0    0   M   M   M   M    M   M         M  M
27  67  57  62  -6   3   0 0.09  0.0    0   M   M   M   M    M   M         M  M
28  82  56  69   1   0   4 0.00  0.0    0   M   M   M   M    M   M         M  M
29  84  66  75   7   0  10 0.68  0.0    0   M   M   M   M    M   M         M  M
================================================================================
SM 2304 1782        10 175  9.39     0.0     M          M        M
================================================================================
AV 79.4 61.4                                 M FASTST   M    M   3    MAX(MPH)
                                 MISC ---->     M   M                  M    M
================================================================================
NOTES:
# LAST OF SEVERAL OCCURRENCES

COLUMN 17 PEAK WIND IN M.P.H.

PRELIMINARY LOCAL CLIMATOLOGICAL DATA (WS FORM: F-6) , PAGE 2

                                          STATION:  CHANHASSEN MN
                                          MONTH:    AUGUST
                                          YEAR:     2016
                                          LATITUDE:   44 50 N
                                          LONGITUDE:  93 34 W

[TEMPERATURE DATA]      [PRECIPITATION DATA]       SYMBOLS USED IN COLUMN 16

AVERAGE MONTHLY: 70.4   TOTAL FOR MONTH:   9.39    1 = FOG OR MIST
DPTR FM NORMAL:   0.3   DPTR FM NORMAL:    5.53    2 = FOG REDUCING VISIBILITY
HIGHEST:    87 ON 10, 3 GRTST 24HR  2.25 ON 10-10      TO 1/4 MILE OR LESS
LOWEST:     53 ON 26                               3 = THUNDER
                        SNOW, ICE PELLETS, HAIL    4 = ICE PELLETS
                        TOTAL MONTH:   0.0 INCH    5 = HAIL
                        GRTST 24HR     0.0         6 = FREEZING RAIN OR DRIZZLE
                        GRTST DEPTH:   0           7 = DUSTSTORM OR SANDSTORM:
                                                       VSBY 1/2 MILE OR LESS
                                                   8 = SMOKE OR HAZE
[NO. OF DAYS WITH]      [WEATHER - DAYS WITH]      9 = BLOWING SNOW
                                                   X = TORNADO
MAX 32 OR BELOW:   0    0.01 INCH OR MORE:  13
MAX 90 OR ABOVE:   0    0.10 INCH OR MORE:  10
MIN 32 OR BELOW:   0    0.50 INCH OR MORE:   8
MIN  0 OR BELOW:   0    1.00 INCH OR MORE:   4

[HDD (BASE 65) ]
TOTAL THIS MO.    10    CLEAR  (SCALE 0-3)   0
DPTR FM NORMAL     4    PTCLDY (SCALE 4-7)   0
TOTAL FM JUL 1    13    CLOUDY (SCALE 8-10)  0
DPTR FM NORMAL    -1

[CDD (BASE 65) ]
TOTAL THIS MO.   175
DPTR FM NORMAL    13    [PRESSURE DATA]
TOTAL FM JAN 1   582    HIGHEST SLP M ON M
DPTR FM NORMAL    35    LOWEST  SLP M ON M

[REMARKS]
