420
CXUS54 KMAF 011100
CF6MRF
PRELIMINARY LOCAL CLIMATOLOGICAL DATA (WS FORM: F-6)

                                          STATION:   Marfa
                                          MONTH:     APRIL
                                          YEAR:      2016
                                          LATITUDE:   30 22 N
                                          LONGITUDE: 104  1 W

  TEMPERATURE IN F:       :PCPN:    SNOW:  WIND      :SUNSHINE: SKY     :PK WND
================================================================================
1   2   3   4   5  6A  6B    7    8   9   10  11  12  13   14  15   16   17  18
                                     12Z  AVG MX 2MIN
DY MAX MIN AVG DEP HDD CDD  WTR  SNW DPTH SPD SPD DIR MIN PSBL S-S WX    SPD DR
================================================================================

 1  55  37  46   M  19   0 0.02    M    0 14.0 21  20   M    M   7        31  20
 2  61  26  44   M  21   0 0.00  0.0    0  7.7 14  10   M    M   3         M  M
 3  71  25  48   M  17   0 0.00  0.0    0  6.1 13 240   M    M   0        20 230
 4  80  31  56   M   9   0 0.00  0.0    0  6.3 10 220   M    M   0        16 250
 5  84  37  61   M   4   0 0.00  0.0    0  9.3 18 200   M    M   0        23 180
 6  73  39  56   M   9   0 0.00  0.0    0 10.8 27  10   M    M   0 8      41  10
 7  83  35  59   M   6   0 0.00  0.0    0  7.3 17 220   M    M   2        25 220
 8  79  52  66   M   0   1 0.00  0.0    0 10.6 21 100   M    M   5        30  90
 9  78  40  59   M   6   0 0.00  0.0    0  6.2 13 280   M    M   0        20 280
10  81  42  62   M   3   0    T    M    0 11.9 25 250   M    M   1        38 210
11  73  45  59   M   6   0 0.00  0.0    0 11.6 21 280   M    M   0        27 280
12  64  38  51   M  14   0 0.13    M    0 14.4 22  30   M    M   4 3      30  20
13  73  31  52   M  13   0 0.00  0.0    0  8.6 15 260   M    M   0        25 270
14  82  36  59   M   6   0 0.00  0.0    0  7.2 15 210   M    M   0        21 210
15  84  43  64   M   1   0 0.00  0.0    0  9.9 22 200   M    M   0        35 260
16  78  40  59   M   6   0 0.00  0.0    0  7.9 15 250   M    M   0        21 250
17  75  38  57   M   8   0 0.00  0.0    0  9.7 22  40   M    M   1 8      29  40
18  65  51  58   M   7   0 0.00  0.0    0 15.8 22  50   M    M   4        31  50
19  80  47  64   M   1   0 0.00  0.0    0  6.7 14 180   M    M   5        28 290
20  82  36  59   M   6   0 0.00  0.0    0  6.8 17 280   M    M   0        22 260
21  79  39  59   M   6   0 0.00  0.0    0  9.7 18  20   M    M   0        31  50
22  78  44  61   M   4   0 0.00  0.0    0  9.5 21 150   M    M   1 3      27 150
23  73  43  58   M   7   0 0.00  0.0    0  7.4 16 180   M    M   2        24 160
24  83  43  63   M   2   0 0.00  0.0    0 11.0 27 270   M    M   1        35 240
25  84  44  64   M   1   0 0.00  0.0    0  9.2 21 190   M    M   0        27 190
26  81  40  61   M   4   0 0.00  0.0    0 15.4 31 250   M    M   1        41 250
27  78  37  58   M   7   0 0.00  0.0    0 10.1 21 250   M    M   0        30 260
28  84  37  61   M   4   0 0.00  0.0    0  8.4 17 190   M    M   0        31 210
29  74  43  59   M   6   0 0.00  0.0    0 13.1 28 260   M    M   0        37 260
30  77  34  56   M   9   0 0.00  0.0    0  8.1 18 220   M    M   0        23 220
================================================================================
SM 2292 1173       212   1  0.15     0.0 290.7          M       37
================================================================================
AV 76.4 39.1                               9.7 FASTST   M    M   1    MAX(MPH)
                                 MISC ---->    31   M                 41    M
================================================================================
NOTES:
# LAST OF SEVERAL OCCURRENCES

COLUMN 17 PEAK WIND IN M.P.H.

PRELIMINARY LOCAL CLIMATOLOGICAL DATA (WS FORM: F-6) , PAGE 2

                                          STATION:  Marfa
                                          MONTH:    APRIL
                                          YEAR:     2016
                                          LATITUDE:   30 22 N
                                          LONGITUDE: 104  1 W

[TEMPERATURE DATA]      [PRECIPITATION DATA]       SYMBOLS USED IN COLUMN 16

AVERAGE MONTHLY: 57.8   TOTAL FOR MONTH:   0.15    1 = FOG OR MIST
DPTR FM NORMAL:     M   DPTR FM NORMAL:       M    2 = FOG REDUCING VISIBILITY
HIGHEST:    84 ON 28,25 GRTST 24HR  0.13 ON 12-12      TO 1/4 MILE OR LESS
LOWEST:     25 ON  3                               3 = THUNDER
                        SNOW, ICE PELLETS, HAIL    4 = ICE PELLETS
                        TOTAL MONTH:   0.0 INCH    5 = HAIL
                        GRTST 24HR     0.0         6 = FREEZING RAIN OR DRIZZLE
                        GRTST DEPTH:   0           7 = DUSTSTORM OR SANDSTORM:
                                                       VSBY 1/2 MILE OR LESS
                                                   8 = SMOKE OR HAZE
[NO. OF DAYS WITH]      [WEATHER - DAYS WITH]      9 = BLOWING SNOW
                                                   X = TORNADO
MAX 32 OR BELOW:   0    0.01 INCH OR MORE:   2
MAX 90 OR ABOVE:   0    0.10 INCH OR MORE:   1
MIN 32 OR BELOW:   4    0.50 INCH OR MORE:   0
MIN  0 OR BELOW:   0    1.00 INCH OR MORE:   0

[HDD (BASE 65) ]
TOTAL THIS MO.   212    CLEAR  (SCALE 0-3)  25
DPTR FM NORMAL     M    PTCLDY (SCALE 4-7)   5
TOTAL FM JUL 1  2810    CLOUDY (SCALE 8-10)  0
DPTR FM NORMAL     M

[CDD (BASE 65) ]
TOTAL THIS MO.     1
DPTR FM NORMAL     M    [PRESSURE DATA]
TOTAL FM JAN 1     1    HIGHEST SLP M ON M
DPTR FM NORMAL     M    LOWEST  SLP M ON M

[REMARKS]
#FINAL-04-16#
