000
CXUS54 KMAF 231100
CF6MRF
PRELIMINARY LOCAL CLIMATOLOGICAL DATA (WS FORM: F-6)

                                          STATION:   Marfa
                                          MONTH:     SEPTEMBER
                                          YEAR:      2014
                                          LATITUDE:   30 22 N
                                          LONGITUDE: 104  1 W

  TEMPERATURE IN F:       :PCPN:    SNOW:  WIND      :SUNSHINE: SKY     :PK WND
================================================================================
1   2   3   4   5  6A  6B    7    8   9   10  11  12  13   14  15   16   17  18
                                     12Z  AVG MX 2MIN
DY MAX MIN AVG DEP HDD CDD  WTR  SNW DPTH SPD SPD DIR MIN PSBL S-S WX    SPD DR
================================================================================

 1  97  59  78   M   0  13 0.00  0.0    0  6.0 20  70   M    M   3 3      25  70
 2  93  61  77   M   0  12 0.00  0.0    0  7.2 17 150   M    M   2        25 150
 3  90  57  74   M   0   9 0.00  0.0    0  9.0 21 110   M    M   0        25 110
 4  82  61  72   M   0   7 0.00  0.0    0 10.2 20 120   M    M   3        23 150
 5  81  59  70   M   0   5 0.02  0.0    0  5.5 12 130   M    M   7         M  M
 6  72  63  68   M   0   3 0.94  0.0    0 10.0 16  20   M    M  10        20  60
 7  72  63  68   M   0   3 0.15  0.0    0  9.3 13  80   M    M   8         M  M
 8  81  59  70   M   0   5 0.00  0.0    0  5.5 13 140   M    M   4        18 200
 9  88  57  73   M   0   8 0.00  0.0    0  6.1 15 230   M    M   2        22 230
10  88  57  73   M   0   8 0.00  0.0    0  7.8 18 290   M    M   0        24 290
11  81  59  70   M   0   5 0.00  0.0    0  9.2 15  40   M    M   4 3      22  30
12  75  54  65   M   0   0 0.11  0.0    0 12.9 25  20   M    M   7 3      31  20
13  57  48  53   M  12   0 0.02    M    0 12.6 21  30   M    M  10        27  30
14  70  54  62   M   3   0 0.00  0.0    0  7.9 17 140   M    M   9         M  M
15  75  61  68   M   0   3 0.00  0.0    0  3.9  7  20   M    M   8         M  M
16  81  61  71   M   0   6 0.00  0.0    0  6.2 13 130   M    M   2        16 130
17  82  57  70   M   0   5 0.00  0.0    0  5.5 14 130   M    M   1        17 160
18  84  64  74   M   0   9 0.26  0.0    0  5.9 20  50   M    M   6        25  50
19  82  64  73   M   0   8 0.41  0.0    0  5.3 10  70   M    M   5        21 160
20  81  57  69   M   0   4 0.18  0.0    0  4.0 13  60   M    M   2         M  M
21  81  57  69   M   0   4 0.00  0.0    0  4.7 16  80   M    M   4 3       M  M
22  75  63  69   M   0   4 0.00  0.0    0  8.0 17 100   M    M   9        22 110
================================================================================
SM 1768 1295        15 121  2.09     0.0 162.7          M      106
================================================================================
AV 80.4 58.9                               7.4 FASTST   M    M   5    MAX(MPH)
                                 MISC ---->    25   M                 31    M
================================================================================
NOTES:
# LAST OF SEVERAL OCCURRENCES

COLUMN 17 PEAK WIND IN M.P.H.

PRELIMINARY LOCAL CLIMATOLOGICAL DATA (WS FORM: F-6) , PAGE 2

                                          STATION:  Marfa
                                          MONTH:    SEPTEMBER
                                          YEAR:     2014
                                          LATITUDE:   30 22 N
                                          LONGITUDE: 104  1 W

[TEMPERATURE DATA]      [PRECIPITATION DATA]       SYMBOLS USED IN COLUMN 16

AVERAGE MONTHLY: 69.6   TOTAL FOR MONTH:   2.09    1 = FOG OR MIST
DPTR FM NORMAL:     M   DPTR FM NORMAL:       M    2 = FOG REDUCING VISIBILITY
HIGHEST:    97 ON  1    GRTST 24HR  0.94 ON  6- 6      TO 1/4 MILE OR LESS
LOWEST:     48 ON 13                               3 = THUNDER
                        SNOW, ICE PELLETS, HAIL    4 = ICE PELLETS
                        TOTAL MONTH:   0.0 INCH    5 = HAIL
                        GRTST 24HR     0.0         6 = FREEZING RAIN OR DRIZZLE
                        GRTST DEPTH:   0           7 = DUSTSTORM OR SANDSTORM:
                                                       VSBY 1/2 MILE OR LESS
                                                   8 = SMOKE OR HAZE
[NO. OF DAYS WITH]      [WEATHER - DAYS WITH]      9 = BLOWING SNOW
                                                   X = TORNADO
MAX 32 OR BELOW:   0    0.01 INCH OR MORE:   8
MAX 90 OR ABOVE:   3    0.10 INCH OR MORE:   6
MIN 32 OR BELOW:   0    0.50 INCH OR MORE:   1
MIN  0 OR BELOW:   0    1.00 INCH OR MORE:   0

[HDD (BASE 65) ]
TOTAL THIS MO.    15    CLEAR  (SCALE 0-3)   9
DPTR FM NORMAL     M    PTCLDY (SCALE 4-7)   9
TOTAL FM JUL 1    15    CLOUDY (SCALE 8-10)  4
DPTR FM NORMAL     M

[CDD (BASE 65) ]
TOTAL THIS MO.   121
DPTR FM NORMAL     M    [PRESSURE DATA]
TOTAL FM JAN 1  1127    HIGHEST SLP M ON M
DPTR FM NORMAL     M    LOWEST  SLP M ON M

[REMARKS]
