000
CXUS54 KMAF 201100
CF6MRF
PRELIMINARY LOCAL CLIMATOLOGICAL DATA (WS FORM: F-6)

                                          STATION:   Marfa
                                          MONTH:     APRIL
                                          YEAR:      2014
                                          LATITUDE:   30 22 N
                                          LONGITUDE: 104  1 W

  TEMPERATURE IN F:       :PCPN:    SNOW:  WIND      :SUNSHINE: SKY     :PK WND
================================================================================
1   2   3   4   5  6A  6B    7    8   9   10  11  12  13   14  15   16   17  18
                                     12Z  AVG MX 2MIN
DY MAX MIN AVG DEP HDD CDD  WTR  SNW DPTH SPD SPD DIR MIN PSBL S-S WX    SPD DR
================================================================================

 1  84  39  62   M   3   0 0.00  0.0    0  8.8 20 180   M    M   0        29 200
 2  81  41  61   M   4   0 0.00  0.0    0 11.5 23 240   M    M   0        35 220
 3  72  43  58   M   7   0 0.00  0.0    0 14.5 24 290   M    M   0        30 260
 4  68  39  54   M  11   0 0.00  0.0    0 11.2 17  10   M    M   0        23  30
 5  73  46  60   M   5   0 0.00  0.0    0 10.5 18 220   M    M   3        29 240
 6  64  37  51   M  14   0 0.00  0.0    0 12.6 25 280   M    M   3        33 280
 7  66  30  48   M  17   0 0.00  0.0    0 10.8 24 300   M    M   1        31  20
 8  75  30  53   M  12   0 0.00  0.0    0  6.5 12 270   M    M   0        17 270
 9  84  34  59   M   6   0 0.00  0.0    0  7.4 17 190   M    M   0        24 100
10  82  36  59   M   6   0 0.00  0.0    0  8.3 17 280   M    M   0        24 280
11  82  37  60   M   5   0 0.00  0.0    0  7.8 21 250   M    M   0        28 250
12  82  43  63   M   2   0 0.00  0.0    0 11.2 23 230   M    M   2        32 240
13  79  57  68   M   0   3 0.00  0.0    0 16.0 29 260   M    M   2        36 250
14  61  34  48   M  17   0 0.00  0.0    0 18.8 27  20   M    M   1        30  30
15  66  19  43   M  22   0 0.00  0.0    0  8.3 20 140   M    M   0        27 140
16  81  34  58   M   7   0 0.00  0.0    0  8.5 17 260   M    M   0        21 260
17  73  43  58   M   7   0 0.00  0.0    0 11.1 20  30   M    M   0        24  40
18  77  39  58   M   7   0 0.00  0.0    0  8.4 17 120   M    M   0        24 120
19  79  52  66   M   0   1 0.10  0.0    0  9.6 24  20   M    M   5 3      29  20
================================================================================
SM 1429  733       152   4  0.10     0.0 201.8          M       17
================================================================================
AV 75.2 38.6                              10.6 FASTST   M    M   1    MAX(MPH)
                                 MISC ---->    29   M                 36    M
================================================================================
NOTES:
# LAST OF SEVERAL OCCURRENCES

COLUMN 17 PEAK WIND IN M.P.H.

PRELIMINARY LOCAL CLIMATOLOGICAL DATA (WS FORM: F-6) , PAGE 2

                                          STATION:  Marfa
                                          MONTH:    APRIL
                                          YEAR:     2014
                                          LATITUDE:   30 22 N
                                          LONGITUDE: 104  1 W

[TEMPERATURE DATA]      [PRECIPITATION DATA]       SYMBOLS USED IN COLUMN 16

AVERAGE MONTHLY: 56.9   TOTAL FOR MONTH:   0.10    1 = FOG OR MIST
DPTR FM NORMAL:     M   DPTR FM NORMAL:       M    2 = FOG REDUCING VISIBILITY
HIGHEST:    84 ON  9, 1 GRTST 24HR  0.10 ON 19-19      TO 1/4 MILE OR LESS
LOWEST:     19 ON 15                               3 = THUNDER
                        SNOW, ICE PELLETS, HAIL    4 = ICE PELLETS
                        TOTAL MONTH:   0.0 INCH    5 = HAIL
                        GRTST 24HR     0.0         6 = FREEZING RAIN OR DRIZZLE
                        GRTST DEPTH:   0           7 = DUSTSTORM OR SANDSTORM:
                                                       VSBY 1/2 MILE OR LESS
                                                   8 = SMOKE OR HAZE
[NO. OF DAYS WITH]      [WEATHER - DAYS WITH]      9 = BLOWING SNOW
                                                   X = TORNADO
MAX 32 OR BELOW:   0    0.01 INCH OR MORE:   1
MAX 90 OR ABOVE:   0    0.10 INCH OR MORE:   1
MIN 32 OR BELOW:   3    0.50 INCH OR MORE:   0
MIN  0 OR BELOW:   0    1.00 INCH OR MORE:   0

[HDD (BASE 65) ]
TOTAL THIS MO.   152    CLEAR  (SCALE 0-3)  16
DPTR FM NORMAL     M    PTCLDY (SCALE 4-7)   3
TOTAL FM JUL 1  3195    CLOUDY (SCALE 8-10)  0
DPTR FM NORMAL     M

[CDD (BASE 65) ]
TOTAL THIS MO.     4
DPTR FM NORMAL     M    [PRESSURE DATA]
TOTAL FM JAN 1     4    HIGHEST SLP M ON M
DPTR FM NORMAL     M    LOWEST  SLP M ON M

[REMARKS]
