000
CXUS56 KMTR 301000
CF6MRY
PRELIMINARY LOCAL CLIMATOLOGICAL DATA (WS FORM: F-6)

                                          STATION:   MONTEREY AIRPORT
                                          MONTH:     OCTOBER
                                          YEAR:      2014
                                          LATITUDE:   36 34 N
                                          LONGITUDE: 121 51 W

  TEMPERATURE IN F:       :PCPN:    SNOW:  WIND      :SUNSHINE: SKY     :PK WND
================================================================================
1   2   3   4   5  6A  6B    7    8   9   10  11  12  13   14  15   16   17  18
                                     12Z  AVG MX 2MIN
DY MAX MIN AVG DEP HDD CDD  WTR  SNW DPTH SPD SPD DIR MIN PSBL S-S WX    SPD DR
================================================================================

 1  80  53  67   7   0   2 0.00  0.0    0  3.8  9  70   M    M   0 8      13 120
 2  91  57  74  14   0   9 0.00  0.0    0  4.0 10 240   M    M   0        23  90
 3  94  63  79  19   0  14 0.00  0.0    0  3.4 10 110   M    M   0        13 120
 4  88  63  76  16   0  11 0.00  0.0    0  3.5 12 100   M    M   0        15  50
 5  73  55  64   4   1   0 0.00  0.0    0  2.6  9 260   M    M   1 12     13 260
 6  72  48  60   0   5   0 0.00    M    0  2.3  7  10   M    M   3 12      9 360
 7  68  53  61   1   4   0 0.00  0.0    0  4.0 12 280   M    M   5 128    22 140
 8  69  54  62   3   3   0 0.00  0.0    0  2.6  8 280   M    M   4 128    26 170
 9  65  52  59   0   6   0 0.00  0.0    0  4.7 12 270   M    M   6 12     16 270
10  65  57  61   2   4   0 0.00  0.0    0  6.1 13 280   M    M   8 1      17 270
11  66  55  61   2   4   0 0.00  0.0    0  4.5 12 240   M    M   5 18     22 260
12  80  52  66   7   0   1 0.00  0.0    0  3.3 12 100   M    M   1 128    17 270
13  77  56  67   8   0   2 0.00  0.0    0  4.7 15 220   M    M   3        21 230
14  77  57  67   8   0   2 0.00  0.0    0  5.3 22 170   M    M   4        33 190
15  69  56  63   4   2   0 0.02  0.0    0  3.4 12 320   M    M   5 18     18 120
16  70  52  61   2   4   0 0.00  0.0    0  4.6 12 280   M    M   0        16 270
17  73  51  62   3   3   0 0.00  0.0    0  4.3 16 220   M    M   0        21 210
18  75  55  65   7   0   0 0.00  0.0    0  5.3 13 300   M    M   0        23  90
19  70  54  62   4   3   0 0.00  0.0    0  3.9 15 260   M    M   1        18 260
20  72  53  63   5   2   0 0.00  0.0    0  5.4 18 230   M    M   5 18     21 270
21  67  50  59   1   6   0 0.00  0.0    0  5.7 15 280   M    M   0        20 270
22  68  50  59   1   6   0 0.00  0.0    0  4.5 12 300   M    M   0        21  90
23  72  52  62   4   3   0 0.00  0.0    0  3.7 13 160   M    M   1        21 200
24  69  50  60   2   5   0 0.00  0.0    0  5.8 18 230   M    M   3 1      22 230
25  70  56  63   5   2   0 0.18  0.0    0  5.4 16 230   M    M   5 18     21 140
26  66  51  59   1   6   0 0.00  0.0    0  5.4 17 270   M    M   1        28 100
27  66  47  57  -1   8   0 0.00  0.0    0  4.8 13 270   M    M   0        17 300
28  69  48  59   1   6   0 0.00  0.0    0  4.6 13 290   M    M   0        17 300
29  85  50  68  11   0   3 0.00  0.0    0  3.6 10  50   M    M   0        15  40
================================================================================
SM 2126 1550        83  44  0.20     0.0 125.2          M       61
================================================================================
AV 73.3 53.4                               4.3 FASTST   M    M   2    MAX(MPH)
                                 MISC ---->  # 22 170               # 33  190
================================================================================
NOTES:
# LAST OF SEVERAL OCCURRENCES

COLUMN 17 PEAK WIND IN M.P.H.

PRELIMINARY LOCAL CLIMATOLOGICAL DATA (WS FORM: F-6) , PAGE 2

                                          STATION:  MONTEREY AIRPORT
                                          MONTH:    OCTOBER
                                          YEAR:     2014
                                          LATITUDE:   36 34 N
                                          LONGITUDE: 121 51 W

[TEMPERATURE DATA]      [PRECIPITATION DATA]       SYMBOLS USED IN COLUMN 16

AVERAGE MONTHLY: 63.4   TOTAL FOR MONTH:   0.20    1 = FOG OR MIST
DPTR FM NORMAL:   4.6   DPTR FM NORMAL:   -0.62    2 = FOG REDUCING VISIBILITY
HIGHEST:    94 ON  3    GRTST 24HR  0.18 ON 25-25      TO 1/4 MILE OR LESS
LOWEST:     47 ON 27                               3 = THUNDER
                        SNOW, ICE PELLETS, HAIL    4 = ICE PELLETS
                        TOTAL MONTH:   0.0 INCH    5 = HAIL
                        GRTST 24HR     0.0         6 = FREEZING RAIN OR DRIZZLE
                        GRTST DEPTH:   0           7 = DUSTSTORM OR SANDSTORM:
                                                       VSBY 1/2 MILE OR LESS
                                                   8 = SMOKE OR HAZE
[NO. OF DAYS WITH]      [WEATHER - DAYS WITH]      9 = BLOWING SNOW
                                                   X = TORNADO
MAX 32 OR BELOW:   0    0.01 INCH OR MORE:   2
MAX 90 OR ABOVE:   2    0.10 INCH OR MORE:   1
MIN 32 OR BELOW:   0    0.50 INCH OR MORE:   0
MIN  0 OR BELOW:   0    1.00 INCH OR MORE:   0

[HDD (BASE 65) ]
TOTAL THIS MO.    83    CLEAR  (SCALE 0-3)  18
DPTR FM NORMAL  -105    PTCLDY (SCALE 4-7)  10
TOTAL FM JUL 1   221    CLOUDY (SCALE 8-10)  1
DPTR FM NORMAL  -352

[CDD (BASE 65) ]
TOTAL THIS MO.    44
DPTR FM NORMAL    44    [PRESSURE DATA]
TOTAL FM JAN 1   142    HIGHEST SLP M ON M
DPTR FM NORMAL   114    LOWEST  SLP 29.81 ON 14

[REMARKS]
