000
CXUS56 KMTR 221000
CF6MRY
PRELIMINARY LOCAL CLIMATOLOGICAL DATA (WS FORM: F-6)

                                          STATION:   MONTEREY AIRPORT
                                          MONTH:     DECEMBER
                                          YEAR:      2014
                                          LATITUDE:   36 34 N
                                          LONGITUDE: 121 51 W

  TEMPERATURE IN F:       :PCPN:    SNOW:  WIND      :SUNSHINE: SKY     :PK WND
================================================================================
1   2   3   4   5  6A  6B    7    8   9   10  11  12  13   14  15   16   17  18
                                     12Z  AVG MX 2MIN
DY MAX MIN AVG DEP HDD CDD  WTR  SNW DPTH SPD SPD DIR MIN PSBL S-S WX    SPD DR
================================================================================

 1  67  51  59   7   6   0 0.03  0.0    0  3.2  9  70   M    M   3 18     12  90
 2  67  56  62  10   3   0 0.96  0.0    0  2.3 13 160   M    M   9 18     28 340
 3  67  58  63  11   2   0 0.19  0.0    0  6.2 16 160   M    M   9 18     32  60
 4  68  53  61   9   4   0 0.01  0.0    0  2.0  8 100   M    M   6 1      12  80
 5  64  55  60   8   5   0 0.41  0.0    0  1.7  8 120   M    M   6 18     20  90
 6  67  53  60   8   5   0 0.00  0.0    0  2.3  9 230   M    M   3        13 210
 7  62  51  57   5   8   0 0.01  0.0    0  3.5 10 210   M    M   3 12     15 350
 8  68  50  59   7   6   0 0.00  0.0    0  3.5 12 110   M    M   0        26 270
 9  67  52  60   8   5   0 0.01  0.0    0  3.2 14 260   M    M   4        26  40
10  66  51  59   7   6   0 0.00  0.0    0  3.8 14 130   M    M   4 18     20 160
11  69  51  60   8   5   0 3.64  0.0    0  9.8 25 140   M    M   9 18     40 160
12  58  48  53   1  12   0 0.57  0.0    0  3.7 12 160   M    M   8 1      15 160
13  60  46  53   2  12   0 0.00  0.0    0  3.7  9  90   M    M   1        20 190
14  62  45  54   3  11   0 0.00  0.0    0  3.0  8  90   M    M   2        10 320
15  56  51  54   3  11   0 2.20  0.0    0  5.1 17 140   M    M  10 138    64 150
16  64  48  56   5   9   0 0.33  0.0    0  6.0 17 150   M    M   4 18     22 180
17  59  47  53   2  12   0 0.19  0.0    0  3.1 18 220   M    M   8 18     30 100
18  62  50  56   5   9   0 0.05  0.0    0  1.6  9  80   M    M   6 18     14 220
19  63  50  57   6   8   0 0.12  0.0    0  3.2  9 110   M    M   8 1      14 140
20  63  56  60   9   5   0 0.14  0.0    0  1.4  9 270   M    M  10 1      12 280
21  64  55  60   9   5   0 0.00  0.0    0  1.8  9 290   M    M   9 1      12 270
================================================================================
SM 1343 1077       149   0  8.86     0.0  74.1          M      122
================================================================================
AV 64.0 51.3                               3.5 FASTST   M    M   6    MAX(MPH)
                                 MISC ---->  # 25 140               # 64  150
================================================================================
NOTES:
# LAST OF SEVERAL OCCURRENCES

COLUMN 17 PEAK WIND IN M.P.H.

PRELIMINARY LOCAL CLIMATOLOGICAL DATA (WS FORM: F-6) , PAGE 2

                                          STATION:  MONTEREY AIRPORT
                                          MONTH:    DECEMBER
                                          YEAR:     2014
                                          LATITUDE:   36 34 N
                                          LONGITUDE: 121 51 W

[TEMPERATURE DATA]      [PRECIPITATION DATA]       SYMBOLS USED IN COLUMN 16

AVERAGE MONTHLY: 57.6   TOTAL FOR MONTH:   8.86    1 = FOG OR MIST
DPTR FM NORMAL:   6.0   DPTR FM NORMAL:    7.50    2 = FOG REDUCING VISIBILITY
HIGHEST:    69 ON 11    GRTST 24HR  3.81 ON 11-12      TO 1/4 MILE OR LESS
LOWEST:     45 ON 14                               3 = THUNDER
                        SNOW, ICE PELLETS, HAIL    4 = ICE PELLETS
                        TOTAL MONTH:   0.0 INCH    5 = HAIL
                        GRTST 24HR     0.0         6 = FREEZING RAIN OR DRIZZLE
                        GRTST DEPTH:   0           7 = DUSTSTORM OR SANDSTORM:
                                                       VSBY 1/2 MILE OR LESS
                                                   8 = SMOKE OR HAZE
[NO. OF DAYS WITH]      [WEATHER - DAYS WITH]      9 = BLOWING SNOW
                                                   X = TORNADO
MAX 32 OR BELOW:   0    0.01 INCH OR MORE:  15
MAX 90 OR ABOVE:   0    0.10 INCH OR MORE:  10
MIN 32 OR BELOW:   0    0.50 INCH OR MORE:   4
MIN  0 OR BELOW:   0    1.00 INCH OR MORE:   2

[HDD (BASE 65) ]
TOTAL THIS MO.   149    CLEAR  (SCALE 0-3)   5
DPTR FM NORMAL  -132    PTCLDY (SCALE 4-7)  10
TOTAL FM JUL 1   585    CLOUDY (SCALE 8-10)  6
DPTR FM NORMAL  -595

[CDD (BASE 65) ]
TOTAL THIS MO.     0
DPTR FM NORMAL     0    [PRESSURE DATA]
TOTAL FM JAN 1   142    HIGHEST SLP M ON M
DPTR FM NORMAL   104    LOWEST  SLP 29.48 ON 11

[REMARKS]
