000
CXUS54 KHUN 271015
CF6MSL
PRELIMINARY LOCAL CLIMATOLOGICAL DATA (WS FORM: F-6)

                                          STATION:   MUSCLE SHOALS
                                          MONTH:     APRIL
                                          YEAR:      2017
                                          LATITUDE:   34 45 N
                                          LONGITUDE:  87 37 W

  TEMPERATURE IN F:       :PCPN:    SNOW:  WIND      :SUNSHINE: SKY     :PK WND
================================================================================
1   2   3   4   5  6A  6B    7    8   9   10  11  12  13   14  15   16   17  18
                                     12Z  AVG MX 2MIN
DY MAX MIN AVG DEP HDD CDD  WTR  SNW DPTH SPD SPD DIR MIN PSBL S-S WX    SPD DR
================================================================================

 1  72  49  61   3   4   0 0.00  0.0    0  4.5 10  70   M    M   0        15  70
 2  80  47  64   6   1   0 0.04  0.0    0  6.5 23 280   M    M   1 3      29 270
 3  74  60  67   9   0   2 1.28  0.0    0 10.8 25 140   M    M   7 13     41 140
 4  82  54  68  10   0   3 0.00  0.0    0  4.7 10 190   M    M   0        15 260
 5  84  50  67   9   0   2    T  0.0    0 15.6 37 260   M    M   4 8      46 270
 6  61  45  53  -6  12   0    T  0.0    0 16.4 29 310   M    M   7        39 290
 7  65  40  53  -6  12   0 0.00  0.0    0  8.2 20 290   M    M   0        26 290
 8  72  36  54  -5  11   0 0.00  0.0    0  3.0  8 110   M    M   0        10 110
 9  81  44  63   3   2   0 0.00  0.0    0  7.4 18 200   M    M   0        23 190
10  81  53  67   7   0   2 0.00  0.0    0  7.6 16 200   M    M   0        23 210
11  79  56  68   8   0   3 0.00  0.0    0  6.2 17 230   M    M   1        22 210
12  82  55  69   9   0   4 0.00  0.0    0  4.0 10 340   M    M   0        15  60
13  86  49  68   7   0   3 0.00  0.0    0  1.0  9 100   M    M   0 1      12  90
14  87  56  72  11   0   7 0.00  0.0    0  3.0 13 150   M    M   4        16 150
15  84  56  70   9   0   5 0.00  0.0    0  6.9 18 200   M    M   2        23 190
16  83  62  73  11   0   8 0.00  0.0    0  6.0 15 240   M    M   6        20 200
17  84  61  73  11   0   8 0.36  0.0    0  5.0 16 210   M    M   5 3      21 350
18  82  63  73  11   0   8 0.01  0.0    M  3.5 15 290   M    M   3 1      21 290
19  85  61  73  11   0   8    T  0.0    0  4.6 13 240   M    M   4 1      18 230
20  85  59  72   9   0   7 0.00  0.0    0  5.7 16 250   M    M   1        21 230
21  83  64  74  11   0   9 0.21  0.0    0  5.2 20 250   M    M   2 13     27 250
22  79  57  68   5   0   3 0.67  0.0    0  7.4 21 330   M    M   7 13     29 330
23  57  50  54 -10  11   0    M  0.0    0  6.9 15 320   M    M  10 18     21 330
24  71  51  61  -3   4   0    M  0.0    0  4.6 17 310   M    M   7 18     21 310
25  80  48  64   0   1   0 0.00  0.0    0  3.5 12 160   M    M   2 12     15 200
26  81  56  69   5   0   4 0.32  0.0    0 10.3 23 270   M    M   1 13     33 160
================================================================================
SM 2040 1382        58  86  2.89     0.0 168.5          M       74
================================================================================
AV 78.5 53.2                               6.5 FASTST   M    M   3    MAX(MPH)
                                 MISC ---->  # 37 260               # 46  270
================================================================================
NOTES:
# LAST OF SEVERAL OCCURRENCES

COLUMN 17 PEAK WIND IN M.P.H.

PRELIMINARY LOCAL CLIMATOLOGICAL DATA (WS FORM: F-6) , PAGE 2

                                          STATION:  MUSCLE SHOALS
                                          MONTH:    APRIL
                                          YEAR:     2017
                                          LATITUDE:   34 45 N
                                          LONGITUDE:  87 37 W

[TEMPERATURE DATA]      [PRECIPITATION DATA]       SYMBOLS USED IN COLUMN 16

AVERAGE MONTHLY: 65.8   TOTAL FOR MONTH:   2.89    1 = FOG OR MIST
DPTR FM NORMAL:   4.9   DPTR FM NORMAL:   -0.88    2 = FOG REDUCING VISIBILITY
HIGHEST:    87 ON 14    GRTST 24HR  1.28 ON  3- 3      TO 1/4 MILE OR LESS
LOWEST:     36 ON  8                               3 = THUNDER
                        SNOW, ICE PELLETS, HAIL    4 = ICE PELLETS
                        TOTAL MONTH:   0.0 INCH    5 = HAIL
                        GRTST 24HR     0.0         6 = FREEZING RAIN OR DRIZZLE
                        GRTST DEPTH:   0           7 = DUSTSTORM OR SANDSTORM:
                                                       VSBY 1/2 MILE OR LESS
                                                   8 = SMOKE OR HAZE
[NO. OF DAYS WITH]      [WEATHER - DAYS WITH]      9 = BLOWING SNOW
                                                   X = TORNADO
MAX 32 OR BELOW:   0    0.01 INCH OR MORE:   7
MAX 90 OR ABOVE:   0    0.10 INCH OR MORE:   5
MIN 32 OR BELOW:   0    0.50 INCH OR MORE:   2
MIN  0 OR BELOW:   0    1.00 INCH OR MORE:   1

[HDD (BASE 65) ]
TOTAL THIS MO.    58    CLEAR  (SCALE 0-3)  16
DPTR FM NORMAL   -92    PTCLDY (SCALE 4-7)   9
TOTAL FM JUL 1  2058    CLOUDY (SCALE 8-10)  1
DPTR FM NORMAL -1005

[CDD (BASE 65) ]
TOTAL THIS MO.    86
DPTR FM NORMAL    46    [PRESSURE DATA]
TOTAL FM JAN 1   119    HIGHEST SLP M ON M
DPTR FM NORMAL    66    LOWEST  SLP 29.51 ON  5

[REMARKS]
